{"id":6087,"date":"2025-06-28T17:40:21","date_gmt":"2025-06-28T15:40:21","guid":{"rendered":"https:\/\/uj.adatbank.ro\/lexikon\/termek\/csekme-adam\/"},"modified":"2025-06-28T17:40:21","modified_gmt":"2025-06-28T15:40:21","slug":"csekme-adam","status":"publish","type":"product","link":"https:\/\/uj.adatbank.ro\/lexikon\/termek\/csekme-adam\/","title":{"rendered":"CSEKME \u00c1d\u00e1m"},"content":{"rendered":"<p>1902, \u2020\u00a0Mv., 1988. j\u00fal. 4.: ref. lelk\u00e9sz. \u2013 2. feles\u00e9ge (Nagy M\u00e1ria, v\u00e9d\u0151n\u0151), : Nagy \u00d6d\u00f6n Seg\u00e9dlelk\u00e9sz Kv.-on, D\u00e9zsen (1922). A franciaorsz\u00e1gi Societe Centrale Evang\u00e9lique=K\u00f6zponti Evang\u00e9liumi Egyes\u00fclet, az orsz\u00e1gban \u00e9l\u0151 magyarok lelki gondoz\u00e1s\u00e1ra alkalmazt\u00e1k a P\u00e1rizsban teol\u00f3giai tanul\u00f3 Csekme \u00c1d\u00e1mot alkalmazt\u00e1k. Lelk\u00e9szt\u00e1rsa seg\u00edts\u00e9g\u00e9vel a t\u00e1rsadalmi munk\u00e1juk eredm\u00e9ny\u00e9vel megalakult a franciaorsz\u00e1gi ref. egyh\u00e1z (1927). Itthon lelk\u00e9sz Czege \u00e9s Sz\u00e9k egyh\u00e1zk\u00f6zs\u00e9gekben,. Szentgeric\u00e9n szolg\u00e1lt (1933\u201366). Egyh\u00e1zt\u00f6rt\u00e9neti \u00edr\u00f3. Szerkesztette \u00e9s kiadta a Par\u00f3kia (1941) c. lapot. \u2013 <strong>F. m.:<\/strong> A szentgericei ref. egyh\u00e1z t\u00f6rt\u00e9nete (Tg. M., 1934) Lelkip\u00e1sztor erd\u00e9lyi magyar \u00e9vk\u00f6nyv, <br \/><strong>Irod.:<\/strong> Cs\u00e1ky; [Nekrol\u00f3g] (V. Z., 1988. j\u00fal. 5.); Nagy \u00d6d\u00f6n; Ref. egyetemes n\u00e9vt\u00e1r; Szentgerice; Valentiny 1935<\/br><\/p>\n","protected":false},"excerpt":{"rendered":"<p>1902, \u2020\u00a0Mv., 1988. j\u00fal. 4.: ref. lelk\u00e9sz. \u2013 2. feles\u00e9ge (Nagy M\u00e1ria, v\u00e9d\u0151n\u0151), : Nagy \u00d6d\u00f6n Seg\u00e9dlelk\u00e9sz Kv.-on, D\u00e9zsen (1922). A franciaorsz\u00e1gi Societe Centrale Evang\u00e9lique=K\u00f6zponti Evang\u00e9liumi Egyes\u00fclet, az orsz\u00e1gban \u00e9l\u0151 magyarok lelki gondoz\u00e1s\u00e1ra alkalmazt\u00e1k a P\u00e1rizsban teol\u00f3giai tanul\u00f3 Csekme \u00c1d\u00e1mot alkalmazt\u00e1k. Lelk\u00e9szt\u00e1rsa seg\u00edts\u00e9g\u00e9vel a t\u00e1rsadalmi munk\u00e1juk eredm\u00e9ny\u00e9vel megalakult a franciaorsz\u00e1gi ref. egyh\u00e1z (1927). Itthon lelk\u00e9sz [&hellip;]<\/p>\n","protected":false},"featured_media":0,"comment_status":"open","ping_status":"closed","template":"","meta":[],"product_brand":[],"product_cat":[137],"product_tag":[],"class_list":{"0":"post-6087","1":"product","2":"type-product","3":"status-publish","5":"product_cat-maros-megyei-eletrajzi-lexikon","7":"first","8":"instock","9":"shipping-taxable","10":"product-type-simple"},"_links":{"self":[{"href":"https:\/\/uj.adatbank.ro\/lexikon\/wp-json\/wp\/v2\/product\/6087","targetHints":{"allow":["GET"]}}],"collection":[{"href":"https:\/\/uj.adatbank.ro\/lexikon\/wp-json\/wp\/v2\/product"}],"about":[{"href":"https:\/\/uj.adatbank.ro\/lexikon\/wp-json\/wp\/v2\/types\/product"}],"replies":[{"embeddable":true,"href":"https:\/\/uj.adatbank.ro\/lexikon\/wp-json\/wp\/v2\/comments?post=6087"}],"wp:attachment":[{"href":"https:\/\/uj.adatbank.ro\/lexikon\/wp-json\/wp\/v2\/media?parent=6087"}],"wp:term":[{"taxonomy":"product_brand","embeddable":true,"href":"https:\/\/uj.adatbank.ro\/lexikon\/wp-json\/wp\/v2\/product_brand?post=6087"},{"taxonomy":"product_cat","embeddable":true,"href":"https:\/\/uj.adatbank.ro\/lexikon\/wp-json\/wp\/v2\/product_cat?post=6087"},{"taxonomy":"product_tag","embeddable":true,"href":"https:\/\/uj.adatbank.ro\/lexikon\/wp-json\/wp\/v2\/product_tag?post=6087"}],"curies":[{"name":"wp","href":"https:\/\/api.w.org\/{rel}","templated":true}]}}

CSEKME Ádám

<p>1902, † Mv., 1988. júl. 4.: ref. lelkész. – 2. felesége (Nagy Mária, védőnő), : Nagy Ödön Segédlelkész Kv.-on, Dézsen (1922). A franciaországi Societe Centrale Evangélique=Központi Evangéliumi Egyesület, az országban élő magyarok lelki gondozására alkalmazták a Párizsban teológiai tanuló Csekme Ádámot alkalmazták. Lelkésztársa segítségével a társadalmi munkájuk eredményével megalakult a franciaországi ref. egyház (1927). Itthon lelkész Czege és Szék egyházközségekben,. Szentgericén szolgált (1933–66). Egyháztörténeti író. Szerkesztette és kiadta a Parókia (1941) c. lapot. – <strong>F. m.:</strong> A szentgericei ref. egyház története (Tg. M., 1934) Lelkipásztor erdélyi magyar évkönyv, <br /><strong>Irod.:</strong> Csáky; [Nekrológ] (V. Z., 1988. júl. 5.); Nagy Ödön; Ref. egyetemes névtár; Szentgerice; Valentiny 1935</br></p>

<p>1902, † Mv., 1988. júl. 4.: ref. lelkész. – 2. felesége (Nagy Mária, védőnő), : Nagy Ödön Segédlelkész Kv.-on, Dézsen (1922). A franciaországi Societe Centrale Evangélique=Központi Evangéliumi Egyesület, az országban élő magyarok lelki gondozására alkalmazták a Párizsban teológiai tanuló Csekme Ádámot alkalmazták. Lelkésztársa segítségével a társadalmi munkájuk eredményével megalakult a franciaországi ref. egyház (1927). Itthon lelkész [&hellip;]</p>
