{"id":6088,"date":"2025-06-28T17:40:22","date_gmt":"2025-06-28T15:40:22","guid":{"rendered":"https:\/\/uj.adatbank.ro\/lexikon\/termek\/csekme-ferenc\/"},"modified":"2025-06-28T17:40:22","modified_gmt":"2025-06-28T15:40:22","slug":"csekme-ferenc","status":"publish","type":"product","link":"https:\/\/uj.adatbank.ro\/lexikon\/termek\/csekme-ferenc\/","title":{"rendered":"CSEKME Ferenc"},"content":{"rendered":"<p>Gernyeszeg, 1898., \u2020\u00a0? : katonatiszt, c\u00e9gvezet\u0151. \u2013 Iskol\u00e1it Mv.-en, Kismartonban majd a wienerneustadt-i katonai akad\u00e9mi\u00e1n v\u00e9gezte. Mint akt\u00edv tiszt a 62. gyalog ezredben szolg\u00e1lt, majd a sz\u00e9kelyhadoszt\u00e1lyban \u00e9s a nemzeti hadseregben harcolt az els\u0151 v. h.-ban. Leszerel\u00e9s ut\u00e1n el\u0151sz\u00f6r a Foresta Rt. -n\u00e9l m\u0171k\u00f6d\u00f6tt (\u20131924), azut\u00e1n az OFA k\u00f6tel\u00e9k\u00e9ben mint c\u00e9gvezet\u0151 dolgozott Marosh\u00e9v\u00edzen. <br \/><strong>Irod.:<\/strong> Sz\u00e9kelyf\u00f6ld \u00ed. k<\/br><\/p>\n","protected":false},"excerpt":{"rendered":"<p>Gernyeszeg, 1898., \u2020\u00a0? : katonatiszt, c\u00e9gvezet\u0151. \u2013 Iskol\u00e1it Mv.-en, Kismartonban majd a wienerneustadt-i katonai akad\u00e9mi\u00e1n v\u00e9gezte. Mint akt\u00edv tiszt a 62. gyalog ezredben szolg\u00e1lt, majd a sz\u00e9kelyhadoszt\u00e1lyban \u00e9s a nemzeti hadseregben harcolt az els\u0151 v. h.-ban. Leszerel\u00e9s ut\u00e1n el\u0151sz\u00f6r a Foresta Rt. -n\u00e9l m\u0171k\u00f6d\u00f6tt (\u20131924), azut\u00e1n az OFA k\u00f6tel\u00e9k\u00e9ben mint c\u00e9gvezet\u0151 dolgozott Marosh\u00e9v\u00edzen. Irod.: Sz\u00e9kelyf\u00f6ld [&hellip;]<\/p>\n","protected":false},"featured_media":0,"comment_status":"open","ping_status":"closed","template":"","meta":[],"product_brand":[],"product_cat":[137],"product_tag":[],"class_list":{"0":"post-6088","1":"product","2":"type-product","3":"status-publish","5":"product_cat-maros-megyei-eletrajzi-lexikon","7":"first","8":"instock","9":"shipping-taxable","10":"product-type-simple"},"_links":{"self":[{"href":"https:\/\/uj.adatbank.ro\/lexikon\/wp-json\/wp\/v2\/product\/6088","targetHints":{"allow":["GET"]}}],"collection":[{"href":"https:\/\/uj.adatbank.ro\/lexikon\/wp-json\/wp\/v2\/product"}],"about":[{"href":"https:\/\/uj.adatbank.ro\/lexikon\/wp-json\/wp\/v2\/types\/product"}],"replies":[{"embeddable":true,"href":"https:\/\/uj.adatbank.ro\/lexikon\/wp-json\/wp\/v2\/comments?post=6088"}],"wp:attachment":[{"href":"https:\/\/uj.adatbank.ro\/lexikon\/wp-json\/wp\/v2\/media?parent=6088"}],"wp:term":[{"taxonomy":"product_brand","embeddable":true,"href":"https:\/\/uj.adatbank.ro\/lexikon\/wp-json\/wp\/v2\/product_brand?post=6088"},{"taxonomy":"product_cat","embeddable":true,"href":"https:\/\/uj.adatbank.ro\/lexikon\/wp-json\/wp\/v2\/product_cat?post=6088"},{"taxonomy":"product_tag","embeddable":true,"href":"https:\/\/uj.adatbank.ro\/lexikon\/wp-json\/wp\/v2\/product_tag?post=6088"}],"curies":[{"name":"wp","href":"https:\/\/api.w.org\/{rel}","templated":true}]}}

<p>Gernyeszeg, 1898., † ? : katonatiszt, cégvezető. – Iskoláit Mv.-en, Kismartonban majd a wienerneustadt-i katonai akadémián végezte. Mint aktív tiszt a 62. gyalog ezredben szolgált, majd a székelyhadosztályban és a nemzeti hadseregben harcolt az első v. h.-ban. Leszerelés után először a Foresta Rt. -nél működött (–1924), azután az OFA kötelékében mint cégvezető dolgozott Maroshévízen. <br /><strong>Irod.:</strong> Székelyföld í. k</br></p>

<p>Gernyeszeg, 1898., † ? : katonatiszt, cégvezető. – Iskoláit Mv.-en, Kismartonban majd a wienerneustadt-i katonai akadémián végezte. Mint aktív tiszt a 62. gyalog ezredben szolgált, majd a székelyhadosztályban és a nemzeti hadseregben harcolt az első v. h.-ban. Leszerelés után először a Foresta Rt. -nél működött (–1924), azután az OFA kötelékében mint cégvezető dolgozott Maroshévízen. Irod.: Székelyföld [&hellip;]</p>
