{"id":6089,"date":"2025-06-28T17:40:24","date_gmt":"2025-06-28T15:40:24","guid":{"rendered":"https:\/\/uj.adatbank.ro\/lexikon\/termek\/csekme-ferenc-%c2%a7-zabolai\/"},"modified":"2025-06-28T17:40:24","modified_gmt":"2025-06-28T15:40:24","slug":"csekme-ferenc-%c2%a7-zabolai","status":"publish","type":"product","link":"https:\/\/uj.adatbank.ro\/lexikon\/termek\/csekme-ferenc-%c2%a7-zabolai\/","title":{"rendered":"CSEKME Ferenc, \u00a7 zabolai"},"content":{"rendered":"<p>Zabola, 1860. j\u00fan. 7., \u2020 Mv., 1935. okt. 29.: ref. lelk\u00e9sz, esperes, \u00edr\u00f3. \u2013 Apja f\u00f6ldm\u0171ves. Testv\u00e9re: M\u00f3zes. K\u00e9tszer h\u00e1zasodott 12 gyermeke volt. Feles\u00e9ge: 2. Pap Ilona (1867. febr. 16. \u2013 1954. szept. 8); Gyermekei: Tam\u00e1s, feles\u00e9ge Lamoth Erzs\u00e9bet; Margit Kiss Istv\u00e1nn\u00e9; Ferenc; \u00c1d\u00e1m, feles\u00e9ge Nemes Margit; Istv\u00e1n. \u2013 Zabol\u00e1n v\u00e9gezte az elemi iskol\u00e1t, K\u00e9zdiv\u00e1s\u00e1rhelyen folytatta (1870\u2013), majd Nagyenyeden tanult (1871\u2013), nyolc gimn. -ot \u00e9s n\u00e9gy teol\u00f3giai oszt. v\u00e9gzett. Sz\u00e1szv\u00e1roson az ev. ref. Kun Kocs\u00e1rd Koll.-ban helyettes tan\u00e1r (1883\u201384), a Berlin Egy Hittud. Kar\u00e1n fejlesztette tud\u00e1s\u00e1t (1884\u201385). Jur\u00e1tus k\u00f6zoktat\u00f3, fel\u00fcgyel\u0151 tan\u00e1r \u00e9s k\u00e1pl\u00e1n Nagyenyeden a Bethlen Koll.-ban (1885\u201387), majd a gernyeszegi egyh\u00e1zk\u00f6zs\u00e9g szolg\u00e1lat\u00e1ba \u00e1llt 45 \u00e9vig (1887. j\u00fal. 3. &#8211; 1932. dec.). Tan\u00fcgyi el\u0151ad\u00f3 (1891\u2013), f\u0151jegyz\u0151 (1897\u2013), esperes a g\u00f6rg\u00e9nyi ref. egyh\u00e1zmegy\u00e9ben (1901\u201320), az egyh\u00e1zker\u00fclet igazgat\u00f3 tan\u00e1csosa (1916\u2013). Temet\u00e9sekor a gernyeszegi ortodox pap b\u00facs\u00faztatta faluj\u00e1t\u00f3l. Az Erd\u00e9lyi Irodalmi T\u00e1rsas\u00e1g tagj\u00e1v\u00e1 v\u00e1lasztotta (1912), a KZST tagja. Cikkei egyh\u00e1zi \u00e9s vil\u00e1gi lapokban jelentek meg: a nagyenyedi K\u00f6z\u00e9rdek, az Erd\u00e9lyi Protest\u00e1ns K\u00f6zl\u00f6ny, a Marosvid\u00e9k, Sz\u00e9kely Lapok, Maros V\u00e1s\u00e1rhely, Sz\u00e1szr\u00e9geni Lapok, Koszor\u00fa, Protest\u00e1ns Lap, Ref. Szemle k\u00f6z\u00f6lte. \u2013 <strong>F. m.:<\/strong> Sz\u00e9ki \u00e9s R\u00f3mai Szent Birodalmi \u00f6zv. Gr\u00f3f Teleki Domokosn\u00e9 sz\u00fcletett Teleki Clementina gr\u00f3fn\u0151 eml\u00e9kezete (Mv, 1894); K\u00e9pek a par\u00f3ki\u00e1r\u00f3l: Rajzok, \u00e9letk\u00e9pek 1\u20134. k. (Mv., 1910\u201327); A sz\u00e1rnyasker\u00e9k diadala: Vagy a vasut mint n\u00e9pnevel\u0151 (Mv, 1913); Gernyeszegi Vajda Andr\u00e1s amerikai kiv\u00e1ndorl\u00f3 t\u00f6rt\u00e9nete (Mv., s. a.); <strong>t\u00e1rssz.:<\/strong> Id. Horv\u00e1th Mih\u00e1ly g\u00f6rg\u00e9nyi ref. egyhm. f\u0151gondnok eml\u00e9kezete (Benedek \u00c1rp\u00e1ddal; Sz\u00e1szr\u00e9gen, 1899); Eml\u00e9klapok De\u00e1k Lajos kir. Tan\u00e1csos tanfel\u00fcgyel\u0151 huszon\u00f6t\u00e9ves jubileuma alkalm\u00e1b\u00f3l (Mv., 1908). <br \/><strong>Irod.:<\/strong> B\u00f6jthe Andor; Cs\u00e1ky; Ferenczi 1929; G\u00e1bor Attila: A sz\u00f6vetkezeti mozgalom kezdetei Gernyeszegen (N\u00fa., 1998. aug. 18.); Gy\u00e1szjelent\u0151; Illy\u00e9s Endre: Egyh\u00e1zfegyelem a m. ref. egyh\u00e1zban (XVI-XIX. sz.) (Debrecen, 1941); Kelemen L.; Marosi Ildik\u00f3; MIL; Ny\u00e1r\u00e1dszentbenedek; \u00d6kr\u00f6s; Rugonfalvi Kiss, Szab\u00f3\u2013Simon\u2013Sz\u00f6gi; \u00dcnnepi k\u00f6nyv<\/br><\/p>\n","protected":false},"excerpt":{"rendered":"<p>Zabola, 1860. j\u00fan. 7., \u2020 Mv., 1935. okt. 29.: ref. lelk\u00e9sz, esperes, \u00edr\u00f3. \u2013 Apja f\u00f6ldm\u0171ves. Testv\u00e9re: M\u00f3zes. K\u00e9tszer h\u00e1zasodott 12 gyermeke volt. Feles\u00e9ge: 2. Pap Ilona (1867. febr. 16. \u2013 1954. szept. 8); Gyermekei: Tam\u00e1s, feles\u00e9ge Lamoth Erzs\u00e9bet; Margit Kiss Istv\u00e1nn\u00e9; Ferenc; \u00c1d\u00e1m, feles\u00e9ge Nemes Margit; Istv\u00e1n. \u2013 Zabol\u00e1n v\u00e9gezte az elemi iskol\u00e1t, K\u00e9zdiv\u00e1s\u00e1rhelyen [&hellip;]<\/p>\n","protected":false},"featured_media":0,"comment_status":"open","ping_status":"closed","template":"","meta":[],"product_brand":[],"product_cat":[137],"product_tag":[],"class_list":{"0":"post-6089","1":"product","2":"type-product","3":"status-publish","5":"product_cat-maros-megyei-eletrajzi-lexikon","7":"first","8":"instock","9":"shipping-taxable","10":"product-type-simple"},"_links":{"self":[{"href":"https:\/\/uj.adatbank.ro\/lexikon\/wp-json\/wp\/v2\/product\/6089","targetHints":{"allow":["GET"]}}],"collection":[{"href":"https:\/\/uj.adatbank.ro\/lexikon\/wp-json\/wp\/v2\/product"}],"about":[{"href":"https:\/\/uj.adatbank.ro\/lexikon\/wp-json\/wp\/v2\/types\/product"}],"replies":[{"embeddable":true,"href":"https:\/\/uj.adatbank.ro\/lexikon\/wp-json\/wp\/v2\/comments?post=6089"}],"wp:attachment":[{"href":"https:\/\/uj.adatbank.ro\/lexikon\/wp-json\/wp\/v2\/media?parent=6089"}],"wp:term":[{"taxonomy":"product_brand","embeddable":true,"href":"https:\/\/uj.adatbank.ro\/lexikon\/wp-json\/wp\/v2\/product_brand?post=6089"},{"taxonomy":"product_cat","embeddable":true,"href":"https:\/\/uj.adatbank.ro\/lexikon\/wp-json\/wp\/v2\/product_cat?post=6089"},{"taxonomy":"product_tag","embeddable":true,"href":"https:\/\/uj.adatbank.ro\/lexikon\/wp-json\/wp\/v2\/product_tag?post=6089"}],"curies":[{"name":"wp","href":"https:\/\/api.w.org\/{rel}","templated":true}]}}

<p>Zabola, 1860. jún. 7., † Mv., 1935. okt. 29.: ref. lelkész, esperes, író. – Apja földműves. Testvére: Mózes. Kétszer házasodott 12 gyermeke volt. Felesége: 2. Pap Ilona (1867. febr. 16. – 1954. szept. 8); Gyermekei: Tamás, felesége Lamoth Erzsébet; Margit Kiss Istvánné; Ferenc; Ádám, felesége Nemes Margit; István. – Zabolán végezte az elemi iskolát, Kézdivásárhelyen folytatta (1870–), majd Nagyenyeden tanult (1871–), nyolc gimn. -ot és négy teológiai oszt. végzett. Szászvároson az ev. ref. Kun Kocsárd Koll.-ban helyettes tanár (1883–84), a Berlin Egy Hittud. Karán fejlesztette tudását (1884–85). Jurátus közoktató, felügyelő tanár és káplán Nagyenyeden a Bethlen Koll.-ban (1885–87), majd a gernyeszegi egyházközség szolgálatába állt 45 évig (1887. júl. 3. &#8211; 1932. dec.). Tanügyi előadó (1891–), főjegyző (1897–), esperes a görgényi ref. egyházmegyében (1901–20), az egyházkerület igazgató tanácsosa (1916–). Temetésekor a gernyeszegi ortodox pap búcsúztatta falujától. Az Erdélyi Irodalmi Társaság tagjává választotta (1912), a KZST tagja. Cikkei egyházi és világi lapokban jelentek meg: a nagyenyedi Közérdek, az Erdélyi Protestáns Közlöny, a Marosvidék, Székely Lapok, Maros Vásárhely, Szászrégeni Lapok, Koszorú, Protestáns Lap, Ref. Szemle közölte. – <strong>F. m.:</strong> Széki és Római Szent Birodalmi özv. Gróf Teleki Domokosné született Teleki Clementina grófnő emlékezete (Mv, 1894); Képek a parókiáról: Rajzok, életképek 1–4. k. (Mv., 1910–27); A szárnyaskerék diadala: Vagy a vasut mint népnevelő (Mv, 1913); Gernyeszegi Vajda András amerikai kivándorló története (Mv., s. a.); <strong>társsz.:</strong> Id. Horváth Mihály görgényi ref. egyhm. főgondnok emlékezete (Benedek Árpáddal; Szászrégen, 1899); Emléklapok Deák Lajos kir. Tanácsos tanfelügyelő huszonötéves jubileuma alkalmából (Mv., 1908). <br /><strong>Irod.:</strong> Böjthe Andor; Csáky; Ferenczi 1929; Gábor Attila: A szövetkezeti mozgalom kezdetei Gernyeszegen (Nú., 1998. aug. 18.); Gyászjelentő; Illyés Endre: Egyházfegyelem a m. ref. egyházban (XVI-XIX. sz.) (Debrecen, 1941); Kelemen L.; Marosi Ildikó; MIL; Nyárádszentbenedek; Ökrös; Rugonfalvi Kiss, Szabó–Simon–Szögi; Ünnepi könyv</br></p>

<p>Zabola, 1860. jún. 7., † Mv., 1935. okt. 29.: ref. lelkész, esperes, író. – Apja földműves. Testvére: Mózes. Kétszer házasodott 12 gyermeke volt. Felesége: 2. Pap Ilona (1867. febr. 16. – 1954. szept. 8); Gyermekei: Tamás, felesége Lamoth Erzsébet; Margit Kiss Istvánné; Ferenc; Ádám, felesége Nemes Margit; István. – Zabolán végezte az elemi iskolát, Kézdivásárhelyen [&hellip;]</p>
