{"id":6090,"date":"2025-06-28T17:40:29","date_gmt":"2025-06-28T15:40:29","guid":{"rendered":"https:\/\/uj.adatbank.ro\/lexikon\/termek\/csekme-istvan-%c2%a7\/"},"modified":"2025-06-28T17:40:29","modified_gmt":"2025-06-28T15:40:29","slug":"csekme-istvan-%c2%a7","status":"publish","type":"product","link":"https:\/\/uj.adatbank.ro\/lexikon\/termek\/csekme-istvan-%c2%a7\/","title":{"rendered":"CSEKME Istv\u00e1n, \u00a7"},"content":{"rendered":"<p>Gernyeszeg, 1912. j\u00fal. 11., \u2020 Mv., 1999. okt. 17 s\u00edrja a mv.-i Ref. temet\u0151ben: tan\u00e1r. \u2013 Cs. Ferenc, ref. lelk\u00e9sz \u00e9s Pap Ilona fia. \u2013 Feles\u00e9ge: Ga\u00e1l Jol\u00e1n (1914. &#8211; Mv., 2006 dec. 6.) a MM N\u00e9ptan\u00e1cs M\u0171vel\u0151d\u00e9si Bizotts\u00e1g\u00e1nak f\u0151k\u00f6nyvel\u0151je. \u2013 Gernyeszegen tanult az elemi iskol\u00e1ban (1918\u201322), majd a mv.-i Ref. Koll-ban (1922\u201329); Kv.-on az I. Ferdin\u00e1nd TE t\u00f6rt\u00e9nelem-f\u00f6ldrajz szak\u00e1n tan\u00e1ri oklevelet szerzett\u00a0(1934) \u00e9s a Ref. Teol\u00f3gi\u00e1t is elv\u00e9gezte, lelk\u00e9szi k\u00e9pes\u00edt\u00e9st nyert (1932\u201335). A nagyenyedi Bethlen G\u00e1bor F\u0151gimn.-ban helyettes tan\u00e1r \u00e9s bentlak\u00e1s-fel\u00fcgyel\u0151 (1934\u201336), Csombordon a T\u00e9li Gazdas\u00e1gi \u00e9s Sz\u00f6l\u00e9szeti Iskol\u00e1ban tan\u00e1r, titk\u00e1r (1936\u201340); Mv.-en az \u00c1llami Kereskedelmi K\u00f6z\u00e9piskol\u00e1ban (1940\u201350), a Bolyai L\u00edc.-ban, akkori nev\u00e9n Ranghe\u0163 (1950\u201354); az Unirea- Egyes\u00fcl\u00e9s L\u00edc.-ban tan\u00edtott (1954\u201368); \u0151t is megfigyeltette a securitate; nyugd\u00edjba vonult (1968). A mv.-i ref temet\u0151 (1979\u201383), majd a V\u00e1rtemplom gondnoka (1983\u201387). A v\u00e1ros ref. temet\u0151j\u00e9ben a rendez\u00e9si munk\u00e1latokat vezette, a r\u00e9gi kript\u00e1k, a k\u00e1polna k\u00f6rny\u00e9ke, valamint a V\u00e1rtemplom fel\u00faj\u00edt\u00e1s\u00e1t. Kutat\u00e1si ter\u00fclete: v\u00e1ros \u00e9s iskolat\u00f6rt\u00e9net. Farkas K\u00e1roly Luka-Ilencfalvi ref. pap kifogyhatatlan volt a humoros t\u00f6rt\u00e9netek mes\u00e9l\u00e9s\u00e9ben, Cs. Istv\u00e1n kb. 200-at \u00edrt le ezekb\u0151l, \u00e9s 20-at k\u00f6z\u00f6lt a N\u00fa.-ban, a bp.-i M. M\u00fazeum II. \u00e9vf. 1\u20134 f\u00fczet\u00e9ben is V\u00e1s\u00e1rhelyi karcolatok c. &#8211; -en. <strong>Cikkei:<\/strong> N\u00e9p\u00fajs\u00e1g, Cuv\u00eentul liber-ben. Cikksorozata: Ny\u00e1r\u00e1dmenti n\u00e9pi esetek (N\u00fa., 1990. j\u00fal. 19.; 1990. j\u00fal. 21.; 1990. j\u00fal. 26.; 1990. j\u00fal. 28.; 1990. aug. 2.; 1990. aug. 4.; 1990. aug. 9.; 1990. aug. 11. 1990. aug. 16.; 1990. aug. 18.). Mv. d\u00edszpolg\u00e1ra (1998. j\u00fal.). \u2013 <strong>F. m.:<\/strong> V\u00e1s\u00e1rhelyi karcolatok (Mv., 1993); A Mv.-i Ref. Temet\u0151 1988-ban. 1- 2 k\u00f6t. (Mv., 1994); Di\u00e1k\u00e9let, di\u00e1kdalok a mv.-i Ref. Koll.-ban az 1920-as \u00e9vekben (Mv., 1995); Nevet\u0151k\u00f6nyv (Mv., 1995, 1998). <br \/><strong>Irod.:<\/strong> Bak\u00f3 Zolt\u00e1n: In hoc tumulo requiescunt (V\u00e1s\u00e1rhelyi H\u00edrlap, 2008. j\u00fan. 13.); Bartos 2012; Bodolai Gy\u00f6ngyi: Csekme Istv\u00e1n, a tan\u00e1r \u00e9s a szolg\u00e1lattev\u0151 (N\u00fa., 2022. szept. 15.); Emkk 2000; KKACs; Kusz\u00e1lik; L. L.: Cs. I. lelki \u00e9rt\u00e9kei (N\u00fa., 1994. j\u00fal. 13.); Magyar M\u00fazeum (1992. 1\u20134); Mv.-i ref. temet\u0151; Nagy Mikl\u00f3s Kund: N\u00e9zz vissza nevetve! (N\u00fa., M\u00fazsa, 369. sz., 1998. nov. 7.); Nekrol\u00f3g] (N\u00fa., 1999. okt. 18.); RMKK; Sebesty\u00e9n Mih\u00e1ly: Memento mori ac vitae (N\u00fa., M\u00fazsa, 156. sz., 1994. j\u00fal. 14.); Sebesty\u00e9n Mih\u00e1ly: Non omnis moriar (N\u00fa., 1999. okt. 26.)<\/br><\/p>\n","protected":false},"excerpt":{"rendered":"<p>Gernyeszeg, 1912. j\u00fal. 11., \u2020 Mv., 1999. okt. 17 s\u00edrja a mv.-i Ref. temet\u0151ben: tan\u00e1r. \u2013 Cs. Ferenc, ref. lelk\u00e9sz \u00e9s Pap Ilona fia. \u2013 Feles\u00e9ge: Ga\u00e1l Jol\u00e1n (1914. &#8211; Mv., 2006 dec. 6.) a MM N\u00e9ptan\u00e1cs M\u0171vel\u0151d\u00e9si Bizotts\u00e1g\u00e1nak f\u0151k\u00f6nyvel\u0151je. \u2013 Gernyeszegen tanult az elemi iskol\u00e1ban (1918\u201322), majd a mv.-i Ref. Koll-ban (1922\u201329); Kv.-on az [&hellip;]<\/p>\n","protected":false},"featured_media":0,"comment_status":"open","ping_status":"closed","template":"","meta":[],"product_brand":[],"product_cat":[137],"product_tag":[],"class_list":{"0":"post-6090","1":"product","2":"type-product","3":"status-publish","5":"product_cat-maros-megyei-eletrajzi-lexikon","7":"first","8":"instock","9":"shipping-taxable","10":"product-type-simple"},"_links":{"self":[{"href":"https:\/\/uj.adatbank.ro\/lexikon\/wp-json\/wp\/v2\/product\/6090","targetHints":{"allow":["GET"]}}],"collection":[{"href":"https:\/\/uj.adatbank.ro\/lexikon\/wp-json\/wp\/v2\/product"}],"about":[{"href":"https:\/\/uj.adatbank.ro\/lexikon\/wp-json\/wp\/v2\/types\/product"}],"replies":[{"embeddable":true,"href":"https:\/\/uj.adatbank.ro\/lexikon\/wp-json\/wp\/v2\/comments?post=6090"}],"wp:attachment":[{"href":"https:\/\/uj.adatbank.ro\/lexikon\/wp-json\/wp\/v2\/media?parent=6090"}],"wp:term":[{"taxonomy":"product_brand","embeddable":true,"href":"https:\/\/uj.adatbank.ro\/lexikon\/wp-json\/wp\/v2\/product_brand?post=6090"},{"taxonomy":"product_cat","embeddable":true,"href":"https:\/\/uj.adatbank.ro\/lexikon\/wp-json\/wp\/v2\/product_cat?post=6090"},{"taxonomy":"product_tag","embeddable":true,"href":"https:\/\/uj.adatbank.ro\/lexikon\/wp-json\/wp\/v2\/product_tag?post=6090"}],"curies":[{"name":"wp","href":"https:\/\/api.w.org\/{rel}","templated":true}]}}

CSEKME István, §

<p>Gernyeszeg, 1912. júl. 11., † Mv., 1999. okt. 17 sírja a mv.-i Ref. temetőben: tanár. – Cs. Ferenc, ref. lelkész és Pap Ilona fia. – Felesége: Gaál Jolán (1914. &#8211; Mv., 2006 dec. 6.) a MM Néptanács Művelődési Bizottságának főkönyvelője. – Gernyeszegen tanult az elemi iskolában (1918–22), majd a mv.-i Ref. Koll-ban (1922–29); Kv.-on az I. Ferdinánd TE történelem-földrajz szakán tanári oklevelet szerzett (1934) és a Ref. Teológiát is elvégezte, lelkészi képesítést nyert (1932–35). A nagyenyedi Bethlen Gábor Főgimn.-ban helyettes tanár és bentlakás-felügyelő (1934–36), Csombordon a Téli Gazdasági és Szölészeti Iskolában tanár, titkár (1936–40); Mv.-en az Állami Kereskedelmi Középiskolában (1940–50), a Bolyai Líc.-ban, akkori nevén Rangheţ (1950–54); az Unirea- Egyesülés Líc.-ban tanított (1954–68); őt is megfigyeltette a securitate; nyugdíjba vonult (1968). A mv.-i ref temető (1979–83), majd a Vártemplom gondnoka (1983–87). A város ref. temetőjében a rendezési munkálatokat vezette, a régi kripták, a kápolna környéke, valamint a Vártemplom felújítását. Kutatási területe: város és iskolatörténet. Farkas Károly Luka-Ilencfalvi ref. pap kifogyhatatlan volt a humoros történetek mesélésében, Cs. István kb. 200-at írt le ezekből, és 20-at közölt a Nú.-ban, a bp.-i M. Múzeum II. évf. 1–4 füzetében is Vásárhelyi karcolatok c. &#8211; -en. <strong>Cikkei:</strong> Népújság, Cuvîntul liber-ben. Cikksorozata: Nyárádmenti népi esetek (Nú., 1990. júl. 19.; 1990. júl. 21.; 1990. júl. 26.; 1990. júl. 28.; 1990. aug. 2.; 1990. aug. 4.; 1990. aug. 9.; 1990. aug. 11. 1990. aug. 16.; 1990. aug. 18.). Mv. díszpolgára (1998. júl.). – <strong>F. m.:</strong> Vásárhelyi karcolatok (Mv., 1993); A Mv.-i Ref. Temető 1988-ban. 1- 2 köt. (Mv., 1994); Diákélet, diákdalok a mv.-i Ref. Koll.-ban az 1920-as években (Mv., 1995); Nevetőkönyv (Mv., 1995, 1998). <br /><strong>Irod.:</strong> Bakó Zoltán: In hoc tumulo requiescunt (Vásárhelyi Hírlap, 2008. jún. 13.); Bartos 2012; Bodolai Gyöngyi: Csekme István, a tanár és a szolgálattevő (Nú., 2022. szept. 15.); Emkk 2000; KKACs; Kuszálik; L. L.: Cs. I. lelki értékei (Nú., 1994. júl. 13.); Magyar Múzeum (1992. 1–4); Mv.-i ref. temető; Nagy Miklós Kund: Nézz vissza nevetve! (Nú., Múzsa, 369. sz., 1998. nov. 7.); Nekrológ] (Nú., 1999. okt. 18.); RMKK; Sebestyén Mihály: Memento mori ac vitae (Nú., Múzsa, 156. sz., 1994. júl. 14.); Sebestyén Mihály: Non omnis moriar (Nú., 1999. okt. 26.)</br></p>

<p>Gernyeszeg, 1912. júl. 11., † Mv., 1999. okt. 17 sírja a mv.-i Ref. temetőben: tanár. – Cs. Ferenc, ref. lelkész és Pap Ilona fia. – Felesége: Gaál Jolán (1914. &#8211; Mv., 2006 dec. 6.) a MM Néptanács Művelődési Bizottságának főkönyvelője. – Gernyeszegen tanult az elemi iskolában (1918–22), majd a mv.-i Ref. Koll-ban (1922–29); Kv.-on az [&hellip;]</p>
