{"id":6092,"date":"2025-06-28T17:40:32","date_gmt":"2025-06-28T15:40:32","guid":{"rendered":"https:\/\/uj.adatbank.ro\/lexikon\/termek\/cselenyi-bela\/"},"modified":"2025-06-28T17:40:32","modified_gmt":"2025-06-28T15:40:32","slug":"cselenyi-bela","status":"publish","type":"product","link":"https:\/\/uj.adatbank.ro\/lexikon\/termek\/cselenyi-bela\/","title":{"rendered":"CSEL\u00c9NYI B\u00e9la"},"content":{"rendered":"<p>Mv., 1911. j\u00fal. 16., \u2020 Bp., 2000. febr. t\u00f6rt\u00e9n\u00e9sz, : egyetemi tan\u00e1r, hamvait Mv.-en temett\u00e9k (febr. 12). \u2013 \u00c9retts\u00e9gizett a mv.-i Ref. Koll.-ban (1928), az egyetemet Kv.-on t\u00f6rt\u00e9nelem szakon v\u00e9gezte (1933). T\u00f6rt\u00e9nelemtan\u00e1r (1933\u2013). A n\u00e9gy\u00e9v hadifogs\u00e1got kiv\u00e9ve tan\u00edtott Mv.-en, K\u00e9zdiv\u00e1s\u00e1rhelyen, Cs\u00edkszered\u00e1n, Kv-on (1933\u201349); egyetemi tan\u00e1r a BTE-n (1948\u20131976). Kutat\u00e1si ter\u00fclete Erd\u00e9ly k\u00f6z\u00e9pkori t\u00f6rt\u00e9nete. Ir\u00f3i munk\u00e1ss\u00e1g\u00e1t a J\u00f3bar\u00e1t-ban kezdte (1934), munkat\u00e1rsa a Hitel \u2013nek, tanulm\u00e1nyai jelentek meg a Korunk, Studia, Lupta de clas\u0103, c. foly\u00f3iratokban, gy\u0171jtem\u00e9nyes k\u00f6tetekben (Kv.-i BB Egyetem K\u00f6zlem\u00e9nyei, Kelemen eml\u00e9kk\u00f6nyv); ford\u00edtott t\u00f6bb k\u00f6z\u00e9piskol\u00e1s t\u00f6rt\u00e9nelem k\u00f6nyvet, oroszb\u00f3l sz\u00e9pirodalmat; \u00f6ssze\u00e1ll\u00edtotta a Bodor Andr\u00e1s \u00e9s Csetri Elek szerkesztette T\u00f6rt\u00e9neti kronol\u00f3gia 1\u20132 k\u00f6t. k\u00f6z\u00e9pkori r\u00e9sz\u00e9t. \u2013 <strong>F. m.:<\/strong> <strong>t\u00e1rssz.:<\/strong> Adal\u00e9kok az 1907-es parasztfelkel\u00e9s t\u00f6rt\u00e9net\u00e9hez (Buk., 1957); Eml\u00e9kk\u00f6nyv Kelemen Lajos sz\u00fcet\u00e9s\u00e9nek 80. \u00e9vfordul\u00f3j\u00e1ra (Buk., 1957); Istoria Rom\u00e2niei. 2\u20133 k\u00f6t. (Buc., 1962, 1964); Kiri\u0163escu Costin C.: Sistemul b\u0103nesc al leului \u015fi precursorii lui. Vol. 1. (colab., Buc., 1964); <strong>antol\u00f3g.:<\/strong> Bolyai J\u00e1nos \u00e9lete \u00e9s m\u0171ve (Buc., 1953); A sz\u00e9kelyek harca a feud\u00e1lis kizs\u00e1km\u00e1nyol\u00e1s ellen a XVI. sz\u00e1zad m\u00e1sodik fel\u00e9ben \u00e9s r\u00e9szv\u00e9tel\u00fck a t\u00f6r\u00f6kellenes harcban (Cs\u00edkszereda, 1976); <strong>ford.:<\/strong> Muratov, M. V.: T\u00e1voli partok fel\u00e9 (Bp., 1949); Saxe, Anna: A cs\u00facsok fel\u00e9 (Buk, 1950); Versigora, P. P.: Tiszta lelkiismerettel (Buk., 1950); Ignatov, P. K.: Egy egyszer\u0171 ember \u00e9lete (Buk., 1951); Szurov, A.: Hajnal Moszkva felett (Buk., 1952); Fors, O.: Ragyiscsev (K\u00f3s K\u00e1roly-al, Buk., 1960); Georgian Lucia \u2013 Neagu Vasilic\u0103 \u2013 Nu\u0163u Constantin: A k\u00f6z\u00e9pkor t\u00f6rt\u00e9nete. Tank\u00f6nyv a VI. oszt\u00e1ly sz\u00e1m\u00e1ra. (Buk., 1970, 1971, 1972, 1973, 1976, 1978, 1980, 1982, 1984, 1985, 1986); Egyetemes t\u00f6rt\u00e9nelem. Az \u00f3kor \u00e9s a k\u00f6z\u00e9pkor t\u00f6rt\u00e9nete. K\u00eds\u00e9rleti tank\u00f6nyv a l\u00edc. -ok II. \u00e9vfolyam sz\u00e1m\u00e1ra hum\u00e1n tagozat. (Ditr\u00f3i \u00c1gnes \u00e9s Hadh\u00e1zy Jol\u00e1nnal. Buk., 1973., 1975.); Cantemir, Dimitrie: Moldova le\u00edr\u00e1sa (ford. Ditr\u00f3i \u00c1gnes, Hadh\u00e1zy Jol\u00e1nnal; el\u0151sz\u00f3; Buk., 1973); Alma\u015f Dumitru \u2013 Bu\u015fe Constantin \u2013 T\u0103ma\u015f Gh.: Egyetemes t\u00f6rt\u00e9nelem. Az \u00fajkor \u00e9s a jelenkor t\u00f6rt\u00e9nete. Tank\u00f6nyv a l\u00edceumok re\u00e1l tagozat\u00e1nak II. \u00e9vfolyama \u00e9s a pedag\u00f3giai l\u00edceumok III. \u00e9vfolyam sz\u00e1m\u00e1ra. (Ford\u00edtotta Hadh\u00e1zy Jol\u00e1nnal; Buk., 1976); Mure\u015fan Camil \u2013 Cristian Vasile \u2013 Vera Vasile: Az \u00fajkor \u00e9s a jelenkor t\u00f6rt\u00e9net\u00e9nek alapvet\u0151 k\u00e9rd\u00e9sei. Tank\u00f6nyv a XII. oszt\u00e1ly sz\u00e1m\u00e1ra. (Hadh\u00e1zy Jol\u00e1n, Magyari Andr\u00e1ssal,. Buk., 1978, 1980, 1982, 1984, 1985); Az \u00f3kor \u00e9s k\u00f6z\u00e9pkor t\u00f6rt\u00e9net\u00e9nek alapvet\u0151 k\u00e9rd\u00e9sei. Tank\u00f6nyv a XI. oszt\u00e1ly sz\u00e1m\u00e1ra. (Hadh\u00e1zy Jol\u00e1nnal, Buk., 1978); <strong>szerk.:<\/strong> T\u00f6rt\u00e9neti kronol\u00f3gia. 1\u20132. k\u00f6t. (Buk., 1976). <br \/><strong>Irod.:<\/strong> Clujeni ai sec. 20; \u00c9vek 1100-b\u00f3l; KKACs; [Nekrol\u00f3g] (N\u00fa. 2000. febr. 11.); R\u00e9thy\u2013\u00dajv\u00e1ri\u2013V\u00e1czy; RMIL; Szigethy\u2013\u00dajv\u00e1ri; Todea 2013<\/br><\/p>\n","protected":false},"excerpt":{"rendered":"<p>Mv., 1911. j\u00fal. 16., \u2020 Bp., 2000. febr. t\u00f6rt\u00e9n\u00e9sz, : egyetemi tan\u00e1r, hamvait Mv.-en temett\u00e9k (febr. 12). \u2013 \u00c9retts\u00e9gizett a mv.-i Ref. Koll.-ban (1928), az egyetemet Kv.-on t\u00f6rt\u00e9nelem szakon v\u00e9gezte (1933). T\u00f6rt\u00e9nelemtan\u00e1r (1933\u2013). A n\u00e9gy\u00e9v hadifogs\u00e1got kiv\u00e9ve tan\u00edtott Mv.-en, K\u00e9zdiv\u00e1s\u00e1rhelyen, Cs\u00edkszered\u00e1n, Kv-on (1933\u201349); egyetemi tan\u00e1r a BTE-n (1948\u20131976). Kutat\u00e1si ter\u00fclete Erd\u00e9ly k\u00f6z\u00e9pkori t\u00f6rt\u00e9nete. Ir\u00f3i munk\u00e1ss\u00e1g\u00e1t [&hellip;]<\/p>\n","protected":false},"featured_media":0,"comment_status":"open","ping_status":"closed","template":"","meta":[],"product_brand":[],"product_cat":[137],"product_tag":[],"class_list":{"0":"post-6092","1":"product","2":"type-product","3":"status-publish","5":"product_cat-maros-megyei-eletrajzi-lexikon","7":"first","8":"instock","9":"shipping-taxable","10":"product-type-simple"},"_links":{"self":[{"href":"https:\/\/uj.adatbank.ro\/lexikon\/wp-json\/wp\/v2\/product\/6092","targetHints":{"allow":["GET"]}}],"collection":[{"href":"https:\/\/uj.adatbank.ro\/lexikon\/wp-json\/wp\/v2\/product"}],"about":[{"href":"https:\/\/uj.adatbank.ro\/lexikon\/wp-json\/wp\/v2\/types\/product"}],"replies":[{"embeddable":true,"href":"https:\/\/uj.adatbank.ro\/lexikon\/wp-json\/wp\/v2\/comments?post=6092"}],"wp:attachment":[{"href":"https:\/\/uj.adatbank.ro\/lexikon\/wp-json\/wp\/v2\/media?parent=6092"}],"wp:term":[{"taxonomy":"product_brand","embeddable":true,"href":"https:\/\/uj.adatbank.ro\/lexikon\/wp-json\/wp\/v2\/product_brand?post=6092"},{"taxonomy":"product_cat","embeddable":true,"href":"https:\/\/uj.adatbank.ro\/lexikon\/wp-json\/wp\/v2\/product_cat?post=6092"},{"taxonomy":"product_tag","embeddable":true,"href":"https:\/\/uj.adatbank.ro\/lexikon\/wp-json\/wp\/v2\/product_tag?post=6092"}],"curies":[{"name":"wp","href":"https:\/\/api.w.org\/{rel}","templated":true}]}}

CSELÉNYI Béla

<p>Mv., 1911. júl. 16., † Bp., 2000. febr. történész, : egyetemi tanár, hamvait Mv.-en temették (febr. 12). – Érettségizett a mv.-i Ref. Koll.-ban (1928), az egyetemet Kv.-on történelem szakon végezte (1933). Történelemtanár (1933–). A négyév hadifogságot kivéve tanított Mv.-en, Kézdivásárhelyen, Csíkszeredán, Kv-on (1933–49); egyetemi tanár a BTE-n (1948–1976). Kutatási területe Erdély középkori története. Irói munkásságát a Jóbarát-ban kezdte (1934), munkatársa a Hitel –nek, tanulmányai jelentek meg a Korunk, Studia, Lupta de clasă, c. folyóiratokban, gyűjteményes kötetekben (Kv.-i BB Egyetem Közleményei, Kelemen emlékkönyv); fordított több középiskolás történelem könyvet, oroszból szépirodalmat; összeállította a Bodor András és Csetri Elek szerkesztette Történeti kronológia 1–2 köt. középkori részét. – <strong>F. m.:</strong> <strong>társsz.:</strong> Adalékok az 1907-es parasztfelkelés történetéhez (Buk., 1957); Emlékkönyv Kelemen Lajos szüetésének 80. évfordulójára (Buk., 1957); Istoria României. 2–3 köt. (Buc., 1962, 1964); Kiriţescu Costin C.: Sistemul bănesc al leului şi precursorii lui. Vol. 1. (colab., Buc., 1964); <strong>antológ.:</strong> Bolyai János élete és műve (Buc., 1953); A székelyek harca a feudális kizsákmányolás ellen a XVI. század második felében és részvételük a törökellenes harcban (Csíkszereda, 1976); <strong>ford.:</strong> Muratov, M. V.: Távoli partok felé (Bp., 1949); Saxe, Anna: A csúcsok felé (Buk, 1950); Versigora, P. P.: Tiszta lelkiismerettel (Buk., 1950); Ignatov, P. K.: Egy egyszerű ember élete (Buk., 1951); Szurov, A.: Hajnal Moszkva felett (Buk., 1952); Fors, O.: Ragyiscsev (Kós Károly-al, Buk., 1960); Georgian Lucia – Neagu Vasilică – Nuţu Constantin: A középkor története. Tankönyv a VI. osztály számára. (Buk., 1970, 1971, 1972, 1973, 1976, 1978, 1980, 1982, 1984, 1985, 1986); Egyetemes történelem. Az ókor és a középkor története. Kísérleti tankönyv a líc. -ok II. évfolyam számára humán tagozat. (Ditrói Ágnes és Hadházy Jolánnal. Buk., 1973., 1975.); Cantemir, Dimitrie: Moldova leírása (ford. Ditrói Ágnes, Hadházy Jolánnal; előszó; Buk., 1973); Almaş Dumitru – Buşe Constantin – Tămaş Gh.: Egyetemes történelem. Az újkor és a jelenkor története. Tankönyv a líceumok reál tagozatának II. évfolyama és a pedagógiai líceumok III. évfolyam számára. (Fordította Hadházy Jolánnal; Buk., 1976); Mureşan Camil – Cristian Vasile – Vera Vasile: Az újkor és a jelenkor történetének alapvető kérdései. Tankönyv a XII. osztály számára. (Hadházy Jolán, Magyari Andrással,. Buk., 1978, 1980, 1982, 1984, 1985); Az ókor és középkor történetének alapvető kérdései. Tankönyv a XI. osztály számára. (Hadházy Jolánnal, Buk., 1978); <strong>szerk.:</strong> Történeti kronológia. 1–2. köt. (Buk., 1976). <br /><strong>Irod.:</strong> Clujeni ai sec. 20; Évek 1100-ból; KKACs; [Nekrológ] (Nú. 2000. febr. 11.); Réthy–Újvári–Váczy; RMIL; Szigethy–Újvári; Todea 2013</br></p>

<p>Mv., 1911. júl. 16., † Bp., 2000. febr. történész, : egyetemi tanár, hamvait Mv.-en temették (febr. 12). – Érettségizett a mv.-i Ref. Koll.-ban (1928), az egyetemet Kv.-on történelem szakon végezte (1933). Történelemtanár (1933–). A négyév hadifogságot kivéve tanított Mv.-en, Kézdivásárhelyen, Csíkszeredán, Kv-on (1933–49); egyetemi tanár a BTE-n (1948–1976). Kutatási területe Erdély középkori története. Irói munkásságát [&hellip;]</p>
