{"id":6097,"date":"2025-06-28T17:40:42","date_gmt":"2025-06-28T15:40:42","guid":{"rendered":"https:\/\/uj.adatbank.ro\/lexikon\/termek\/csengeri-gyula-%c2%a7-csengery-gyula\/"},"modified":"2025-06-28T17:40:42","modified_gmt":"2025-06-28T15:40:42","slug":"csengeri-gyula-%c2%a7-csengery-gyula","status":"publish","type":"product","link":"https:\/\/uj.adatbank.ro\/lexikon\/termek\/csengeri-gyula-%c2%a7-csengery-gyula\/","title":{"rendered":"CSENGERI Gyula, \u00a7 Csengery Gyula"},"content":{"rendered":"<p>Maros\u00fajv\u00e1r, 1857. \u2020 Mv., 1920.: orvos. \u2013 Cs. J\u00f3zsef, s\u00f3hivatali p\u00e9nzt\u00e1rnok \u00e9s Dohi M\u00e1ria fia. Feles\u00e9ge: Szemerjai Sz\u00e1sz Margit (1875\u20131947). Gyermekeik: Margit \u00e9s Zolt\u00e1n. \u2013 Sz\u00e9kelyudvarhelyen, az Erd\u00e9lyi R. K. St\u00e1tus Gimn.-ban v\u00e9gzett (1875). Kv.-on a Ferenc J\u00f3zsef Teen v\u00e9gezte az orvosi egyetemet (1879), doktori disszert\u00e1ci\u00f3j\u00e1t k\u00e9s\u0151bb v\u00e9dte meg (1888. j\u00fan. 15.). Mv.-en volt j\u00e1r\u00e1sorvos \u00e9s az I. vh. idej\u00e9n a R. K. F\u0151gimn.-i katonai tartal\u00e9kk\u00f3rh\u00e1z f\u0151orvosa. <br \/><strong>Irod.:<\/strong> Gy\u00e1szjelent\u0151; Kiss-P.-P..; Mv. \u00e9s a h\u00e1bor\u00fa 2.<\/br><\/p>\n","protected":false},"excerpt":{"rendered":"<p>Maros\u00fajv\u00e1r, 1857. \u2020 Mv., 1920.: orvos. \u2013 Cs. J\u00f3zsef, s\u00f3hivatali p\u00e9nzt\u00e1rnok \u00e9s Dohi M\u00e1ria fia. Feles\u00e9ge: Szemerjai Sz\u00e1sz Margit (1875\u20131947). Gyermekeik: Margit \u00e9s Zolt\u00e1n. \u2013 Sz\u00e9kelyudvarhelyen, az Erd\u00e9lyi R. K. St\u00e1tus Gimn.-ban v\u00e9gzett (1875). Kv.-on a Ferenc J\u00f3zsef Teen v\u00e9gezte az orvosi egyetemet (1879), doktori disszert\u00e1ci\u00f3j\u00e1t k\u00e9s\u0151bb v\u00e9dte meg (1888. j\u00fan. 15.). Mv.-en volt j\u00e1r\u00e1sorvos [&hellip;]<\/p>\n","protected":false},"featured_media":0,"comment_status":"open","ping_status":"closed","template":"","meta":[],"product_brand":[],"product_cat":[137],"product_tag":[],"class_list":{"0":"post-6097","1":"product","2":"type-product","3":"status-publish","5":"product_cat-maros-megyei-eletrajzi-lexikon","7":"first","8":"instock","9":"shipping-taxable","10":"product-type-simple"},"_links":{"self":[{"href":"https:\/\/uj.adatbank.ro\/lexikon\/wp-json\/wp\/v2\/product\/6097","targetHints":{"allow":["GET"]}}],"collection":[{"href":"https:\/\/uj.adatbank.ro\/lexikon\/wp-json\/wp\/v2\/product"}],"about":[{"href":"https:\/\/uj.adatbank.ro\/lexikon\/wp-json\/wp\/v2\/types\/product"}],"replies":[{"embeddable":true,"href":"https:\/\/uj.adatbank.ro\/lexikon\/wp-json\/wp\/v2\/comments?post=6097"}],"wp:attachment":[{"href":"https:\/\/uj.adatbank.ro\/lexikon\/wp-json\/wp\/v2\/media?parent=6097"}],"wp:term":[{"taxonomy":"product_brand","embeddable":true,"href":"https:\/\/uj.adatbank.ro\/lexikon\/wp-json\/wp\/v2\/product_brand?post=6097"},{"taxonomy":"product_cat","embeddable":true,"href":"https:\/\/uj.adatbank.ro\/lexikon\/wp-json\/wp\/v2\/product_cat?post=6097"},{"taxonomy":"product_tag","embeddable":true,"href":"https:\/\/uj.adatbank.ro\/lexikon\/wp-json\/wp\/v2\/product_tag?post=6097"}],"curies":[{"name":"wp","href":"https:\/\/api.w.org\/{rel}","templated":true}]}}

<p>Marosújvár, 1857. † Mv., 1920.: orvos. – Cs. József, sóhivatali pénztárnok és Dohi Mária fia. Felesége: Szemerjai Szász Margit (1875–1947). Gyermekeik: Margit és Zoltán. – Székelyudvarhelyen, az Erdélyi R. K. Státus Gimn.-ban végzett (1875). Kv.-on a Ferenc József Teen végezte az orvosi egyetemet (1879), doktori disszertációját később védte meg (1888. jún. 15.). Mv.-en volt járásorvos és az I. vh. idején a R. K. Főgimn.-i katonai tartalékkórház főorvosa. <br /><strong>Irod.:</strong> Gyászjelentő; Kiss-P.-P..; Mv. és a háború 2.</br></p>

<p>Marosújvár, 1857. † Mv., 1920.: orvos. – Cs. József, sóhivatali pénztárnok és Dohi Mária fia. Felesége: Szemerjai Szász Margit (1875–1947). Gyermekeik: Margit és Zoltán. – Székelyudvarhelyen, az Erdélyi R. K. Státus Gimn.-ban végzett (1875). Kv.-on a Ferenc József Teen végezte az orvosi egyetemet (1879), doktori disszertációját később védte meg (1888. jún. 15.). Mv.-en volt járásorvos [&hellip;]</p>
