{"id":6103,"date":"2025-06-28T17:40:53","date_gmt":"2025-06-28T15:40:53","guid":{"rendered":"https:\/\/uj.adatbank.ro\/lexikon\/termek\/csepreghy-janos\/"},"modified":"2025-06-28T17:40:53","modified_gmt":"2025-06-28T15:40:53","slug":"csepreghy-janos","status":"publish","type":"product","link":"https:\/\/uj.adatbank.ro\/lexikon\/termek\/csepreghy-janos\/","title":{"rendered":"CSEPREGHY J\u00e1nos"},"content":{"rendered":"<p>Dics\u0151szentm\u00e1rton, ? \u2020 ? : k\u00f6nyvel\u0151. \u2013 Cs. Henrik (1868 \u2013 Szeged, 1932. febr. 17.) vas\u00fati m\u00e9rn\u00f6k fia. Feles\u00e9ge: Felszeghy Magda. \u2013 Kereskedelmi iskol\u00e1t v\u00e9gzett. A dics\u0151i Ardeleana \u00dcveggy\u00e1rban az elad\u00e1si oszt\u00e1lyon dolgozott (1928\u2013), majd annak vezet\u0151je lett (1930\u2013). A gy\u00e1r t\u00f6bb mint ezer munk\u00e1st foglalkoztatott h\u00e1rom v\u00e1lt\u00e1sban (1937\u2013). Az Ardeleana \u00e9s a Turnata \u00fcveggy\u00e1rak a tulajdonosok k\u00f6z\u00f6s megegyez\u00e9se alapj\u00e1n egyes\u00fclnek (1946\u2013), de nemsok\u00e1ra \u00e1llamos\u00edtott\u00e1k \u0151ket (1948. j\u00fan. 11). <br \/><strong>Irod.:<\/strong> Dics\u0151szentm\u00e1rton r\u00e9gi arca; Gy\u00e1szjelent\u0151<\/br><\/p>\n","protected":false},"excerpt":{"rendered":"<p>Dics\u0151szentm\u00e1rton, ? \u2020 ? : k\u00f6nyvel\u0151. \u2013 Cs. Henrik (1868 \u2013 Szeged, 1932. febr. 17.) vas\u00fati m\u00e9rn\u00f6k fia. Feles\u00e9ge: Felszeghy Magda. \u2013 Kereskedelmi iskol\u00e1t v\u00e9gzett. A dics\u0151i Ardeleana \u00dcveggy\u00e1rban az elad\u00e1si oszt\u00e1lyon dolgozott (1928\u2013), majd annak vezet\u0151je lett (1930\u2013). A gy\u00e1r t\u00f6bb mint ezer munk\u00e1st foglalkoztatott h\u00e1rom v\u00e1lt\u00e1sban (1937\u2013). Az Ardeleana \u00e9s a Turnata \u00fcveggy\u00e1rak [&hellip;]<\/p>\n","protected":false},"featured_media":0,"comment_status":"open","ping_status":"closed","template":"","meta":[],"product_brand":[],"product_cat":[137],"product_tag":[],"class_list":{"0":"post-6103","1":"product","2":"type-product","3":"status-publish","5":"product_cat-maros-megyei-eletrajzi-lexikon","7":"first","8":"instock","9":"shipping-taxable","10":"product-type-simple"},"_links":{"self":[{"href":"https:\/\/uj.adatbank.ro\/lexikon\/wp-json\/wp\/v2\/product\/6103","targetHints":{"allow":["GET"]}}],"collection":[{"href":"https:\/\/uj.adatbank.ro\/lexikon\/wp-json\/wp\/v2\/product"}],"about":[{"href":"https:\/\/uj.adatbank.ro\/lexikon\/wp-json\/wp\/v2\/types\/product"}],"replies":[{"embeddable":true,"href":"https:\/\/uj.adatbank.ro\/lexikon\/wp-json\/wp\/v2\/comments?post=6103"}],"wp:attachment":[{"href":"https:\/\/uj.adatbank.ro\/lexikon\/wp-json\/wp\/v2\/media?parent=6103"}],"wp:term":[{"taxonomy":"product_brand","embeddable":true,"href":"https:\/\/uj.adatbank.ro\/lexikon\/wp-json\/wp\/v2\/product_brand?post=6103"},{"taxonomy":"product_cat","embeddable":true,"href":"https:\/\/uj.adatbank.ro\/lexikon\/wp-json\/wp\/v2\/product_cat?post=6103"},{"taxonomy":"product_tag","embeddable":true,"href":"https:\/\/uj.adatbank.ro\/lexikon\/wp-json\/wp\/v2\/product_tag?post=6103"}],"curies":[{"name":"wp","href":"https:\/\/api.w.org\/{rel}","templated":true}]}}

CSEPREGHY János

<p>Dicsőszentmárton, ? † ? : könyvelő. – Cs. Henrik (1868 – Szeged, 1932. febr. 17.) vasúti mérnök fia. Felesége: Felszeghy Magda. – Kereskedelmi iskolát végzett. A dicsői Ardeleana Üveggyárban az eladási osztályon dolgozott (1928–), majd annak vezetője lett (1930–). A gyár több mint ezer munkást foglalkoztatott három váltásban (1937–). Az Ardeleana és a Turnata üveggyárak a tulajdonosok közös megegyezése alapján egyesülnek (1946–), de nemsokára államosították őket (1948. jún. 11). <br /><strong>Irod.:</strong> Dicsőszentmárton régi arca; Gyászjelentő</br></p>

<p>Dicsőszentmárton, ? † ? : könyvelő. – Cs. Henrik (1868 – Szeged, 1932. febr. 17.) vasúti mérnök fia. Felesége: Felszeghy Magda. – Kereskedelmi iskolát végzett. A dicsői Ardeleana Üveggyárban az eladási osztályon dolgozott (1928–), majd annak vezetője lett (1930–). A gyár több mint ezer munkást foglalkoztatott három váltásban (1937–). Az Ardeleana és a Turnata üveggyárak [&hellip;]</p>
