{"id":6107,"date":"2025-06-28T17:40:59","date_gmt":"2025-06-28T15:40:59","guid":{"rendered":"https:\/\/uj.adatbank.ro\/lexikon\/termek\/cserei-gyula-cservik-gyula\/"},"modified":"2025-06-28T17:40:59","modified_gmt":"2025-06-28T15:40:59","slug":"cserei-gyula-cservik-gyula","status":"publish","type":"product","link":"https:\/\/uj.adatbank.ro\/lexikon\/termek\/cserei-gyula-cservik-gyula\/","title":{"rendered":"CSEREI Gyula, Cservik Gyula"},"content":{"rendered":"<p>Mv., 1875., \u2020\u00a01901. (val\u00f3sz\u00edn\u0171): tanfel\u00fcgyel\u0151s\u00e9gi irnok. \u2013 A tan\u00edt\u00f3k\u00e9pz\u0151t Kv.-on v\u00e9gezte. R. kat. tan\u00edt\u00f3 Szent\u00e1got\u00e1n, majd Brezn\u00f3b\u00e1ny\u00e1n (1897\u2013) tanfel\u00fcgyel\u0151s\u00e9gi irnok (1901). Cikke a Polg\u00e1ri Iskolai K\u00f6zl. \u2013 ben jelent meg (1899). <br \/><strong>Irod.:<\/strong> Guly\u00e1s<\/br><\/p>\n","protected":false},"excerpt":{"rendered":"<p>Mv., 1875., \u2020\u00a01901. (val\u00f3sz\u00edn\u0171): tanfel\u00fcgyel\u0151s\u00e9gi irnok. \u2013 A tan\u00edt\u00f3k\u00e9pz\u0151t Kv.-on v\u00e9gezte. R. kat. tan\u00edt\u00f3 Szent\u00e1got\u00e1n, majd Brezn\u00f3b\u00e1ny\u00e1n (1897\u2013) tanfel\u00fcgyel\u0151s\u00e9gi irnok (1901). Cikke a Polg\u00e1ri Iskolai K\u00f6zl. \u2013 ben jelent meg (1899). Irod.: Guly\u00e1s<\/p>\n","protected":false},"featured_media":0,"comment_status":"open","ping_status":"closed","template":"","meta":[],"product_brand":[],"product_cat":[137],"product_tag":[],"class_list":{"0":"post-6107","1":"product","2":"type-product","3":"status-publish","5":"product_cat-maros-megyei-eletrajzi-lexikon","7":"first","8":"instock","9":"shipping-taxable","10":"product-type-simple"},"_links":{"self":[{"href":"https:\/\/uj.adatbank.ro\/lexikon\/wp-json\/wp\/v2\/product\/6107","targetHints":{"allow":["GET"]}}],"collection":[{"href":"https:\/\/uj.adatbank.ro\/lexikon\/wp-json\/wp\/v2\/product"}],"about":[{"href":"https:\/\/uj.adatbank.ro\/lexikon\/wp-json\/wp\/v2\/types\/product"}],"replies":[{"embeddable":true,"href":"https:\/\/uj.adatbank.ro\/lexikon\/wp-json\/wp\/v2\/comments?post=6107"}],"wp:attachment":[{"href":"https:\/\/uj.adatbank.ro\/lexikon\/wp-json\/wp\/v2\/media?parent=6107"}],"wp:term":[{"taxonomy":"product_brand","embeddable":true,"href":"https:\/\/uj.adatbank.ro\/lexikon\/wp-json\/wp\/v2\/product_brand?post=6107"},{"taxonomy":"product_cat","embeddable":true,"href":"https:\/\/uj.adatbank.ro\/lexikon\/wp-json\/wp\/v2\/product_cat?post=6107"},{"taxonomy":"product_tag","embeddable":true,"href":"https:\/\/uj.adatbank.ro\/lexikon\/wp-json\/wp\/v2\/product_tag?post=6107"}],"curies":[{"name":"wp","href":"https:\/\/api.w.org\/{rel}","templated":true}]}}