{"id":6112,"date":"2025-06-28T17:41:08","date_gmt":"2025-06-28T15:41:08","guid":{"rendered":"https:\/\/uj.adatbank.ro\/lexikon\/termek\/cserei-jozsef-cserey-jozsef-nagyajtai\/"},"modified":"2025-06-28T17:41:08","modified_gmt":"2025-06-28T15:41:08","slug":"cserei-jozsef-cserey-jozsef-nagyajtai","status":"publish","type":"product","link":"https:\/\/uj.adatbank.ro\/lexikon\/termek\/cserei-jozsef-cserey-jozsef-nagyajtai\/","title":{"rendered":"CSEREI J\u00f3zsef, Cserey J\u00f3zsef, nagyajtai"},"content":{"rendered":"<p>Als\u00f3j\u00e1ra, 1754. jan. 1., \u2020 Mv., 1809. okt. 22. A pl\u00e9b\u00e1niatemplom alatti s\u00edrboltban van eltemetve.: rom. kat. pap-tan\u00e1r, pl\u00e9b\u00e1nos, esperes. \u2013 Kv.-on a Jezsuita Gimn. \u00e9s Akad. -\u00e1n tanult (1767\u201370), Trencs\u00e9nben a jezsuita rendbe l\u00e9pett (1770); Gy\u0151r\u00f6tt tanult tov\u00e1bb; a rend feloszlat\u00e1sa (1773) ut\u00e1n, Bud\u00e1n v\u00e9gezte a teol\u00f3gi\u00e1t (1779). Vil\u00e1gi pap lett \u00e9s a nagyszebeni gimn.-ban tan\u00edtott (1779\u2013). K\u00e9s\u0151bb a mv.-i r. k. tanoda tan\u00e1ra, igazgat\u00f3ja (1796), Ferentzi Andr\u00e1s hal\u00e1l\u00e1val az egyh\u00e1zk\u00f6zs\u00e9g pl\u00e9b\u00e1nosa (1795\u20131809), a Maros ker\u00fclet \u00e9s Mv. sz. kir. v\u00e1ros f\u0151esperese (1797\u20131809), v\u00e9g\u00fcl a meszesi boldog szt. Margit ap\u00e1ts\u00e1g ap\u00e1tja \u00e9s c. kanonok (1806\u2013). Pl\u00e9b\u00e1noss\u00e1ga idej\u00e9n az egyh\u00e1z pert folytatott a v\u00e1rosi tan\u00e1ccsal, a pl\u00e9b\u00e1nia malm\u00e1t \u00e9rt k\u00e1r miatt a v\u00e1rosi el\u0151j\u00e1r\u00f3k vigy\u00e1zatlans\u00e1ga k\u00f6vetkezt\u00e9ben (1798). A M. Kir. Gubernium 5180 sz alatti v\u00e9gz\u00e9se alapj\u00e1n a hosszadalmas peresked\u00e9s elker\u00fcl\u00e9se v\u00e9gett a Magisztr\u00e1tus kiel\u00e9g\u00edt\u0151 egyezs\u00e9get k\u00f6t\u00f6tt a pl\u00e9b\u00e1nossal (1798. dec. 15. \u2013). Nyelvm\u00edvel\u0151 T\u00e1rsas\u00e1g p\u00e1rtfog\u00f3ja. Teol\u00f3giai munk\u00e1kat \u00e9s tank\u00f6nyveket \u00edrt. Jelent\u0151sek latin, n\u00e9met \u00e9s magyar nyelv\u0171 k\u00f6nyvei. \u2013 <strong>F. m.:<\/strong> S. Aurel. Augustinus religionis vindex dictione panegryca celebratus (Budae, 1779); Prima elementa graecae gramatices in usum gymnaziorum (Cibinii, 1790); A` foly\u00f3 \u00e9s versb\u00e9li magyar besz\u00e9dnek v\u00e1logatott p\u00e9ld\u00e1ji mellyeket a tan\u00fal\u00f3 ifj\u00fas\u00e1g haszn\u00e1ra \u00f6szveszedegette \u20261. szakasz. Az elme vil\u00e1gosod\u00e1s\u00e1ra \u00e9s a` sz\u00edv megjobb\u00edt\u00e1s\u00e1ra (Szeben, 1790\u201391); Deutsche Chrestomatiae zum Gebrauche der lateinischen Schulen f\u00fcr die Gymnasial-Classen (Cibinii, 1790); Istennek szeretete, talpk\u00f6ve \u00e9s bizonyit\u00e1sa az olt\u00e1ri szents\u00e9g m\u00e9lys\u00e9ges titk\u00e1nak (Kv., 1794); Halotti besz\u00e9d hallerk\u0151i gr. Haller Zsigmond felett 1803. nov. 29. (Kv., 1804). <br \/><strong>Irod.:<\/strong> Ferenczi S\u00e1ndor 2009; Halotti besz\u00e9dek; Id\u0151t\u00e1r 1; Jezsuita \u00e9vk.; Kr\u00f3n. F\u00fcz. (1939. 4\/9); M\u00e1th\u00e9 \u00c9va: Besz\u00e9des s\u00edrfel\u00edratok (Kr\u00f3nika, 2010. nov. 5\u20137.); MKL; Mv.-i Pl\u00e9b\u00e1niatemplom kript\u00e1ja; P\u00e1l-Antal 2003; P\u00e1l-Antal 2004; P\u00e1l-Antal 2009; P\u00e1l-Antal 2013; Pusk\u00e1s Attila \u2013 s\u00edrfeliratok; R\u00e1cz 2009<\/br><\/p>\n","protected":false},"excerpt":{"rendered":"<p>Als\u00f3j\u00e1ra, 1754. jan. 1., \u2020 Mv., 1809. okt. 22. A pl\u00e9b\u00e1niatemplom alatti s\u00edrboltban van eltemetve.: rom. kat. pap-tan\u00e1r, pl\u00e9b\u00e1nos, esperes. \u2013 Kv.-on a Jezsuita Gimn. \u00e9s Akad. -\u00e1n tanult (1767\u201370), Trencs\u00e9nben a jezsuita rendbe l\u00e9pett (1770); Gy\u0151r\u00f6tt tanult tov\u00e1bb; a rend feloszlat\u00e1sa (1773) ut\u00e1n, Bud\u00e1n v\u00e9gezte a teol\u00f3gi\u00e1t (1779). Vil\u00e1gi pap lett \u00e9s a nagyszebeni [&hellip;]<\/p>\n","protected":false},"featured_media":0,"comment_status":"open","ping_status":"closed","template":"","meta":[],"product_brand":[],"product_cat":[137],"product_tag":[],"class_list":{"0":"post-6112","1":"product","2":"type-product","3":"status-publish","5":"product_cat-maros-megyei-eletrajzi-lexikon","7":"first","8":"instock","9":"shipping-taxable","10":"product-type-simple"},"_links":{"self":[{"href":"https:\/\/uj.adatbank.ro\/lexikon\/wp-json\/wp\/v2\/product\/6112","targetHints":{"allow":["GET"]}}],"collection":[{"href":"https:\/\/uj.adatbank.ro\/lexikon\/wp-json\/wp\/v2\/product"}],"about":[{"href":"https:\/\/uj.adatbank.ro\/lexikon\/wp-json\/wp\/v2\/types\/product"}],"replies":[{"embeddable":true,"href":"https:\/\/uj.adatbank.ro\/lexikon\/wp-json\/wp\/v2\/comments?post=6112"}],"wp:attachment":[{"href":"https:\/\/uj.adatbank.ro\/lexikon\/wp-json\/wp\/v2\/media?parent=6112"}],"wp:term":[{"taxonomy":"product_brand","embeddable":true,"href":"https:\/\/uj.adatbank.ro\/lexikon\/wp-json\/wp\/v2\/product_brand?post=6112"},{"taxonomy":"product_cat","embeddable":true,"href":"https:\/\/uj.adatbank.ro\/lexikon\/wp-json\/wp\/v2\/product_cat?post=6112"},{"taxonomy":"product_tag","embeddable":true,"href":"https:\/\/uj.adatbank.ro\/lexikon\/wp-json\/wp\/v2\/product_tag?post=6112"}],"curies":[{"name":"wp","href":"https:\/\/api.w.org\/{rel}","templated":true}]}}