{"id":6116,"date":"2025-06-28T17:41:16","date_gmt":"2025-06-28T15:41:16","guid":{"rendered":"https:\/\/uj.adatbank.ro\/lexikon\/termek\/cserei-mihaly-miklosvarszeki-nagyajtai\/"},"modified":"2025-06-28T17:41:16","modified_gmt":"2025-06-28T15:41:16","slug":"cserei-mihaly-miklosvarszeki-nagyajtai","status":"publish","type":"product","link":"https:\/\/uj.adatbank.ro\/lexikon\/termek\/cserei-mihaly-miklosvarszeki-nagyajtai\/","title":{"rendered":"CSEREI Mih\u00e1ly, mikl\u00f3sv\u00e1rsz\u00e9ki, nagyajtai"},"content":{"rendered":"<p>? \u2020Mv., 1774\u00a0: kir. t\u00e1blai \u00edt\u00e9l\u0151mester, sz\u00e1mvev\u0151, t\u00e1blab\u00edr\u00f3, f\u0151korm\u00e1nysz\u00e9ki iktat\u00f3. \u2013 Mv. f\u0151korm\u00e1nysz\u00e9ki biztosa Berzenczei Istv\u00e1n helyett (1760), azzal a szigor\u00fa meghagy\u00e1ssal, hogy a v\u00e1rosi tan\u00e1cs a megk\u00fcld\u00f6tt rendelkez\u00e9seknek minden vonatkoz\u00e1s\u00e1ban mag\u00e1t al\u00e1vetni tartozik; nagyenyedi br. Szil\u00e1gyi S\u00e1muel kir. t\u00e1blai \u00fcln\u00f6kkel, a v\u00e1rosi f\u00f6ldek kioszt\u00e1sa k\u00f6r\u00fcli vit\u00e1s helyzetben, a tan\u00e1cs ellen\u00e9re, a polg\u00e1rs\u00e1g jav\u00e1ra d\u00f6nt\u00f6tt (1764). <br \/><strong>Irod.:<\/strong> Id\u0151t\u00e1r 1.; Kr\u00f3n. F\u00fcz. (1939. 4\/9); P\u00e1l-Antal 2006\u00a0; A mv.-i egykori obszerv\u00e1ns ferences kolostortemplom kript\u00e1j\u00e1ba temett\u00e9k. <br \/><strong>Irod.:<\/strong> Mv.-i \u00f6rm\u00e9nyek<\/br><\/p>\n","protected":false},"excerpt":{"rendered":"<p>? \u2020Mv., 1774\u00a0: kir. t\u00e1blai \u00edt\u00e9l\u0151mester, sz\u00e1mvev\u0151, t\u00e1blab\u00edr\u00f3, f\u0151korm\u00e1nysz\u00e9ki iktat\u00f3. \u2013 Mv. f\u0151korm\u00e1nysz\u00e9ki biztosa Berzenczei Istv\u00e1n helyett (1760), azzal a szigor\u00fa meghagy\u00e1ssal, hogy a v\u00e1rosi tan\u00e1cs a megk\u00fcld\u00f6tt rendelkez\u00e9seknek minden vonatkoz\u00e1s\u00e1ban mag\u00e1t al\u00e1vetni tartozik; nagyenyedi br. Szil\u00e1gyi S\u00e1muel kir. t\u00e1blai \u00fcln\u00f6kkel, a v\u00e1rosi f\u00f6ldek kioszt\u00e1sa k\u00f6r\u00fcli vit\u00e1s helyzetben, a tan\u00e1cs ellen\u00e9re, a polg\u00e1rs\u00e1g jav\u00e1ra d\u00f6nt\u00f6tt [&hellip;]<\/p>\n","protected":false},"featured_media":0,"comment_status":"open","ping_status":"closed","template":"","meta":[],"product_brand":[],"product_cat":[137],"product_tag":[],"class_list":{"0":"post-6116","1":"product","2":"type-product","3":"status-publish","5":"product_cat-maros-megyei-eletrajzi-lexikon","7":"first","8":"instock","9":"shipping-taxable","10":"product-type-simple"},"_links":{"self":[{"href":"https:\/\/uj.adatbank.ro\/lexikon\/wp-json\/wp\/v2\/product\/6116","targetHints":{"allow":["GET"]}}],"collection":[{"href":"https:\/\/uj.adatbank.ro\/lexikon\/wp-json\/wp\/v2\/product"}],"about":[{"href":"https:\/\/uj.adatbank.ro\/lexikon\/wp-json\/wp\/v2\/types\/product"}],"replies":[{"embeddable":true,"href":"https:\/\/uj.adatbank.ro\/lexikon\/wp-json\/wp\/v2\/comments?post=6116"}],"wp:attachment":[{"href":"https:\/\/uj.adatbank.ro\/lexikon\/wp-json\/wp\/v2\/media?parent=6116"}],"wp:term":[{"taxonomy":"product_brand","embeddable":true,"href":"https:\/\/uj.adatbank.ro\/lexikon\/wp-json\/wp\/v2\/product_brand?post=6116"},{"taxonomy":"product_cat","embeddable":true,"href":"https:\/\/uj.adatbank.ro\/lexikon\/wp-json\/wp\/v2\/product_cat?post=6116"},{"taxonomy":"product_tag","embeddable":true,"href":"https:\/\/uj.adatbank.ro\/lexikon\/wp-json\/wp\/v2\/product_tag?post=6116"}],"curies":[{"name":"wp","href":"https:\/\/api.w.org\/{rel}","templated":true}]}}