{"id":6117,"date":"2025-06-28T17:41:17","date_gmt":"2025-06-28T15:41:17","guid":{"rendered":"https:\/\/uj.adatbank.ro\/lexikon\/termek\/cserei-mihaly-miklosvarszeki-nagyajtai-2\/"},"modified":"2025-06-28T17:41:17","modified_gmt":"2025-06-28T15:41:17","slug":"cserei-mihaly-miklosvarszeki-nagyajtai-2","status":"publish","type":"product","link":"https:\/\/uj.adatbank.ro\/lexikon\/termek\/cserei-mihaly-miklosvarszeki-nagyajtai-2\/","title":{"rendered":"CSEREI Mih\u00e1ly, mikl\u00f3sv\u00e1rsz\u00e9ki, nagyajtai"},"content":{"rendered":"<p>1754., \u2020\u00a0Mv., 1829. dec. 27., a pl\u00e9b\u00e1nia temploma s\u00edrboltj\u00e1ba temett\u00e9k Imre, J\u00f3zsef \u00e9s Farkas testv\u00e9rei mell\u00e9: cs. kir. udvari \u00e9s kincst\u00e1ri val\u00f3s\u00e1gos bels\u0151 tan\u00e1csos (45 \u00e9vig). \u2013 Feles\u00e9ge: Matsk\u00e1si Ter\u00e9zia (1773- Mv., 1831. okt. 2.). Fiaik: J\u00f3zsef \u00e9s Mih\u00e1ly. <br \/><strong>Irod.:<\/strong> Gy\u00e1szjelent\u0151<\/br><\/p>\n","protected":false},"excerpt":{"rendered":"<p>1754., \u2020\u00a0Mv., 1829. dec. 27., a pl\u00e9b\u00e1nia temploma s\u00edrboltj\u00e1ba temett\u00e9k Imre, J\u00f3zsef \u00e9s Farkas testv\u00e9rei mell\u00e9: cs. kir. udvari \u00e9s kincst\u00e1ri val\u00f3s\u00e1gos bels\u0151 tan\u00e1csos (45 \u00e9vig). \u2013 Feles\u00e9ge: Matsk\u00e1si Ter\u00e9zia (1773- Mv., 1831. okt. 2.). Fiaik: J\u00f3zsef \u00e9s Mih\u00e1ly. Irod.: Gy\u00e1szjelent\u0151<\/p>\n","protected":false},"featured_media":0,"comment_status":"open","ping_status":"closed","template":"","meta":[],"product_brand":[],"product_cat":[137],"product_tag":[],"class_list":{"0":"post-6117","1":"product","2":"type-product","3":"status-publish","5":"product_cat-maros-megyei-eletrajzi-lexikon","7":"first","8":"instock","9":"shipping-taxable","10":"product-type-simple"},"_links":{"self":[{"href":"https:\/\/uj.adatbank.ro\/lexikon\/wp-json\/wp\/v2\/product\/6117","targetHints":{"allow":["GET"]}}],"collection":[{"href":"https:\/\/uj.adatbank.ro\/lexikon\/wp-json\/wp\/v2\/product"}],"about":[{"href":"https:\/\/uj.adatbank.ro\/lexikon\/wp-json\/wp\/v2\/types\/product"}],"replies":[{"embeddable":true,"href":"https:\/\/uj.adatbank.ro\/lexikon\/wp-json\/wp\/v2\/comments?post=6117"}],"wp:attachment":[{"href":"https:\/\/uj.adatbank.ro\/lexikon\/wp-json\/wp\/v2\/media?parent=6117"}],"wp:term":[{"taxonomy":"product_brand","embeddable":true,"href":"https:\/\/uj.adatbank.ro\/lexikon\/wp-json\/wp\/v2\/product_brand?post=6117"},{"taxonomy":"product_cat","embeddable":true,"href":"https:\/\/uj.adatbank.ro\/lexikon\/wp-json\/wp\/v2\/product_cat?post=6117"},{"taxonomy":"product_tag","embeddable":true,"href":"https:\/\/uj.adatbank.ro\/lexikon\/wp-json\/wp\/v2\/product_tag?post=6117"}],"curies":[{"name":"wp","href":"https:\/\/api.w.org\/{rel}","templated":true}]}}