{"id":6119,"date":"2025-06-28T17:41:21","date_gmt":"2025-06-28T15:41:21","guid":{"rendered":"https:\/\/uj.adatbank.ro\/lexikon\/termek\/cserei-miklos-nagyajtai\/"},"modified":"2025-06-28T17:41:21","modified_gmt":"2025-06-28T15:41:21","slug":"cserei-miklos-nagyajtai","status":"publish","type":"product","link":"https:\/\/uj.adatbank.ro\/lexikon\/termek\/cserei-miklos-nagyajtai\/","title":{"rendered":"CSEREI Mikl\u00f3s, nagyajtai"},"content":{"rendered":"<p>1770., \u2020 Mez\u0151z\u00e1h , 1844. dec. 30. : erd\u00e9lyi korm\u00e1nysz\u00e9ki tan\u00e1csos, m\u0171ford\u00edt\u00f3, lev\u00e9l\u00edr\u00f3, Cs. Mih\u00e1ly \u00edt\u00e9l\u0151meszter \u00e9s Berzenczei \u00c1gnes fia. \u2013 T\u00e1blai \u00fcln\u00f6k lett (1815), majd korm\u00e1nysz\u00e9ki tan\u00e1csos (1819\u201326); nyugalmazt\u00e1k (1926). Az erd\u00e9lyi ogy. -eken az ellenz\u00e9kkel tartott \u00e9s mint irodalombar\u00e1t nagy tekint\u00e9lye volt. Levelezett Kazinczyval (1811\u2013). A magyarok eredet\u00e9r\u0151l \u00edrt m\u0171ve megsemmis\u00fclt. \u2013 <strong>F. m.:<\/strong><strong>ford.:<\/strong> K\u00e1jus Korn\u00e9lius Tacitus Hist\u00f3ri\u00e1j\u00e1nak \u00f6t k\u00f6nyvei (Kv., 1840). <br \/><strong>Irod.:<\/strong> Aranka Gy\u00f6rgy; Szil\u00e1gyi S\u00e1ndor: Rajzok \u00e9s tanulm\u00e1nyok (Bp., 1875); Szinnyei; \u00daMIL<\/br><\/p>\n","protected":false},"excerpt":{"rendered":"<p>1770., \u2020 Mez\u0151z\u00e1h , 1844. dec. 30. : erd\u00e9lyi korm\u00e1nysz\u00e9ki tan\u00e1csos, m\u0171ford\u00edt\u00f3, lev\u00e9l\u00edr\u00f3, Cs. Mih\u00e1ly \u00edt\u00e9l\u0151meszter \u00e9s Berzenczei \u00c1gnes fia. \u2013 T\u00e1blai \u00fcln\u00f6k lett (1815), majd korm\u00e1nysz\u00e9ki tan\u00e1csos (1819\u201326); nyugalmazt\u00e1k (1926). Az erd\u00e9lyi ogy. -eken az ellenz\u00e9kkel tartott \u00e9s mint irodalombar\u00e1t nagy tekint\u00e9lye volt. Levelezett Kazinczyval (1811\u2013). A magyarok eredet\u00e9r\u0151l \u00edrt m\u0171ve megsemmis\u00fclt. \u2013 F. [&hellip;]<\/p>\n","protected":false},"featured_media":0,"comment_status":"open","ping_status":"closed","template":"","meta":[],"product_brand":[],"product_cat":[137],"product_tag":[],"class_list":{"0":"post-6119","1":"product","2":"type-product","3":"status-publish","5":"product_cat-maros-megyei-eletrajzi-lexikon","7":"first","8":"instock","9":"shipping-taxable","10":"product-type-simple"},"_links":{"self":[{"href":"https:\/\/uj.adatbank.ro\/lexikon\/wp-json\/wp\/v2\/product\/6119","targetHints":{"allow":["GET"]}}],"collection":[{"href":"https:\/\/uj.adatbank.ro\/lexikon\/wp-json\/wp\/v2\/product"}],"about":[{"href":"https:\/\/uj.adatbank.ro\/lexikon\/wp-json\/wp\/v2\/types\/product"}],"replies":[{"embeddable":true,"href":"https:\/\/uj.adatbank.ro\/lexikon\/wp-json\/wp\/v2\/comments?post=6119"}],"wp:attachment":[{"href":"https:\/\/uj.adatbank.ro\/lexikon\/wp-json\/wp\/v2\/media?parent=6119"}],"wp:term":[{"taxonomy":"product_brand","embeddable":true,"href":"https:\/\/uj.adatbank.ro\/lexikon\/wp-json\/wp\/v2\/product_brand?post=6119"},{"taxonomy":"product_cat","embeddable":true,"href":"https:\/\/uj.adatbank.ro\/lexikon\/wp-json\/wp\/v2\/product_cat?post=6119"},{"taxonomy":"product_tag","embeddable":true,"href":"https:\/\/uj.adatbank.ro\/lexikon\/wp-json\/wp\/v2\/product_tag?post=6119"}],"curies":[{"name":"wp","href":"https:\/\/api.w.org\/{rel}","templated":true}]}}