{"id":6121,"date":"2025-06-28T17:41:26","date_gmt":"2025-06-28T15:41:26","guid":{"rendered":"https:\/\/uj.adatbank.ro\/lexikon\/termek\/cserer-lajos\/"},"modified":"2025-06-28T17:41:26","modified_gmt":"2025-06-28T15:41:26","slug":"cserer-lajos","status":"publish","type":"product","link":"https:\/\/uj.adatbank.ro\/lexikon\/termek\/cserer-lajos\/","title":{"rendered":"CS\u00c9RER Lajos"},"content":{"rendered":"<p>Rohonc, 1869. m\u00e1rc. 27, \u2020 Miskolc, 1931. szept. 10: mez\u0151g. szak\u00edr\u00f3. \u2013 Miskolcon tanult, a kassai fels\u0151bb gazd. tanint.-ben gazd\u00e1sz oklevelet szerzett (1889), majd \u00e1ll. \u00f6szt\u00f6n\u00add\u00edjjal a hallei egy. gazd. int. -\u00e9ben tanult (1889\u201390). A debre\u00adceni fels\u0151bb gazd. tanint.-ben adjunktus (1893\u2013), seg\u00e9dtan\u00e1r (1896\u2013), a keszt\u00adhelyi fels\u0151bb gazd. tanint.-ben a n\u00f6v\u00e9ny\u00adtermel\u00e9s r. tan\u00e1ra (1897\u201398). Mint gazdas\u00e1gi v\u00e1ndortan\u00e1r Segesv\u00e1ron tan\u00edtott (1898\u20131909), majd Kv.-on a koml\u00f3termeszt\u00e9s orsz. fejleszt\u00e9se ter\u00fclet\u00e9n m\u0171k\u00f6d\u00f6tt gazd. tan\u00e1rr\u00e1 l\u00e9ptett\u00e9k el\u0151 (1908\u2013). A koml\u00f3termeszt\u00e9s k\u00e9rd\u00e9seit tanulm\u00e1nyozta Ausztri\u00e1ban, D-N\u00e9meto.-ban \u00e9s Gal\u00edci\u00e1ban (1908 \u00e9s 1911 nyar\u00e1n). A kv.-i egy.-en b\u00f6lcs\u00e9szdoktori oklevelet szerzett (1909). Kv.-on az erd\u00e9lyvid\u00e9ki f\u00f6ldm\u0171\u00advel\u00e9s\u00fcgyi min. kirendelts\u00e9gen Kolozs vm. gazd. \u00fcgyeit int\u00e9z\u0151 megb\u00edzott, a kirendelts\u00e9g helyettes vezet\u0151je (1909\u201319), Bp.-en a F\u00f6ldm\u0171vel\u00e9s\u00fcgyi Min. Tisztvisel\u0151je nyugd\u00edjaz\u00e1s\u00e1ig (1920\u201325). Tanulm\u00e1nyai jelentek meg a Zord Id\u0151ben. \u2013 <strong>F. m.:<\/strong> A takarm\u00e1ny\u00adn\u00f6v\u00e9nyekr\u0151l (Keszthely, 1898); A kendertermel\u00e9sr\u0151l (Kv., 1900); A magyar koml\u00f3 \u00e9rt\u00e9kes\u00edt\u00e9s\u00e9r\u0151l (Kv., 1900); A magyar koml\u00f3m\u00edvel\u00e9sr\u0151l (Kv., 1905; 1908); A magyar koml\u00f3 tobozterm\u00e9s\u00e9nek viszonyair\u00f3l (Kv., 1908); Utaz\u00e1s a falu\u00adb\u00f3l a k\u00f6zs\u00e9gbe. Falusi gazdas\u00e1gi t\u00e1rsadalmi kalauz (Kv., 1911); Falufejleszt\u00e9s az erd\u00e9lyi r\u00e9szeken (Kv., 1912; <strong>n\u00e9met\u00fcl:<\/strong> Wien, 1913); <strong>antol\u00f3g.:<\/strong> Z\u00f3rd Id\u0151 antol\u00f3gia (Mv., 1998). <br \/><strong>Irod.:<\/strong> \u00daM\u00c9L; Zord Id\u0151<\/br><\/p>\n","protected":false},"excerpt":{"rendered":"<p>Rohonc, 1869. m\u00e1rc. 27, \u2020 Miskolc, 1931. szept. 10: mez\u0151g. szak\u00edr\u00f3. \u2013 Miskolcon tanult, a kassai fels\u0151bb gazd. tanint.-ben gazd\u00e1sz oklevelet szerzett (1889), majd \u00e1ll. \u00f6szt\u00f6n\u00add\u00edjjal a hallei egy. gazd. int. -\u00e9ben tanult (1889\u201390). A debre\u00adceni fels\u0151bb gazd. tanint.-ben adjunktus (1893\u2013), seg\u00e9dtan\u00e1r (1896\u2013), a keszt\u00adhelyi fels\u0151bb gazd. tanint.-ben a n\u00f6v\u00e9ny\u00adtermel\u00e9s r. tan\u00e1ra (1897\u201398). Mint gazdas\u00e1gi [&hellip;]<\/p>\n","protected":false},"featured_media":0,"comment_status":"open","ping_status":"closed","template":"","meta":[],"product_brand":[],"product_cat":[137],"product_tag":[],"class_list":{"0":"post-6121","1":"product","2":"type-product","3":"status-publish","5":"product_cat-maros-megyei-eletrajzi-lexikon","7":"first","8":"instock","9":"shipping-taxable","10":"product-type-simple"},"_links":{"self":[{"href":"https:\/\/uj.adatbank.ro\/lexikon\/wp-json\/wp\/v2\/product\/6121","targetHints":{"allow":["GET"]}}],"collection":[{"href":"https:\/\/uj.adatbank.ro\/lexikon\/wp-json\/wp\/v2\/product"}],"about":[{"href":"https:\/\/uj.adatbank.ro\/lexikon\/wp-json\/wp\/v2\/types\/product"}],"replies":[{"embeddable":true,"href":"https:\/\/uj.adatbank.ro\/lexikon\/wp-json\/wp\/v2\/comments?post=6121"}],"wp:attachment":[{"href":"https:\/\/uj.adatbank.ro\/lexikon\/wp-json\/wp\/v2\/media?parent=6121"}],"wp:term":[{"taxonomy":"product_brand","embeddable":true,"href":"https:\/\/uj.adatbank.ro\/lexikon\/wp-json\/wp\/v2\/product_brand?post=6121"},{"taxonomy":"product_cat","embeddable":true,"href":"https:\/\/uj.adatbank.ro\/lexikon\/wp-json\/wp\/v2\/product_cat?post=6121"},{"taxonomy":"product_tag","embeddable":true,"href":"https:\/\/uj.adatbank.ro\/lexikon\/wp-json\/wp\/v2\/product_tag?post=6121"}],"curies":[{"name":"wp","href":"https:\/\/api.w.org\/{rel}","templated":true}]}}