{"id":6133,"date":"2025-06-28T17:41:48","date_gmt":"2025-06-28T15:41:48","guid":{"rendered":"https:\/\/uj.adatbank.ro\/lexikon\/termek\/csergoffy-jozsef-%c2%a7-rauschman\/"},"modified":"2025-06-28T17:41:48","modified_gmt":"2025-06-28T15:41:48","slug":"csergoffy-jozsef-%c2%a7-rauschman","status":"publish","type":"product","link":"https:\/\/uj.adatbank.ro\/lexikon\/termek\/csergoffy-jozsef-%c2%a7-rauschman\/","title":{"rendered":"CSERG\u0150FFY J\u00f3zsef, \u00a7 Rauschm\u00e1n"},"content":{"rendered":"<p>Ny\u00e1r\u00e1dszereda, 1878., \u2020 Mv., 1963. Szamos\u00fajv\u00e1ron temett\u00e9k: \u00f6rm\u00e9ny keresked\u0151 \u00e9s temetkez\u00e9si v\u00e1llalkoz\u00f3. \u2013 Cs. J\u00f3zsef \u00e9s Jakab Kata fia. Feles\u00e9ge: Nov\u00e1k Anna (1889\u20131949). 5 gyermek\u00fck sz\u00fcletett, k\u00fcz\u00fcl\u00fck: L\u00e1szl\u00f3 K\u00e1lm\u00e1n ny\u00e1r\u00e1dszeredai keresked\u0151 (1915\u20131978) \u2013 Kereskedelmi iskol\u00e1t v\u00e9gezett Nagyszebenben majd u. o. keresked\u0151. \u00c1tvette apja 1857-ben alap\u00edtott \u00fczlet\u00e9t Ny\u00e1r\u00e1dszered\u00e1ban (1903-\u00a0): textilkeresked\u0151 \u00e9s temetkez\u00e9si v\u00e1llalkoz\u00f3; a r. k. egyh\u00e1zk\u00f6zs\u00e9g tan\u00e1csosa, az iparos- \u00e9s polg\u00e1ri k\u00f6r, a Bocskai-dalk\u00f6r m\u0171k\u00f6d\u00e9s\u00e9ben vezet\u0151 szerepet j\u00e1tszott, a helyi kaszin\u00f3 p\u00e9nzt\u00e1rnoka volt. R\u00e9szt vett az I. vh.-ban (1914\u2013), rokkant lett, \u0151rmester. M\u00e9h\u00e9szettel is foglalkozott. <br \/><strong>Irod.:<\/strong> Erd\u00e9lyi ezredek; Ki kicsoda\u00a0?; M\u00e9h\u00e9szeti eml\u00e9kk\u00f6nyv (Bp. 1893); Sz\u00e1va; Sz\u00e1va 2012<\/br><\/p>\n","protected":false},"excerpt":{"rendered":"<p>Ny\u00e1r\u00e1dszereda, 1878., \u2020 Mv., 1963. Szamos\u00fajv\u00e1ron temett\u00e9k: \u00f6rm\u00e9ny keresked\u0151 \u00e9s temetkez\u00e9si v\u00e1llalkoz\u00f3. \u2013 Cs. J\u00f3zsef \u00e9s Jakab Kata fia. Feles\u00e9ge: Nov\u00e1k Anna (1889\u20131949). 5 gyermek\u00fck sz\u00fcletett, k\u00fcz\u00fcl\u00fck: L\u00e1szl\u00f3 K\u00e1lm\u00e1n ny\u00e1r\u00e1dszeredai keresked\u0151 (1915\u20131978) \u2013 Kereskedelmi iskol\u00e1t v\u00e9gezett Nagyszebenben majd u. o. keresked\u0151. \u00c1tvette apja 1857-ben alap\u00edtott \u00fczlet\u00e9t Ny\u00e1r\u00e1dszered\u00e1ban (1903-\u00a0): textilkeresked\u0151 \u00e9s temetkez\u00e9si v\u00e1llalkoz\u00f3; a r. k. [&hellip;]<\/p>\n","protected":false},"featured_media":0,"comment_status":"open","ping_status":"closed","template":"","meta":[],"product_brand":[],"product_cat":[137],"product_tag":[],"class_list":{"0":"post-6133","1":"product","2":"type-product","3":"status-publish","5":"product_cat-maros-megyei-eletrajzi-lexikon","7":"first","8":"instock","9":"shipping-taxable","10":"product-type-simple"},"_links":{"self":[{"href":"https:\/\/uj.adatbank.ro\/lexikon\/wp-json\/wp\/v2\/product\/6133","targetHints":{"allow":["GET"]}}],"collection":[{"href":"https:\/\/uj.adatbank.ro\/lexikon\/wp-json\/wp\/v2\/product"}],"about":[{"href":"https:\/\/uj.adatbank.ro\/lexikon\/wp-json\/wp\/v2\/types\/product"}],"replies":[{"embeddable":true,"href":"https:\/\/uj.adatbank.ro\/lexikon\/wp-json\/wp\/v2\/comments?post=6133"}],"wp:attachment":[{"href":"https:\/\/uj.adatbank.ro\/lexikon\/wp-json\/wp\/v2\/media?parent=6133"}],"wp:term":[{"taxonomy":"product_brand","embeddable":true,"href":"https:\/\/uj.adatbank.ro\/lexikon\/wp-json\/wp\/v2\/product_brand?post=6133"},{"taxonomy":"product_cat","embeddable":true,"href":"https:\/\/uj.adatbank.ro\/lexikon\/wp-json\/wp\/v2\/product_cat?post=6133"},{"taxonomy":"product_tag","embeddable":true,"href":"https:\/\/uj.adatbank.ro\/lexikon\/wp-json\/wp\/v2\/product_tag?post=6133"}],"curies":[{"name":"wp","href":"https:\/\/api.w.org\/{rel}","templated":true}]}}

CSERGŐFFY József, § Rauschmán

<p>Nyárádszereda, 1878., † Mv., 1963. Szamosújváron temették: örmény kereskedő és temetkezési vállalkozó. – Cs. József és Jakab Kata fia. Felesége: Novák Anna (1889–1949). 5 gyermekük született, küzülük: László Kálmán nyárádszeredai kereskedő (1915–1978) – Kereskedelmi iskolát végezett Nagyszebenben majd u. o. kereskedő. Átvette apja 1857-ben alapított üzletét Nyárádszeredában (1903- ): textilkereskedő és temetkezési vállalkozó; a r. k. egyházközség tanácsosa, az iparos- és polgári kör, a Bocskai-dalkör működésében vezető szerepet játszott, a helyi kaszinó pénztárnoka volt. Részt vett az I. vh.-ban (1914–), rokkant lett, őrmester. Méhészettel is foglalkozott. <br /><strong>Irod.:</strong> Erdélyi ezredek; Ki kicsoda ?; Méhészeti emlékkönyv (Bp. 1893); Száva; Száva 2012</br></p>

<p>Nyárádszereda, 1878., † Mv., 1963. Szamosújváron temették: örmény kereskedő és temetkezési vállalkozó. – Cs. József és Jakab Kata fia. Felesége: Novák Anna (1889–1949). 5 gyermekük született, küzülük: László Kálmán nyárádszeredai kereskedő (1915–1978) – Kereskedelmi iskolát végezett Nagyszebenben majd u. o. kereskedő. Átvette apja 1857-ben alapított üzletét Nyárádszeredában (1903- ): textilkereskedő és temetkezési vállalkozó; a r. k. [&hellip;]</p>
