{"id":6141,"date":"2025-06-28T17:42:02","date_gmt":"2025-06-28T15:42:02","guid":{"rendered":"https:\/\/uj.adatbank.ro\/lexikon\/termek\/csernatfalusi-andras\/"},"modified":"2025-06-28T17:42:02","modified_gmt":"2025-06-28T15:42:02","slug":"csernatfalusi-andras","status":"publish","type":"product","link":"https:\/\/uj.adatbank.ro\/lexikon\/termek\/csernatfalusi-andras\/","title":{"rendered":"CSERN\u00c1TFALUSI Andr\u00e1s"},"content":{"rendered":"<p>? \u2020\u00a0? : ref. lelk\u00e9sz. \u2013 Feles\u00e9ge: Bartha Kata. \u2013 Mv.-en subscrib\u00e1lt (1718). Radn\u00f3ton (1728\u201331), Kerel\u0151szentp\u00e1lon (1732\u201333), S\u00f3v\u00e1radon (1733\u20131741), Fintah\u00e1z\u00e1n (1743\u201352) \u00e9s Mez\u0151fel\u00e9ben szolg\u00e1lt. <br \/><strong>Irod.:<\/strong> Imreh Barna; K\u00fck\u00fcll\u0151i Ref. Egyh\u00e1zm. 2., 4.<\/br><\/p>\n","protected":false},"excerpt":{"rendered":"<p>? \u2020\u00a0? : ref. lelk\u00e9sz. \u2013 Feles\u00e9ge: Bartha Kata. \u2013 Mv.-en subscrib\u00e1lt (1718). Radn\u00f3ton (1728\u201331), Kerel\u0151szentp\u00e1lon (1732\u201333), S\u00f3v\u00e1radon (1733\u20131741), Fintah\u00e1z\u00e1n (1743\u201352) \u00e9s Mez\u0151fel\u00e9ben szolg\u00e1lt. Irod.: Imreh Barna; K\u00fck\u00fcll\u0151i Ref. Egyh\u00e1zm. 2., 4.<\/p>\n","protected":false},"featured_media":0,"comment_status":"open","ping_status":"closed","template":"","meta":[],"product_brand":[],"product_cat":[137],"product_tag":[],"class_list":{"0":"post-6141","1":"product","2":"type-product","3":"status-publish","5":"product_cat-maros-megyei-eletrajzi-lexikon","7":"first","8":"instock","9":"shipping-taxable","10":"product-type-simple"},"_links":{"self":[{"href":"https:\/\/uj.adatbank.ro\/lexikon\/wp-json\/wp\/v2\/product\/6141","targetHints":{"allow":["GET"]}}],"collection":[{"href":"https:\/\/uj.adatbank.ro\/lexikon\/wp-json\/wp\/v2\/product"}],"about":[{"href":"https:\/\/uj.adatbank.ro\/lexikon\/wp-json\/wp\/v2\/types\/product"}],"replies":[{"embeddable":true,"href":"https:\/\/uj.adatbank.ro\/lexikon\/wp-json\/wp\/v2\/comments?post=6141"}],"wp:attachment":[{"href":"https:\/\/uj.adatbank.ro\/lexikon\/wp-json\/wp\/v2\/media?parent=6141"}],"wp:term":[{"taxonomy":"product_brand","embeddable":true,"href":"https:\/\/uj.adatbank.ro\/lexikon\/wp-json\/wp\/v2\/product_brand?post=6141"},{"taxonomy":"product_cat","embeddable":true,"href":"https:\/\/uj.adatbank.ro\/lexikon\/wp-json\/wp\/v2\/product_cat?post=6141"},{"taxonomy":"product_tag","embeddable":true,"href":"https:\/\/uj.adatbank.ro\/lexikon\/wp-json\/wp\/v2\/product_tag?post=6141"}],"curies":[{"name":"wp","href":"https:\/\/api.w.org\/{rel}","templated":true}]}}