{"id":6142,"date":"2025-06-28T17:42:06","date_gmt":"2025-06-28T15:42:06","guid":{"rendered":"https:\/\/uj.adatbank.ro\/lexikon\/termek\/csernath-erno\/"},"modified":"2025-06-28T17:42:06","modified_gmt":"2025-06-28T15:42:06","slug":"csernath-erno","status":"publish","type":"product","link":"https:\/\/uj.adatbank.ro\/lexikon\/termek\/csernath-erno\/","title":{"rendered":"CSERN\u00c1TH Ern\u0151"},"content":{"rendered":"<p>Mv., 1929. dec. 17., \u2020\u00a0? : tan\u00e1r. \u2013 A mv.-i volt Ref. Koll.-ban \u00e9retts\u00e9gizett (1948), a kv.-i egyetemen k\u00e9mia szakot v\u00e9gzett (1948\u201350). Mv.-en az akkori Ranghe\u0163 \u2013 Fi\u00fal\u00edc-ban, a mai Bolyai Farkas L\u00edc-ban. (1952\u201361), a MIU szakl\u00edc.-ban (1962\u201369) tan\u00edtott. Az Arad megyei P\u00e9csk\u00e1n tan\u00edtott (1969\u201372). \u00dajra Mv.-re k\u00f6lt\u00f6z\u00f6tt (1974\u2013). <br \/><strong>Irod.:<\/strong> inf. Horv\u00e1th Szabolcs tan\u00e1rt\u00f3l; Sk\u00f3la<\/br><\/p>\n","protected":false},"excerpt":{"rendered":"<p>Mv., 1929. dec. 17., \u2020\u00a0? : tan\u00e1r. \u2013 A mv.-i volt Ref. Koll.-ban \u00e9retts\u00e9gizett (1948), a kv.-i egyetemen k\u00e9mia szakot v\u00e9gzett (1948\u201350). Mv.-en az akkori Ranghe\u0163 \u2013 Fi\u00fal\u00edc-ban, a mai Bolyai Farkas L\u00edc-ban. (1952\u201361), a MIU szakl\u00edc.-ban (1962\u201369) tan\u00edtott. Az Arad megyei P\u00e9csk\u00e1n tan\u00edtott (1969\u201372). \u00dajra Mv.-re k\u00f6lt\u00f6z\u00f6tt (1974\u2013). Irod.: inf. Horv\u00e1th Szabolcs tan\u00e1rt\u00f3l; Sk\u00f3la<\/p>\n","protected":false},"featured_media":0,"comment_status":"open","ping_status":"closed","template":"","meta":[],"product_brand":[],"product_cat":[137],"product_tag":[],"class_list":{"0":"post-6142","1":"product","2":"type-product","3":"status-publish","5":"product_cat-maros-megyei-eletrajzi-lexikon","7":"first","8":"instock","9":"shipping-taxable","10":"product-type-simple"},"_links":{"self":[{"href":"https:\/\/uj.adatbank.ro\/lexikon\/wp-json\/wp\/v2\/product\/6142","targetHints":{"allow":["GET"]}}],"collection":[{"href":"https:\/\/uj.adatbank.ro\/lexikon\/wp-json\/wp\/v2\/product"}],"about":[{"href":"https:\/\/uj.adatbank.ro\/lexikon\/wp-json\/wp\/v2\/types\/product"}],"replies":[{"embeddable":true,"href":"https:\/\/uj.adatbank.ro\/lexikon\/wp-json\/wp\/v2\/comments?post=6142"}],"wp:attachment":[{"href":"https:\/\/uj.adatbank.ro\/lexikon\/wp-json\/wp\/v2\/media?parent=6142"}],"wp:term":[{"taxonomy":"product_brand","embeddable":true,"href":"https:\/\/uj.adatbank.ro\/lexikon\/wp-json\/wp\/v2\/product_brand?post=6142"},{"taxonomy":"product_cat","embeddable":true,"href":"https:\/\/uj.adatbank.ro\/lexikon\/wp-json\/wp\/v2\/product_cat?post=6142"},{"taxonomy":"product_tag","embeddable":true,"href":"https:\/\/uj.adatbank.ro\/lexikon\/wp-json\/wp\/v2\/product_tag?post=6142"}],"curies":[{"name":"wp","href":"https:\/\/api.w.org\/{rel}","templated":true}]}}