{"id":6163,"date":"2025-06-28T17:42:47","date_gmt":"2025-06-28T15:42:47","guid":{"rendered":"https:\/\/uj.adatbank.ro\/lexikon\/termek\/csernatony-alajos-csernatoni-alajos-alsocsernatoni\/"},"modified":"2025-06-28T17:42:47","modified_gmt":"2025-06-28T15:42:47","slug":"csernatony-alajos-csernatoni-alajos-alsocsernatoni","status":"publish","type":"product","link":"https:\/\/uj.adatbank.ro\/lexikon\/termek\/csernatony-alajos-csernatoni-alajos-alsocsernatoni\/","title":{"rendered":"CSERN\u00c1TONY Alajos, Csern\u00e1toni Alajos, als\u00f3csern\u00e1toni"},"content":{"rendered":"<p>1822.? \u2020\u00a0Mv., 1914. m\u00e1rc. 23.: nagybirtokos, f\u0151hadnagy. \u2013 Testv\u00e9re: Albert, feles\u00e9ge Simai Etelka. Gyermekei: B\u00e9la; \u00d6d\u00f6n, feles\u00e9ge Blanka; Alajos, feles\u00e9ge Makoldi Janka; Ir\u00e9n Borb\u00e9ly K\u00e1rolyn\u00e9. \u2013 A mv.-i 12. honv\u00e9d z\u00e1szl\u00f3alj tizedese, majd hadnagya. 1848\u201349. -es honv\u00e9d f\u0151hadnagy volt. Nagybirtokos \u00e9s Maros-Torda vm. t\u00f6rv\u00e9nyhat\u00f3s\u00e1gi bizotts\u00e1gi tagja T\u00f6rv\u00e9nyhat\u00f3s\u00e1gi bizotts\u00e1gi tag. A harcokban sz\u00e1mtalan \u00fctk\u00f6zetben vett r\u00e9szt, a k\u00f6peci, a h\u00eddv\u00e9gi \u00e9s k\u00f6k\u00f6si csat\u00e1kban harcolt. A cs\u00e1sz\u00e1riak ki\u0171z\u00e9se ut\u00e1n Borg\u00f3prundn\u00e1l az oroszok elleni harcban vett r\u00e9szt, majd Vil\u00e1gosn\u00e1l \u0151 is letette a fegyvert. A Mv.-i Kaszin\u00f3 tagja. <br \/><strong>Irod.:<\/strong> Bi\u00e1s Istv\u00e1n; Gy\u00e1szjelent\u0151; Nagy Lajos: Nagyernye. = Eml\u00e9kk. Szab\u00f3 Mikl\u00f3s; Nagyernye; Nemes Gyula: Szakr\u00e1lis eml\u00e9kek. = P\u00e1l-Antal \u2013 Simon<\/br><\/p>\n","protected":false},"excerpt":{"rendered":"<p>1822.? \u2020\u00a0Mv., 1914. m\u00e1rc. 23.: nagybirtokos, f\u0151hadnagy. \u2013 Testv\u00e9re: Albert, feles\u00e9ge Simai Etelka. Gyermekei: B\u00e9la; \u00d6d\u00f6n, feles\u00e9ge Blanka; Alajos, feles\u00e9ge Makoldi Janka; Ir\u00e9n Borb\u00e9ly K\u00e1rolyn\u00e9. \u2013 A mv.-i 12. honv\u00e9d z\u00e1szl\u00f3alj tizedese, majd hadnagya. 1848\u201349. -es honv\u00e9d f\u0151hadnagy volt. Nagybirtokos \u00e9s Maros-Torda vm. t\u00f6rv\u00e9nyhat\u00f3s\u00e1gi bizotts\u00e1gi tagja T\u00f6rv\u00e9nyhat\u00f3s\u00e1gi bizotts\u00e1gi tag. A harcokban sz\u00e1mtalan \u00fctk\u00f6zetben vett r\u00e9szt, [&hellip;]<\/p>\n","protected":false},"featured_media":0,"comment_status":"open","ping_status":"closed","template":"","meta":[],"product_brand":[],"product_cat":[137],"product_tag":[],"class_list":{"0":"post-6163","1":"product","2":"type-product","3":"status-publish","5":"product_cat-maros-megyei-eletrajzi-lexikon","7":"first","8":"instock","9":"shipping-taxable","10":"product-type-simple"},"_links":{"self":[{"href":"https:\/\/uj.adatbank.ro\/lexikon\/wp-json\/wp\/v2\/product\/6163","targetHints":{"allow":["GET"]}}],"collection":[{"href":"https:\/\/uj.adatbank.ro\/lexikon\/wp-json\/wp\/v2\/product"}],"about":[{"href":"https:\/\/uj.adatbank.ro\/lexikon\/wp-json\/wp\/v2\/types\/product"}],"replies":[{"embeddable":true,"href":"https:\/\/uj.adatbank.ro\/lexikon\/wp-json\/wp\/v2\/comments?post=6163"}],"wp:attachment":[{"href":"https:\/\/uj.adatbank.ro\/lexikon\/wp-json\/wp\/v2\/media?parent=6163"}],"wp:term":[{"taxonomy":"product_brand","embeddable":true,"href":"https:\/\/uj.adatbank.ro\/lexikon\/wp-json\/wp\/v2\/product_brand?post=6163"},{"taxonomy":"product_cat","embeddable":true,"href":"https:\/\/uj.adatbank.ro\/lexikon\/wp-json\/wp\/v2\/product_cat?post=6163"},{"taxonomy":"product_tag","embeddable":true,"href":"https:\/\/uj.adatbank.ro\/lexikon\/wp-json\/wp\/v2\/product_tag?post=6163"}],"curies":[{"name":"wp","href":"https:\/\/api.w.org\/{rel}","templated":true}]}}

CSERNÁTONY Alajos, Csernátoni Alajos, alsócsernátoni

<p>1822.? † Mv., 1914. márc. 23.: nagybirtokos, főhadnagy. – Testvére: Albert, felesége Simai Etelka. Gyermekei: Béla; Ödön, felesége Blanka; Alajos, felesége Makoldi Janka; Irén Borbély Károlyné. – A mv.-i 12. honvéd zászlóalj tizedese, majd hadnagya. 1848–49. -es honvéd főhadnagy volt. Nagybirtokos és Maros-Torda vm. törvényhatósági bizottsági tagja Törvényhatósági bizottsági tag. A harcokban számtalan ütközetben vett részt, a köpeci, a hídvégi és kökösi csatákban harcolt. A császáriak kiűzése után Borgóprundnál az oroszok elleni harcban vett részt, majd Világosnál ő is letette a fegyvert. A Mv.-i Kaszinó tagja. <br /><strong>Irod.:</strong> Biás István; Gyászjelentő; Nagy Lajos: Nagyernye. = Emlékk. Szabó Miklós; Nagyernye; Nemes Gyula: Szakrális emlékek. = Pál-Antal – Simon</br></p>

<p>1822.? † Mv., 1914. márc. 23.: nagybirtokos, főhadnagy. – Testvére: Albert, felesége Simai Etelka. Gyermekei: Béla; Ödön, felesége Blanka; Alajos, felesége Makoldi Janka; Irén Borbély Károlyné. – A mv.-i 12. honvéd zászlóalj tizedese, majd hadnagya. 1848–49. -es honvéd főhadnagy volt. Nagybirtokos és Maros-Torda vm. törvényhatósági bizottsági tagja Törvényhatósági bizottsági tag. A harcokban számtalan ütközetben vett részt, [&hellip;]</p>
