{"id":6164,"date":"2025-06-28T17:42:49","date_gmt":"2025-06-28T15:42:49","guid":{"rendered":"https:\/\/uj.adatbank.ro\/lexikon\/termek\/csernatony-albert-alsocsernatoni\/"},"modified":"2025-06-28T17:42:49","modified_gmt":"2025-06-28T15:42:49","slug":"csernatony-albert-alsocsernatoni","status":"publish","type":"product","link":"https:\/\/uj.adatbank.ro\/lexikon\/termek\/csernatony-albert-alsocsernatoni\/","title":{"rendered":"CSERN\u00c1TONY Albert, als\u00f3csern\u00e1toni"},"content":{"rendered":"<p>1824.?, \u2020\u00a0Mez\u0151r\u00fccs, 1918. jan. 15. Mv.-en temett\u00e9k: nagybirtokos, v\u00e1rmegyei t\u00f6rv\u00e9nyhat\u00f3s\u00e1gi bizotts\u00e1gi tag. \u2013 Feles\u00e9ge: Simay Etelka. Le\u00e1nyuk\u00edy Blanka, f\u00e9rje Cs. \u00d6d\u00f6n. <br \/><strong>Irod.:<\/strong> Gy\u00e1szjelent\u0151<\/br><\/p>\n","protected":false},"excerpt":{"rendered":"<p>1824.?, \u2020\u00a0Mez\u0151r\u00fccs, 1918. jan. 15. Mv.-en temett\u00e9k: nagybirtokos, v\u00e1rmegyei t\u00f6rv\u00e9nyhat\u00f3s\u00e1gi bizotts\u00e1gi tag. \u2013 Feles\u00e9ge: Simay Etelka. Le\u00e1nyuk\u00edy Blanka, f\u00e9rje Cs. \u00d6d\u00f6n. Irod.: Gy\u00e1szjelent\u0151<\/p>\n","protected":false},"featured_media":0,"comment_status":"open","ping_status":"closed","template":"","meta":[],"product_brand":[],"product_cat":[137],"product_tag":[],"class_list":{"0":"post-6164","1":"product","2":"type-product","3":"status-publish","5":"product_cat-maros-megyei-eletrajzi-lexikon","7":"first","8":"instock","9":"shipping-taxable","10":"product-type-simple"},"_links":{"self":[{"href":"https:\/\/uj.adatbank.ro\/lexikon\/wp-json\/wp\/v2\/product\/6164","targetHints":{"allow":["GET"]}}],"collection":[{"href":"https:\/\/uj.adatbank.ro\/lexikon\/wp-json\/wp\/v2\/product"}],"about":[{"href":"https:\/\/uj.adatbank.ro\/lexikon\/wp-json\/wp\/v2\/types\/product"}],"replies":[{"embeddable":true,"href":"https:\/\/uj.adatbank.ro\/lexikon\/wp-json\/wp\/v2\/comments?post=6164"}],"wp:attachment":[{"href":"https:\/\/uj.adatbank.ro\/lexikon\/wp-json\/wp\/v2\/media?parent=6164"}],"wp:term":[{"taxonomy":"product_brand","embeddable":true,"href":"https:\/\/uj.adatbank.ro\/lexikon\/wp-json\/wp\/v2\/product_brand?post=6164"},{"taxonomy":"product_cat","embeddable":true,"href":"https:\/\/uj.adatbank.ro\/lexikon\/wp-json\/wp\/v2\/product_cat?post=6164"},{"taxonomy":"product_tag","embeddable":true,"href":"https:\/\/uj.adatbank.ro\/lexikon\/wp-json\/wp\/v2\/product_tag?post=6164"}],"curies":[{"name":"wp","href":"https:\/\/api.w.org\/{rel}","templated":true}]}}