{"id":6170,"date":"2025-06-28T17:43:01","date_gmt":"2025-06-28T15:43:01","guid":{"rendered":"https:\/\/uj.adatbank.ro\/lexikon\/termek\/csete-bela-%c2%a7\/"},"modified":"2025-06-28T17:43:01","modified_gmt":"2025-06-28T15:43:01","slug":"csete-bela-%c2%a7","status":"publish","type":"product","link":"https:\/\/uj.adatbank.ro\/lexikon\/termek\/csete-bela-%c2%a7\/","title":{"rendered":"CSETE B\u00e9la, \u00a7"},"content":{"rendered":"<p>Tancs, 1880. j\u00fal. 22., \u2020\u00a0Marosszentgy\u00f6rgy, 1967. nov. 20.: igazgat\u00f3-tan\u00edt\u00f3, polg\u00e1rmester. \u2013 K\u00f6z\u00e9piskol\u00e1t Mv.-en v\u00e9gzett, tan\u00edt\u00f3i okl. -et Bp.-en szerzett (1900). T\u00f6r\u00f6kszentmikl\u00f3son, R\u00e1k\u00f3czifalv\u00e1n, Marosszentgy\u00f6rgy\u00f6n tan\u00edtott a ref. elemi iskol\u00e1ban (1900\u201338). A ref. egyh\u00e1zk\u00f6zs\u00e9g templom\u00e9p\u00edt\u00e9si alapot ind\u00edtott (1908. \u00e1pr. 20.). 22 tag\u00fa M. Dalk\u00f6r vezet\u0151je (1911). R\u00e9szt vett az I. vh.-ban, orosz fogs\u00e1gba esett (1915\u201321).). Nem tette le a v\u00e9gleges\u00edt\u0151 vizsg\u00e1t (1921). A h\u00e1bor\u00fa ut\u00e1n \u00f6r\u00f6k\u00f6lte Marosszentgy\u00f6rgy\u00f6n a mai s\u00f3sf\u00fcrd\u0151 ter\u00fclet\u00e9t, ahol ki\u00e9p\u00edtette a melegvizes f\u00fcrd\u0151t \u00e9s a strandot (1920\u201324). A f\u00fcrd\u0151 a szebeni Takar\u00e9kp\u00e9nzt\u00e1r R. T. tulajdon\u00e1ba, majd az \u00e1llamos\u00edt\u00e1s ut\u00e1n az \u00e1llam tulajdon\u00e1ba ker\u00fclt (1948). A falu polg\u00e1rmester\u00e9v\u00e9 v\u00e1lasztott\u00e1k (1940\u201341). <br \/><strong>Irod.:<\/strong> Berekm\u00e9ri \u00c1rp\u00e1d-R\u00f3bert: Vizit\u00e1ci\u00f3k Marosszentgy\u00f6rgy\u00f6n a 20. sz. els\u0151 \u00e9vtizedeiben (1900\u20131939) = Marosszentgy\u00f6rgy; Dasc\u0103li mure\u015feni, 4.; Erd\u00e9lyi v\u00e1rmegy\u00e9k; Marosszentgy\u00f6rgy; A Marosszentgy\u00f6rgyi k\u00f3rus r\u00f6vid t\u00f6rt\u00e9nete (N\u00fa., 2001. \u00e1pr. 10.); Opri\u015f-Moldovan; S\u00e2ngeorgiu de Mure\u015f; S\u00e2ngeorgiu de Mure\u015f \u2013 \u015ecoala<\/br><\/p>\n","protected":false},"excerpt":{"rendered":"<p>Tancs, 1880. j\u00fal. 22., \u2020\u00a0Marosszentgy\u00f6rgy, 1967. nov. 20.: igazgat\u00f3-tan\u00edt\u00f3, polg\u00e1rmester. \u2013 K\u00f6z\u00e9piskol\u00e1t Mv.-en v\u00e9gzett, tan\u00edt\u00f3i okl. -et Bp.-en szerzett (1900). T\u00f6r\u00f6kszentmikl\u00f3son, R\u00e1k\u00f3czifalv\u00e1n, Marosszentgy\u00f6rgy\u00f6n tan\u00edtott a ref. elemi iskol\u00e1ban (1900\u201338). A ref. egyh\u00e1zk\u00f6zs\u00e9g templom\u00e9p\u00edt\u00e9si alapot ind\u00edtott (1908. \u00e1pr. 20.). 22 tag\u00fa M. Dalk\u00f6r vezet\u0151je (1911). R\u00e9szt vett az I. vh.-ban, orosz fogs\u00e1gba esett (1915\u201321).). Nem tette [&hellip;]<\/p>\n","protected":false},"featured_media":0,"comment_status":"open","ping_status":"closed","template":"","meta":[],"product_brand":[],"product_cat":[137],"product_tag":[],"class_list":{"0":"post-6170","1":"product","2":"type-product","3":"status-publish","5":"product_cat-maros-megyei-eletrajzi-lexikon","7":"first","8":"instock","9":"shipping-taxable","10":"product-type-simple"},"_links":{"self":[{"href":"https:\/\/uj.adatbank.ro\/lexikon\/wp-json\/wp\/v2\/product\/6170","targetHints":{"allow":["GET"]}}],"collection":[{"href":"https:\/\/uj.adatbank.ro\/lexikon\/wp-json\/wp\/v2\/product"}],"about":[{"href":"https:\/\/uj.adatbank.ro\/lexikon\/wp-json\/wp\/v2\/types\/product"}],"replies":[{"embeddable":true,"href":"https:\/\/uj.adatbank.ro\/lexikon\/wp-json\/wp\/v2\/comments?post=6170"}],"wp:attachment":[{"href":"https:\/\/uj.adatbank.ro\/lexikon\/wp-json\/wp\/v2\/media?parent=6170"}],"wp:term":[{"taxonomy":"product_brand","embeddable":true,"href":"https:\/\/uj.adatbank.ro\/lexikon\/wp-json\/wp\/v2\/product_brand?post=6170"},{"taxonomy":"product_cat","embeddable":true,"href":"https:\/\/uj.adatbank.ro\/lexikon\/wp-json\/wp\/v2\/product_cat?post=6170"},{"taxonomy":"product_tag","embeddable":true,"href":"https:\/\/uj.adatbank.ro\/lexikon\/wp-json\/wp\/v2\/product_tag?post=6170"}],"curies":[{"name":"wp","href":"https:\/\/api.w.org\/{rel}","templated":true}]}}

CSETE Béla, §

<p>Tancs, 1880. júl. 22., † Marosszentgyörgy, 1967. nov. 20.: igazgató-tanító, polgármester. – Középiskolát Mv.-en végzett, tanítói okl. -et Bp.-en szerzett (1900). Törökszentmiklóson, Rákóczifalván, Marosszentgyörgyön tanított a ref. elemi iskolában (1900–38). A ref. egyházközség templomépítési alapot indított (1908. ápr. 20.). 22 tagú M. Dalkör vezetője (1911). Részt vett az I. vh.-ban, orosz fogságba esett (1915–21).). Nem tette le a véglegesítő vizsgát (1921). A háború után örökölte Marosszentgyörgyön a mai sósfürdő területét, ahol kiépítette a melegvizes fürdőt és a strandot (1920–24). A fürdő a szebeni Takarékpénztár R. T. tulajdonába, majd az államosítás után az állam tulajdonába került (1948). A falu polgármesterévé választották (1940–41). <br /><strong>Irod.:</strong> Berekméri Árpád-Róbert: Vizitációk Marosszentgyörgyön a 20. sz. első évtizedeiben (1900–1939) = Marosszentgyörgy; Dascăli mureşeni, 4.; Erdélyi vármegyék; Marosszentgyörgy; A Marosszentgyörgyi kórus rövid története (Nú., 2001. ápr. 10.); Opriş-Moldovan; Sângeorgiu de Mureş; Sângeorgiu de Mureş – Şcoala</br></p>

<p>Tancs, 1880. júl. 22., † Marosszentgyörgy, 1967. nov. 20.: igazgató-tanító, polgármester. – Középiskolát Mv.-en végzett, tanítói okl. -et Bp.-en szerzett (1900). Törökszentmiklóson, Rákóczifalván, Marosszentgyörgyön tanított a ref. elemi iskolában (1900–38). A ref. egyházközség templomépítési alapot indított (1908. ápr. 20.). 22 tagú M. Dalkör vezetője (1911). Részt vett az I. vh.-ban, orosz fogságba esett (1915–21).). Nem tette [&hellip;]</p>
