{"id":6173,"date":"2025-06-28T17:43:07","date_gmt":"2025-06-28T15:43:07","guid":{"rendered":"https:\/\/uj.adatbank.ro\/lexikon\/termek\/csetri-janos\/"},"modified":"2025-06-28T17:43:07","modified_gmt":"2025-06-28T15:43:07","slug":"csetri-janos","status":"publish","type":"product","link":"https:\/\/uj.adatbank.ro\/lexikon\/termek\/csetri-janos\/","title":{"rendered":"CSETRI J\u00e1nos"},"content":{"rendered":"<p>Mv., 1893. j\u00fal. 10., \u2020 Mv., 1946. j\u00fal. 9.: cip\u00e9sz, politikus. \u2013 Mv.-en cip\u00e9szinas, Bp.-en tanulta a szakm\u00e1t 4 \u00e9vig, beiratkozott a cip\u00e9sz munk\u00e1sok szakszervezet\u00e9be, a szoci\u00e1ldemokrata p\u00e1rtba, p\u00e1rtiskol\u00e1ba, sz\u00f3nokk\u00e9pz\u0151 tanfolyamokon k\u00e9pezte mag\u00e1t, elv\u00e9gezte a munk\u00e1segyetemet. Mv.-en r\u00e9szt vett a szakszervezeti \u00e9letben. Megszervezte a Szoci\u00e1ldemokrata P\u00e1rtot Kov\u00e1cs J\u00f3zseffel egy\u00fctt (1914), a helyi szervezet eln\u00f6ke. Munk\u00e1ssz\u00f3nok, a mv.-i munk\u00e1ss\u00e1g vezet\u0151 egy\u00e9nis\u00e9ge, a szabadiskola \u00e9s a marxizmus n\u00e9pszer\u0171s\u00edt\u00e9s\u00e9nek kiemelked\u0151 alakja. Mv.-en \u00fajj\u00e1szervezte a Szoci\u00e1ldemokrata P\u00e1rtot, amelynek titk\u00e1r\u00e1v\u00e1 v\u00e1lasztott\u00e1k (1917). A M. Szocdem P\u00e1rt mv.-i szervezet\u00e9nek vezet\u0151je, aki a nagyszab\u00e1s\u00fa mv.- i n\u00e9pgy\u00fcl\u00e9sen a munk\u00e1ss\u00e1g nev\u00e9ben sz\u00f3lalt fel (1918. okt. 31.). A mv.-i Nemzeti Tan\u00e1csban aleln\u00f6ki tiszt\u00e9sget kapott (1918). Szakszervezeti vezet\u0151 volt (1920). A cip\u00e9szmunk\u00e1sok k\u00fcld\u00f6ttek\u00e9nt vett r\u00e9szt az Erd\u00e9ly \u00e9s B\u00e1n\u00e1ti B\u0151ripari-munk\u00e1sok Sz\u00f6vets\u00e9g\u00e9nek kongresszus\u00e1n (1921) \u00e9s Mv.-en megszervezte a cip\u00e9szmunk\u00e1sok sz\u00f6vetkezet\u00e9t (1921. szept.), amelynek eln\u00f6ke is volt egy ideig. Egyh\u00f3napi elz\u00e1r\u00e1sra \u00e9s 2000 lej p\u00e9nzb\u00fcntet\u00e9sre \u00edt\u00e9lt\u00e9k egy m\u00e9g 1924-ben a MP \u00fcl\u00e9s\u00e9n elhangzott besz\u00e9d\u00e9nek \u00e1llamellenes volta miatt (1928). Mez\u0151b\u00e1ndra k\u00f6lt\u00f6z\u00f6tt \u00e9s ott G\u00e1lfi cip\u00e9szmestern\u00e9l dolgozott (1924\u201336). A T\u00fck\u00f6r c. szocialista lap \u00e1lland\u00f3 bels\u0151 munkat\u00e1rsa volt. Mv.-en \u00fajj\u00e1szervezte a Szoci\u00e1ldemokrata P\u00e1rtot (1944 febr.), meghurcolt\u00e1k, intern\u00e1l\u00f3t\u00e1borba ker\u00fclt (1944. \u00e1pr. &#8211; \u00f6szig). A felszabadul\u00e1s ut\u00e1n megalakult Szakszervezeti Tan\u00e1csnak titk\u00e1ra, majd eln\u00f6ke volt. Tagja volt a Maros megyei Politikai Bizotts\u00e1gnak (1945. aug. 1.). <br \/><strong>Irod.:<\/strong> Fuchs Simon: A kommunista P\u00e1rthoz vezet\u0151 \u00faton (Korunk, 10. sz., 1957); Horv\u00e1th Emil: CS. J. (Hal\u00e1l\u00e1nak 25. \u00e9vfordul\u00f3j\u00e1ra) (V. Z., 1971. j\u00fal. 9.); Id\u0151t\u00e1r 3; Katona Szab\u00f3; Maros megyei m. -s\u00e1g. 4.; Mv. t\u00f6rt. 2; \u00d6kr\u00f6s; Polg\u00e1r Istv\u00e1n: Cs. J., 1893\u20131946 [Nekrol\u00f3g] (Szabad Sz\u00f3, 1946. j\u00fal. 12.; 1946. j\u00fal. 13.)<\/br><\/p>\n","protected":false},"excerpt":{"rendered":"<p>Mv., 1893. j\u00fal. 10., \u2020 Mv., 1946. j\u00fal. 9.: cip\u00e9sz, politikus. \u2013 Mv.-en cip\u00e9szinas, Bp.-en tanulta a szakm\u00e1t 4 \u00e9vig, beiratkozott a cip\u00e9sz munk\u00e1sok szakszervezet\u00e9be, a szoci\u00e1ldemokrata p\u00e1rtba, p\u00e1rtiskol\u00e1ba, sz\u00f3nokk\u00e9pz\u0151 tanfolyamokon k\u00e9pezte mag\u00e1t, elv\u00e9gezte a munk\u00e1segyetemet. Mv.-en r\u00e9szt vett a szakszervezeti \u00e9letben. Megszervezte a Szoci\u00e1ldemokrata P\u00e1rtot Kov\u00e1cs J\u00f3zseffel egy\u00fctt (1914), a helyi szervezet eln\u00f6ke. Munk\u00e1ssz\u00f3nok, [&hellip;]<\/p>\n","protected":false},"featured_media":0,"comment_status":"open","ping_status":"closed","template":"","meta":[],"product_brand":[],"product_cat":[137],"product_tag":[],"class_list":{"0":"post-6173","1":"product","2":"type-product","3":"status-publish","5":"product_cat-maros-megyei-eletrajzi-lexikon","7":"first","8":"instock","9":"shipping-taxable","10":"product-type-simple"},"_links":{"self":[{"href":"https:\/\/uj.adatbank.ro\/lexikon\/wp-json\/wp\/v2\/product\/6173","targetHints":{"allow":["GET"]}}],"collection":[{"href":"https:\/\/uj.adatbank.ro\/lexikon\/wp-json\/wp\/v2\/product"}],"about":[{"href":"https:\/\/uj.adatbank.ro\/lexikon\/wp-json\/wp\/v2\/types\/product"}],"replies":[{"embeddable":true,"href":"https:\/\/uj.adatbank.ro\/lexikon\/wp-json\/wp\/v2\/comments?post=6173"}],"wp:attachment":[{"href":"https:\/\/uj.adatbank.ro\/lexikon\/wp-json\/wp\/v2\/media?parent=6173"}],"wp:term":[{"taxonomy":"product_brand","embeddable":true,"href":"https:\/\/uj.adatbank.ro\/lexikon\/wp-json\/wp\/v2\/product_brand?post=6173"},{"taxonomy":"product_cat","embeddable":true,"href":"https:\/\/uj.adatbank.ro\/lexikon\/wp-json\/wp\/v2\/product_cat?post=6173"},{"taxonomy":"product_tag","embeddable":true,"href":"https:\/\/uj.adatbank.ro\/lexikon\/wp-json\/wp\/v2\/product_tag?post=6173"}],"curies":[{"name":"wp","href":"https:\/\/api.w.org\/{rel}","templated":true}]}}

CSETRI János

<p>Mv., 1893. júl. 10., † Mv., 1946. júl. 9.: cipész, politikus. – Mv.-en cipészinas, Bp.-en tanulta a szakmát 4 évig, beiratkozott a cipész munkások szakszervezetébe, a szociáldemokrata pártba, pártiskolába, szónokképző tanfolyamokon képezte magát, elvégezte a munkásegyetemet. Mv.-en részt vett a szakszervezeti életben. Megszervezte a Szociáldemokrata Pártot Kovács Józseffel együtt (1914), a helyi szervezet elnöke. Munkásszónok, a mv.-i munkásság vezető egyénisége, a szabadiskola és a marxizmus népszerűsítésének kiemelkedő alakja. Mv.-en újjászervezte a Szociáldemokrata Pártot, amelynek titkárává választották (1917). A M. Szocdem Párt mv.-i szervezetének vezetője, aki a nagyszabású mv.- i népgyülésen a munkásság nevében szólalt fel (1918. okt. 31.). A mv.-i Nemzeti Tanácsban alelnöki tisztésget kapott (1918). Szakszervezeti vezető volt (1920). A cipészmunkások küldötteként vett részt az Erdély és Bánáti Bőripari-munkások Szövetségének kongresszusán (1921) és Mv.-en megszervezte a cipészmunkások szövetkezetét (1921. szept.), amelynek elnöke is volt egy ideig. Egyhónapi elzárásra és 2000 lej pénzbüntetésre ítélték egy még 1924-ben a MP ülésén elhangzott beszédének államellenes volta miatt (1928). Mezőbándra költözött és ott Gálfi cipészmesternél dolgozott (1924–36). A Tükör c. szocialista lap állandó belső munkatársa volt. Mv.-en újjászervezte a Szociáldemokrata Pártot (1944 febr.), meghurcolták, internálótáborba került (1944. ápr. &#8211; öszig). A felszabadulás után megalakult Szakszervezeti Tanácsnak titkára, majd elnöke volt. Tagja volt a Maros megyei Politikai Bizottságnak (1945. aug. 1.). <br /><strong>Irod.:</strong> Fuchs Simon: A kommunista Párthoz vezető úton (Korunk, 10. sz., 1957); Horváth Emil: CS. J. (Halálának 25. évfordulójára) (V. Z., 1971. júl. 9.); Időtár 3; Katona Szabó; Maros megyei m. -ság. 4.; Mv. tört. 2; Ökrös; Polgár István: Cs. J., 1893–1946 [Nekrológ] (Szabad Szó, 1946. júl. 12.; 1946. júl. 13.)</br></p>

<p>Mv., 1893. júl. 10., † Mv., 1946. júl. 9.: cipész, politikus. – Mv.-en cipészinas, Bp.-en tanulta a szakmát 4 évig, beiratkozott a cipész munkások szakszervezetébe, a szociáldemokrata pártba, pártiskolába, szónokképző tanfolyamokon képezte magát, elvégezte a munkásegyetemet. Mv.-en részt vett a szakszervezeti életben. Megszervezte a Szociáldemokrata Pártot Kovács Józseffel együtt (1914), a helyi szervezet elnöke. Munkásszónok, [&hellip;]</p>
