{"id":6178,"date":"2025-06-28T17:43:16","date_gmt":"2025-06-28T15:43:16","guid":{"rendered":"https:\/\/uj.adatbank.ro\/lexikon\/termek\/csibi-janos\/"},"modified":"2025-06-28T17:43:16","modified_gmt":"2025-06-28T15:43:16","slug":"csibi-janos","status":"publish","type":"product","link":"https:\/\/uj.adatbank.ro\/lexikon\/termek\/csibi-janos\/","title":{"rendered":"CSIBI J\u00e1nos"},"content":{"rendered":"<p>Sz\u00e1szr\u00e9gen, 1884., \u2020\u00a0?: moln\u00e1rmester, malomb\u00e9rl\u0151. \u2013 Apja J\u00f3zsef is moln\u00e1r volt. Iskol\u00e1i elv\u00e9gz\u00e9se ut\u00e1n a moln\u00e1ripart tanulta. Mint malomb\u00e9rl\u0151 el\u0151sz\u00f6r Magyar\u00f3n kezdte munk\u00e1lkod\u00e1s\u00e1t az els\u0151 vh ut\u00e1n, testv\u00e9r\u00e9vel, azut\u00e1n a radn\u00f3tf\u00e1ji malom b\u00e9rl\u0151je lett (1930\u2013), v\u00e1m \u2013 \u00e9s csere\u00f6rl\u00e9ssel foglalkozott. Az els\u0151 v. h.-ban a 62 gy. ezreddel az orosz fronton harcolt, n\u00e9gy\u00e9vi fogs\u00e1g ut\u00e1n ker\u00fclt haza (1919). A K\u00e1roly Csapatkereszt kit\u00fcntetettje. <br \/><strong>Irod.:<\/strong> Magyar\u00f3 h\u00e9tk\u00f6tnapjai; Sz\u00e9kelyf\u00f6ld \u00ed. k<\/br><\/p>\n","protected":false},"excerpt":{"rendered":"<p>Sz\u00e1szr\u00e9gen, 1884., \u2020\u00a0?: moln\u00e1rmester, malomb\u00e9rl\u0151. \u2013 Apja J\u00f3zsef is moln\u00e1r volt. Iskol\u00e1i elv\u00e9gz\u00e9se ut\u00e1n a moln\u00e1ripart tanulta. Mint malomb\u00e9rl\u0151 el\u0151sz\u00f6r Magyar\u00f3n kezdte munk\u00e1lkod\u00e1s\u00e1t az els\u0151 vh ut\u00e1n, testv\u00e9r\u00e9vel, azut\u00e1n a radn\u00f3tf\u00e1ji malom b\u00e9rl\u0151je lett (1930\u2013), v\u00e1m \u2013 \u00e9s csere\u00f6rl\u00e9ssel foglalkozott. Az els\u0151 v. h.-ban a 62 gy. ezreddel az orosz fronton harcolt, n\u00e9gy\u00e9vi fogs\u00e1g ut\u00e1n [&hellip;]<\/p>\n","protected":false},"featured_media":0,"comment_status":"open","ping_status":"closed","template":"","meta":[],"product_brand":[],"product_cat":[137],"product_tag":[],"class_list":{"0":"post-6178","1":"product","2":"type-product","3":"status-publish","5":"product_cat-maros-megyei-eletrajzi-lexikon","7":"first","8":"instock","9":"shipping-taxable","10":"product-type-simple"},"_links":{"self":[{"href":"https:\/\/uj.adatbank.ro\/lexikon\/wp-json\/wp\/v2\/product\/6178","targetHints":{"allow":["GET"]}}],"collection":[{"href":"https:\/\/uj.adatbank.ro\/lexikon\/wp-json\/wp\/v2\/product"}],"about":[{"href":"https:\/\/uj.adatbank.ro\/lexikon\/wp-json\/wp\/v2\/types\/product"}],"replies":[{"embeddable":true,"href":"https:\/\/uj.adatbank.ro\/lexikon\/wp-json\/wp\/v2\/comments?post=6178"}],"wp:attachment":[{"href":"https:\/\/uj.adatbank.ro\/lexikon\/wp-json\/wp\/v2\/media?parent=6178"}],"wp:term":[{"taxonomy":"product_brand","embeddable":true,"href":"https:\/\/uj.adatbank.ro\/lexikon\/wp-json\/wp\/v2\/product_brand?post=6178"},{"taxonomy":"product_cat","embeddable":true,"href":"https:\/\/uj.adatbank.ro\/lexikon\/wp-json\/wp\/v2\/product_cat?post=6178"},{"taxonomy":"product_tag","embeddable":true,"href":"https:\/\/uj.adatbank.ro\/lexikon\/wp-json\/wp\/v2\/product_tag?post=6178"}],"curies":[{"name":"wp","href":"https:\/\/api.w.org\/{rel}","templated":true}]}}

CSIBI János

<p>Szászrégen, 1884., † ?: molnármester, malombérlő. – Apja József is molnár volt. Iskolái elvégzése után a molnáripart tanulta. Mint malombérlő először Magyarón kezdte munkálkodását az első vh után, testvérével, azután a radnótfáji malom bérlője lett (1930–), vám – és csereörléssel foglalkozott. Az első v. h.-ban a 62 gy. ezreddel az orosz fronton harcolt, négyévi fogság után került haza (1919). A Károly Csapatkereszt kitüntetettje. <br /><strong>Irod.:</strong> Magyaró hétkötnapjai; Székelyföld í. k</br></p>

<p>Szászrégen, 1884., † ?: molnármester, malombérlő. – Apja József is molnár volt. Iskolái elvégzése után a molnáripart tanulta. Mint malombérlő először Magyarón kezdte munkálkodását az első vh után, testvérével, azután a radnótfáji malom bérlője lett (1930–), vám – és csereörléssel foglalkozott. Az első v. h.-ban a 62 gy. ezreddel az orosz fronton harcolt, négyévi fogság után [&hellip;]</p>
