{"id":6180,"date":"2025-06-28T17:43:19","date_gmt":"2025-06-28T15:43:19","guid":{"rendered":"https:\/\/uj.adatbank.ro\/lexikon\/termek\/csiby-istvan\/"},"modified":"2025-06-28T17:43:19","modified_gmt":"2025-06-28T15:43:19","slug":"csiby-istvan","status":"publish","type":"product","link":"https:\/\/uj.adatbank.ro\/lexikon\/termek\/csiby-istvan\/","title":{"rendered":"CSIBY Istv\u00e1n"},"content":{"rendered":"<p>Gyergy\u00f3szentmikl\u00f3s, 1912. m\u00e1rc. 2., \u2020\u00a01945. febr. 5.: r. k. pl\u00e9b\u00e1nos. \u2013 Tanulm\u00e1nyait Gyergy\u00f3szentmikl\u00f3son, Sz\u00e9kelyudvarhelyen \u00e9s Temesv\u00e1ron, a teol\u00f3gi\u00e1t Gyulafeh\u00e9rv\u00e1ron v\u00e9gezte. Papp\u00e1 szentelt\u00e9k (1935. j\u00fal. 7.). K\u00e1pl\u00e1n volt Torj\u00e1n, Gelenc\u00e9n, majd Gyergy\u00f3szentmikl\u00f3son, Kv.-on volt (\u20131938). Innen Sz\u00e9kelyv\u00e9ck\u00e9re ker\u00fclt, mint pl\u00e9b\u00e1nos (1938\u201341). Hitoktat\u00f3 Mv.-en (1941\u201344), Sepsiszentgy\u00f6rgy\u00f6n (1944\u2013). <br \/><strong>Irod.:<\/strong> Ferenczi S\u00e1ndor 2009; Sz\u00e9kelyf\u00f6ld \u00ed. k<\/br><\/p>\n","protected":false},"excerpt":{"rendered":"<p>Gyergy\u00f3szentmikl\u00f3s, 1912. m\u00e1rc. 2., \u2020\u00a01945. febr. 5.: r. k. pl\u00e9b\u00e1nos. \u2013 Tanulm\u00e1nyait Gyergy\u00f3szentmikl\u00f3son, Sz\u00e9kelyudvarhelyen \u00e9s Temesv\u00e1ron, a teol\u00f3gi\u00e1t Gyulafeh\u00e9rv\u00e1ron v\u00e9gezte. Papp\u00e1 szentelt\u00e9k (1935. j\u00fal. 7.). K\u00e1pl\u00e1n volt Torj\u00e1n, Gelenc\u00e9n, majd Gyergy\u00f3szentmikl\u00f3son, Kv.-on volt (\u20131938). Innen Sz\u00e9kelyv\u00e9ck\u00e9re ker\u00fclt, mint pl\u00e9b\u00e1nos (1938\u201341). Hitoktat\u00f3 Mv.-en (1941\u201344), Sepsiszentgy\u00f6rgy\u00f6n (1944\u2013). Irod.: Ferenczi S\u00e1ndor 2009; Sz\u00e9kelyf\u00f6ld \u00ed. k<\/p>\n","protected":false},"featured_media":0,"comment_status":"open","ping_status":"closed","template":"","meta":[],"product_brand":[],"product_cat":[137],"product_tag":[],"class_list":{"0":"post-6180","1":"product","2":"type-product","3":"status-publish","5":"product_cat-maros-megyei-eletrajzi-lexikon","7":"first","8":"instock","9":"shipping-taxable","10":"product-type-simple"},"_links":{"self":[{"href":"https:\/\/uj.adatbank.ro\/lexikon\/wp-json\/wp\/v2\/product\/6180","targetHints":{"allow":["GET"]}}],"collection":[{"href":"https:\/\/uj.adatbank.ro\/lexikon\/wp-json\/wp\/v2\/product"}],"about":[{"href":"https:\/\/uj.adatbank.ro\/lexikon\/wp-json\/wp\/v2\/types\/product"}],"replies":[{"embeddable":true,"href":"https:\/\/uj.adatbank.ro\/lexikon\/wp-json\/wp\/v2\/comments?post=6180"}],"wp:attachment":[{"href":"https:\/\/uj.adatbank.ro\/lexikon\/wp-json\/wp\/v2\/media?parent=6180"}],"wp:term":[{"taxonomy":"product_brand","embeddable":true,"href":"https:\/\/uj.adatbank.ro\/lexikon\/wp-json\/wp\/v2\/product_brand?post=6180"},{"taxonomy":"product_cat","embeddable":true,"href":"https:\/\/uj.adatbank.ro\/lexikon\/wp-json\/wp\/v2\/product_cat?post=6180"},{"taxonomy":"product_tag","embeddable":true,"href":"https:\/\/uj.adatbank.ro\/lexikon\/wp-json\/wp\/v2\/product_tag?post=6180"}],"curies":[{"name":"wp","href":"https:\/\/api.w.org\/{rel}","templated":true}]}}

CSIBY István

<p>Gyergyószentmiklós, 1912. márc. 2., † 1945. febr. 5.: r. k. plébános. – Tanulmányait Gyergyószentmiklóson, Székelyudvarhelyen és Temesváron, a teológiát Gyulafehérváron végezte. Pappá szentelték (1935. júl. 7.). Káplán volt Torján, Gelencén, majd Gyergyószentmiklóson, Kv.-on volt (–1938). Innen Székelyvéckére került, mint plébános (1938–41). Hitoktató Mv.-en (1941–44), Sepsiszentgyörgyön (1944–). <br /><strong>Irod.:</strong> Ferenczi Sándor 2009; Székelyföld í. k</br></p>

<p>Gyergyószentmiklós, 1912. márc. 2., † 1945. febr. 5.: r. k. plébános. – Tanulmányait Gyergyószentmiklóson, Székelyudvarhelyen és Temesváron, a teológiát Gyulafehérváron végezte. Pappá szentelték (1935. júl. 7.). Káplán volt Torján, Gelencén, majd Gyergyószentmiklóson, Kv.-on volt (–1938). Innen Székelyvéckére került, mint plébános (1938–41). Hitoktató Mv.-en (1941–44), Sepsiszentgyörgyön (1944–). Irod.: Ferenczi Sándor 2009; Székelyföld í. k</p>
