{"id":6181,"date":"2025-06-28T17:43:21","date_gmt":"2025-06-28T15:43:21","guid":{"rendered":"https:\/\/uj.adatbank.ro\/lexikon\/termek\/csidey-jozsef-%c2%a7\/"},"modified":"2025-06-28T17:43:21","modified_gmt":"2025-06-28T15:43:21","slug":"csidey-jozsef-%c2%a7","status":"publish","type":"product","link":"https:\/\/uj.adatbank.ro\/lexikon\/termek\/csidey-jozsef-%c2%a7\/","title":{"rendered":"CSIDEY J\u00f3zsef, \u00a7"},"content":{"rendered":"<p>D\u00e9zs, 1920. m\u00e1rc. 9., \u2020 Mv., 2000. j\u00fal. 17.: gyermekgy\u00f3gy\u00e1sz szakorvos. \u2013 A k\u00f6z\u00e9piskol\u00e1t D\u00e9zsen (1938), az orvosi egyetemet Kv.-on a Ferenc J\u00f3zsef TE-ben v\u00e9gezte (1944). A Zeneakad\u00e9mia hallgat\u00f3ja zongora szakon egy \u00e9vig, de zenei tehets\u00e9ge dac\u00e1ra orvos lett. Orvosi p\u00e1ly\u00e1j\u00e1t Kv.-on kezdte (1944\u201347), mint gyakornok a BTE-en, majd 52 \u00e9ven \u00e1t Mv.-en tev\u00e9kenykedett: gyermekorvos, tan\u00e1rseg\u00e9d, lektor (1947\u201355), Kor\u00e9\u00e1ban teljes\u00edtett \u00f6nk\u00e9ntes szolg\u00e1latot (1955\u201356), f\u0151orvos a Mv.-i Gyermekklinik\u00e1n (1957\u201392), f\u0151k\u00e9nt a gyermekkori sz\u00edvbetegs\u00e9gek kutat\u00f3 orvosa, a Sz\u00edvseb\u00e9szeti Klinika konzult\u00e1l\u00f3 gyermekkardiol\u00f3gusa. A Caritsan munkat\u00e1rsa. K\u00edv\u00e1l\u00f3 szakmai tev\u00e9kenys\u00e9g\u00e9\u00e9rt megkapta a Koreai Demokratikus K\u00f6zt\u00e1rsas\u00e1g Csillaga \u00e9rdemrendet, a Munka \u00c9rdemrend III. fokozat\u00e1t, \u00e9rdemes Emeritus orvos kit\u00fcntet\u00e9st, az Erd\u00e9lyi M\u00fazeum-Egyes\u00fclet P\u00e1pai Ferenc-d\u00edj\u00e1t. Mv. d\u00edszpolg\u00e1ra (1997). \u2013 <strong>F. m.:<\/strong> Gyermekgy\u00f3gy\u00e1szati jegyzet (Mv., 1955). <br \/><strong>Irod.:<\/strong> C. L. (2000. iul. 20.); Genersich; Gy\u00e1rf\u00e1s L. Mikl\u00f3s: Dr. Cs. J. (V. Z., 1980. j\u00fan. 15.); Gy\u00e1rf\u00e1s 2013; Imreh Ern\u0151: Ne v\u00e1rj\u00e1tok a doktor b\u00e1csit! (N\u00fa., 2000. j\u00fal. 25.); Kiss-P.-P.; [Nekrol\u00f3g] (N\u00fa., 2000. j\u00fal, 19.); Pap Zolt\u00e1n: Dr. Cs. J = D\u00edjazottaink, : R\u00e1kosfalvy Zolt\u00e1n: Nagy, feh\u00e9r, vil\u00e1g\u00edt\u00f3 szobrot az ORVOSNAK (N\u00fa., 2000. aug. 1); Sz\u0151cs K\u00e1roly: J\u00f3ska b\u00e1csira eml\u00e9kezve (N\u00fa., 2000. aug. 29.); Sz\u0151cs K\u00e1roly: J\u00f3ska b\u00e1csi: Dr. Csidey J\u00f3zsefre eml\u00e9kezve = B\u00e1r\u00e1nyi; Sz\u0151cs K\u00e1roly. Messzel\u00e1t\u00f3: essz\u00e9k, tanulm\u00e1nyok. (Cs\u00edkszereda, 2004.); Todea\u2013F\u00fcl\u00f6p\u2013Avram; T\u0151k\u00e9s<\/br><\/p>\n","protected":false},"excerpt":{"rendered":"<p>D\u00e9zs, 1920. m\u00e1rc. 9., \u2020 Mv., 2000. j\u00fal. 17.: gyermekgy\u00f3gy\u00e1sz szakorvos. \u2013 A k\u00f6z\u00e9piskol\u00e1t D\u00e9zsen (1938), az orvosi egyetemet Kv.-on a Ferenc J\u00f3zsef TE-ben v\u00e9gezte (1944). A Zeneakad\u00e9mia hallgat\u00f3ja zongora szakon egy \u00e9vig, de zenei tehets\u00e9ge dac\u00e1ra orvos lett. Orvosi p\u00e1ly\u00e1j\u00e1t Kv.-on kezdte (1944\u201347), mint gyakornok a BTE-en, majd 52 \u00e9ven \u00e1t Mv.-en tev\u00e9kenykedett: gyermekorvos, [&hellip;]<\/p>\n","protected":false},"featured_media":0,"comment_status":"open","ping_status":"closed","template":"","meta":[],"product_brand":[],"product_cat":[137],"product_tag":[],"class_list":{"0":"post-6181","1":"product","2":"type-product","3":"status-publish","5":"product_cat-maros-megyei-eletrajzi-lexikon","7":"first","8":"instock","9":"shipping-taxable","10":"product-type-simple"},"_links":{"self":[{"href":"https:\/\/uj.adatbank.ro\/lexikon\/wp-json\/wp\/v2\/product\/6181","targetHints":{"allow":["GET"]}}],"collection":[{"href":"https:\/\/uj.adatbank.ro\/lexikon\/wp-json\/wp\/v2\/product"}],"about":[{"href":"https:\/\/uj.adatbank.ro\/lexikon\/wp-json\/wp\/v2\/types\/product"}],"replies":[{"embeddable":true,"href":"https:\/\/uj.adatbank.ro\/lexikon\/wp-json\/wp\/v2\/comments?post=6181"}],"wp:attachment":[{"href":"https:\/\/uj.adatbank.ro\/lexikon\/wp-json\/wp\/v2\/media?parent=6181"}],"wp:term":[{"taxonomy":"product_brand","embeddable":true,"href":"https:\/\/uj.adatbank.ro\/lexikon\/wp-json\/wp\/v2\/product_brand?post=6181"},{"taxonomy":"product_cat","embeddable":true,"href":"https:\/\/uj.adatbank.ro\/lexikon\/wp-json\/wp\/v2\/product_cat?post=6181"},{"taxonomy":"product_tag","embeddable":true,"href":"https:\/\/uj.adatbank.ro\/lexikon\/wp-json\/wp\/v2\/product_tag?post=6181"}],"curies":[{"name":"wp","href":"https:\/\/api.w.org\/{rel}","templated":true}]}}

CSIDEY József, §

<p>Dézs, 1920. márc. 9., † Mv., 2000. júl. 17.: gyermekgyógyász szakorvos. – A középiskolát Dézsen (1938), az orvosi egyetemet Kv.-on a Ferenc József TE-ben végezte (1944). A Zeneakadémia hallgatója zongora szakon egy évig, de zenei tehetsége dacára orvos lett. Orvosi pályáját Kv.-on kezdte (1944–47), mint gyakornok a BTE-en, majd 52 éven át Mv.-en tevékenykedett: gyermekorvos, tanársegéd, lektor (1947–55), Koréában teljesített önkéntes szolgálatot (1955–56), főorvos a Mv.-i Gyermekklinikán (1957–92), főként a gyermekkori szívbetegségek kutató orvosa, a Szívsebészeti Klinika konzultáló gyermekkardiológusa. A Caritsan munkatársa. Kíváló szakmai tevékenységéért megkapta a Koreai Demokratikus Köztársaság Csillaga érdemrendet, a Munka Érdemrend III. fokozatát, érdemes Emeritus orvos kitüntetést, az Erdélyi Múzeum-Egyesület Pápai Ferenc-díját. Mv. díszpolgára (1997). – <strong>F. m.:</strong> Gyermekgyógyászati jegyzet (Mv., 1955). <br /><strong>Irod.:</strong> C. L. (2000. iul. 20.); Genersich; Gyárfás L. Miklós: Dr. Cs. J. (V. Z., 1980. jún. 15.); Gyárfás 2013; Imreh Ernő: Ne várjátok a doktor bácsit! (Nú., 2000. júl. 25.); Kiss-P.-P.; [Nekrológ] (Nú., 2000. júl, 19.); Pap Zoltán: Dr. Cs. J = Díjazottaink, : Rákosfalvy Zoltán: Nagy, fehér, világító szobrot az ORVOSNAK (Nú., 2000. aug. 1); Szőcs Károly: Jóska bácsira emlékezve (Nú., 2000. aug. 29.); Szőcs Károly: Jóska bácsi: Dr. Csidey Józsefre emlékezve = Bárányi; Szőcs Károly. Messzelátó: esszék, tanulmányok. (Csíkszereda, 2004.); Todea–Fülöp–Avram; Tőkés</br></p>

<p>Dézs, 1920. márc. 9., † Mv., 2000. júl. 17.: gyermekgyógyász szakorvos. – A középiskolát Dézsen (1938), az orvosi egyetemet Kv.-on a Ferenc József TE-ben végezte (1944). A Zeneakadémia hallgatója zongora szakon egy évig, de zenei tehetsége dacára orvos lett. Orvosi pályáját Kv.-on kezdte (1944–47), mint gyakornok a BTE-en, majd 52 éven át Mv.-en tevékenykedett: gyermekorvos, [&hellip;]</p>
