{"id":6184,"date":"2025-06-28T17:43:29","date_gmt":"2025-06-28T15:43:29","guid":{"rendered":"https:\/\/uj.adatbank.ro\/lexikon\/termek\/csiha-kalmanne-nagy-emese\/"},"modified":"2025-06-28T17:43:29","modified_gmt":"2025-06-28T15:43:29","slug":"csiha-kalmanne-nagy-emese","status":"publish","type":"product","link":"https:\/\/uj.adatbank.ro\/lexikon\/termek\/csiha-kalmanne-nagy-emese\/","title":{"rendered":"CSIHA K\u00e1lm\u00e1nn\u00e9, Nagy Emese"},"content":{"rendered":"<p>D\u00e9va, 1933. dec. 11., \u2020 Kv., 1996. febr. 9. Mv.-en a ref. temet\u0151ben nyugszik: ref. lelk\u00e9sz. \u2013 A mv.-i Gecse-utcai gy\u00fclekezet lelk\u00e9sze, Csiha K\u00e1lm\u00e1n ref. p\u00fcsp\u00f6k feles\u00e9ge. Kv.-on \u00e9retts\u00e9gizett (1952); a Ref. Teologiai Akad. -\u00e1n oklevelet szerzett (1956). Seg\u00e9dlelk\u00e9sz az aradi gyoroki, aradg\u00e1ji (1956\u201359), Kv.-als\u00f3v\u00e1rosi (1959\u201364), amig a f\u00e9rje b\u00f6rt\u00f6nben volt, ez id\u0151 alatt sz\u00fcletett kisl\u00e1nyuk Emese (1958), majd k\u00e9t fi\u00fak: Attila Botond (1981) \u00e9s K\u00e1lm\u00e1n Zsolt (1984). Lelk\u00e9sz Gog\u00e1nv\u00e1ralj\u00e1n (1964\u201370), a mv.-i Gecse-utcai gy\u00fclekezetben (1970\u201390). Az Erd\u00e9lyi Ref. Egyh\u00e1zker\u00fclet N\u0151sz\u00f6vets\u00e9g\u00e9nek eln\u00f6ke. A Reform\u00e1tus Csal\u00e1d c. foly\u00f3\u00edrat \u00fajraalap\u00edt\u00f3ja. <strong>Cikkei:<\/strong> Reform\u00e1tus Szemle, Igehirdet\u0151, Rom\u00e1niai Magyar Sz\u00f3-ban. \u2013 <strong>F. m.:<\/strong> Ki\u00e1ltottam, meghallgatt\u00e1l. (Kv., 1993). <br \/><strong>Irod.:<\/strong> Cs\u00e1ky; KKACs; [Nekrol\u00f3g] (N\u00fa., 1996. febr. 12.); T\u00f3falvi Zolt\u00e1n: 1956 erd\u00e9lyi m\u00e1rt\u00edrjai. 4. k\u00f6t.: A Fodor P\u00e1l-csoport (Mv., 2010)<\/br><\/p>\n","protected":false},"excerpt":{"rendered":"<p>D\u00e9va, 1933. dec. 11., \u2020 Kv., 1996. febr. 9. Mv.-en a ref. temet\u0151ben nyugszik: ref. lelk\u00e9sz. \u2013 A mv.-i Gecse-utcai gy\u00fclekezet lelk\u00e9sze, Csiha K\u00e1lm\u00e1n ref. p\u00fcsp\u00f6k feles\u00e9ge. Kv.-on \u00e9retts\u00e9gizett (1952); a Ref. Teologiai Akad. -\u00e1n oklevelet szerzett (1956). Seg\u00e9dlelk\u00e9sz az aradi gyoroki, aradg\u00e1ji (1956\u201359), Kv.-als\u00f3v\u00e1rosi (1959\u201364), amig a f\u00e9rje b\u00f6rt\u00f6nben volt, ez id\u0151 alatt sz\u00fcletett [&hellip;]<\/p>\n","protected":false},"featured_media":0,"comment_status":"open","ping_status":"closed","template":"","meta":[],"product_brand":[],"product_cat":[137],"product_tag":[],"class_list":{"0":"post-6184","1":"product","2":"type-product","3":"status-publish","5":"product_cat-maros-megyei-eletrajzi-lexikon","7":"first","8":"instock","9":"shipping-taxable","10":"product-type-simple"},"_links":{"self":[{"href":"https:\/\/uj.adatbank.ro\/lexikon\/wp-json\/wp\/v2\/product\/6184","targetHints":{"allow":["GET"]}}],"collection":[{"href":"https:\/\/uj.adatbank.ro\/lexikon\/wp-json\/wp\/v2\/product"}],"about":[{"href":"https:\/\/uj.adatbank.ro\/lexikon\/wp-json\/wp\/v2\/types\/product"}],"replies":[{"embeddable":true,"href":"https:\/\/uj.adatbank.ro\/lexikon\/wp-json\/wp\/v2\/comments?post=6184"}],"wp:attachment":[{"href":"https:\/\/uj.adatbank.ro\/lexikon\/wp-json\/wp\/v2\/media?parent=6184"}],"wp:term":[{"taxonomy":"product_brand","embeddable":true,"href":"https:\/\/uj.adatbank.ro\/lexikon\/wp-json\/wp\/v2\/product_brand?post=6184"},{"taxonomy":"product_cat","embeddable":true,"href":"https:\/\/uj.adatbank.ro\/lexikon\/wp-json\/wp\/v2\/product_cat?post=6184"},{"taxonomy":"product_tag","embeddable":true,"href":"https:\/\/uj.adatbank.ro\/lexikon\/wp-json\/wp\/v2\/product_tag?post=6184"}],"curies":[{"name":"wp","href":"https:\/\/api.w.org\/{rel}","templated":true}]}}

CSIHA Kálmánné, Nagy Emese

<p>Déva, 1933. dec. 11., † Kv., 1996. febr. 9. Mv.-en a ref. temetőben nyugszik: ref. lelkész. – A mv.-i Gecse-utcai gyülekezet lelkésze, Csiha Kálmán ref. püspök felesége. Kv.-on érettségizett (1952); a Ref. Teologiai Akad. -án oklevelet szerzett (1956). Segédlelkész az aradi gyoroki, aradgáji (1956–59), Kv.-alsóvárosi (1959–64), amig a férje börtönben volt, ez idő alatt született kislányuk Emese (1958), majd két fiúk: Attila Botond (1981) és Kálmán Zsolt (1984). Lelkész Gogánváralján (1964–70), a mv.-i Gecse-utcai gyülekezetben (1970–90). Az Erdélyi Ref. Egyházkerület Nőszövetségének elnöke. A Református Család c. folyóírat újraalapítója. <strong>Cikkei:</strong> Református Szemle, Igehirdető, Romániai Magyar Szó-ban. – <strong>F. m.:</strong> Kiáltottam, meghallgattál. (Kv., 1993). <br /><strong>Irod.:</strong> Csáky; KKACs; [Nekrológ] (Nú., 1996. febr. 12.); Tófalvi Zoltán: 1956 erdélyi mártírjai. 4. köt.: A Fodor Pál-csoport (Mv., 2010)</br></p>

<p>Déva, 1933. dec. 11., † Kv., 1996. febr. 9. Mv.-en a ref. temetőben nyugszik: ref. lelkész. – A mv.-i Gecse-utcai gyülekezet lelkésze, Csiha Kálmán ref. püspök felesége. Kv.-on érettségizett (1952); a Ref. Teologiai Akad. -án oklevelet szerzett (1956). Segédlelkész az aradi gyoroki, aradgáji (1956–59), Kv.-alsóvárosi (1959–64), amig a férje börtönben volt, ez idő alatt született [&hellip;]</p>
