{"id":6185,"date":"2025-06-28T17:43:30","date_gmt":"2025-06-28T15:43:30","guid":{"rendered":"https:\/\/uj.adatbank.ro\/lexikon\/termek\/csik-agoston\/"},"modified":"2025-06-28T17:43:30","modified_gmt":"2025-06-28T15:43:30","slug":"csik-agoston","status":"publish","type":"product","link":"https:\/\/uj.adatbank.ro\/lexikon\/termek\/csik-agoston\/","title":{"rendered":"CS\u00cdK \u00c1goston"},"content":{"rendered":"<p>Nagyvarjas, 1893., \u2020\u00a0Mv., 1935.: r. k. pap, s\u00edrk\u00f6ve a mv.-i r. k. temet\u0151ben. \u2013 Ferencrendi szerzetes, minorita h\u00e1zf\u0151n\u00f6k. k\u00f6zel k\u00e9t \u00e9vig (1932 \u2013 1934. aug. 30) \u00e9s magiszter. <br \/><strong>Irod.:<\/strong> Maros megyei m. t\u00f6rt. 5.<\/br><\/p>\n","protected":false},"excerpt":{"rendered":"<p>Nagyvarjas, 1893., \u2020\u00a0Mv., 1935.: r. k. pap, s\u00edrk\u00f6ve a mv.-i r. k. temet\u0151ben. \u2013 Ferencrendi szerzetes, minorita h\u00e1zf\u0151n\u00f6k. k\u00f6zel k\u00e9t \u00e9vig (1932 \u2013 1934. aug. 30) \u00e9s magiszter. Irod.: Maros megyei m. t\u00f6rt. 5.<\/p>\n","protected":false},"featured_media":0,"comment_status":"open","ping_status":"closed","template":"","meta":[],"product_brand":[],"product_cat":[137],"product_tag":[],"class_list":{"0":"post-6185","1":"product","2":"type-product","3":"status-publish","5":"product_cat-maros-megyei-eletrajzi-lexikon","7":"first","8":"instock","9":"shipping-taxable","10":"product-type-simple"},"_links":{"self":[{"href":"https:\/\/uj.adatbank.ro\/lexikon\/wp-json\/wp\/v2\/product\/6185","targetHints":{"allow":["GET"]}}],"collection":[{"href":"https:\/\/uj.adatbank.ro\/lexikon\/wp-json\/wp\/v2\/product"}],"about":[{"href":"https:\/\/uj.adatbank.ro\/lexikon\/wp-json\/wp\/v2\/types\/product"}],"replies":[{"embeddable":true,"href":"https:\/\/uj.adatbank.ro\/lexikon\/wp-json\/wp\/v2\/comments?post=6185"}],"wp:attachment":[{"href":"https:\/\/uj.adatbank.ro\/lexikon\/wp-json\/wp\/v2\/media?parent=6185"}],"wp:term":[{"taxonomy":"product_brand","embeddable":true,"href":"https:\/\/uj.adatbank.ro\/lexikon\/wp-json\/wp\/v2\/product_brand?post=6185"},{"taxonomy":"product_cat","embeddable":true,"href":"https:\/\/uj.adatbank.ro\/lexikon\/wp-json\/wp\/v2\/product_cat?post=6185"},{"taxonomy":"product_tag","embeddable":true,"href":"https:\/\/uj.adatbank.ro\/lexikon\/wp-json\/wp\/v2\/product_tag?post=6185"}],"curies":[{"name":"wp","href":"https:\/\/api.w.org\/{rel}","templated":true}]}}