{"id":6194,"date":"2025-06-28T17:43:46","date_gmt":"2025-06-28T15:43:46","guid":{"rendered":"https:\/\/uj.adatbank.ro\/lexikon\/termek\/csiki-bela-%c2%a7-nyaradkaracsonfalvi-csiky-bela\/"},"modified":"2025-06-28T17:43:46","modified_gmt":"2025-06-28T15:43:46","slug":"csiki-bela-%c2%a7-nyaradkaracsonfalvi-csiky-bela","status":"publish","type":"product","link":"https:\/\/uj.adatbank.ro\/lexikon\/termek\/csiki-bela-%c2%a7-nyaradkaracsonfalvi-csiky-bela\/","title":{"rendered":"CS\u00cdKI B\u00e9la, \u00a7 ny\u00e1r\u00e1dkar\u00e1csonfalvi, Cs\u00edky B\u00e9la"},"content":{"rendered":"<p>Folyfalva, 1864. nov. 17., \u2020\u00a0? : ref. tan\u00edt\u00f3. \u2013 A gimn. -ot Mv.-en, a tan\u00edt\u00f3k\u00e9pz\u0151t Nagyenyeden v\u00e9gezte (1882\u201386), ott m\u00e1r tan\u00edtott is. A kv.-i Ref. Gim.-ban tan\u00edtott (1886\u201390), Miskolcra helyezt\u00e9k (1890\u2013). Megkapta a MTA Wodianer-d\u00edj\u00e1t. Cikkekei a Csal\u00e1d \u00e9s Iskola, Tan\u00edt\u00f3 c. lapokban. \u2013 <strong>F. m.:<\/strong> Kolozsv\u00e1r r\u00e9szletes le\u00edr\u00e1sa, Kolozs megye \u00e9s az erd\u00e9lyi r\u00e9szek r\u00f6vid f\u00f6ldrajza (Kv., 1889, 1896, 1902, 1905.). <br \/><strong>Irod.:<\/strong> Guly\u00e1s; P\u00e1lmay; Szinnyei<\/br><\/p>\n","protected":false},"excerpt":{"rendered":"<p>Folyfalva, 1864. nov. 17., \u2020\u00a0? : ref. tan\u00edt\u00f3. \u2013 A gimn. -ot Mv.-en, a tan\u00edt\u00f3k\u00e9pz\u0151t Nagyenyeden v\u00e9gezte (1882\u201386), ott m\u00e1r tan\u00edtott is. A kv.-i Ref. Gim.-ban tan\u00edtott (1886\u201390), Miskolcra helyezt\u00e9k (1890\u2013). Megkapta a MTA Wodianer-d\u00edj\u00e1t. Cikkekei a Csal\u00e1d \u00e9s Iskola, Tan\u00edt\u00f3 c. lapokban. \u2013 F. m.: Kolozsv\u00e1r r\u00e9szletes le\u00edr\u00e1sa, Kolozs megye \u00e9s az erd\u00e9lyi r\u00e9szek [&hellip;]<\/p>\n","protected":false},"featured_media":0,"comment_status":"open","ping_status":"closed","template":"","meta":[],"product_brand":[],"product_cat":[137],"product_tag":[],"class_list":{"0":"post-6194","1":"product","2":"type-product","3":"status-publish","5":"product_cat-maros-megyei-eletrajzi-lexikon","7":"first","8":"instock","9":"shipping-taxable","10":"product-type-simple"},"_links":{"self":[{"href":"https:\/\/uj.adatbank.ro\/lexikon\/wp-json\/wp\/v2\/product\/6194","targetHints":{"allow":["GET"]}}],"collection":[{"href":"https:\/\/uj.adatbank.ro\/lexikon\/wp-json\/wp\/v2\/product"}],"about":[{"href":"https:\/\/uj.adatbank.ro\/lexikon\/wp-json\/wp\/v2\/types\/product"}],"replies":[{"embeddable":true,"href":"https:\/\/uj.adatbank.ro\/lexikon\/wp-json\/wp\/v2\/comments?post=6194"}],"wp:attachment":[{"href":"https:\/\/uj.adatbank.ro\/lexikon\/wp-json\/wp\/v2\/media?parent=6194"}],"wp:term":[{"taxonomy":"product_brand","embeddable":true,"href":"https:\/\/uj.adatbank.ro\/lexikon\/wp-json\/wp\/v2\/product_brand?post=6194"},{"taxonomy":"product_cat","embeddable":true,"href":"https:\/\/uj.adatbank.ro\/lexikon\/wp-json\/wp\/v2\/product_cat?post=6194"},{"taxonomy":"product_tag","embeddable":true,"href":"https:\/\/uj.adatbank.ro\/lexikon\/wp-json\/wp\/v2\/product_tag?post=6194"}],"curies":[{"name":"wp","href":"https:\/\/api.w.org\/{rel}","templated":true}]}}

CSÍKI Béla, § nyárádkarácsonfalvi, Csíky Béla

<p>Folyfalva, 1864. nov. 17., † ? : ref. tanító. – A gimn. -ot Mv.-en, a tanítóképzőt Nagyenyeden végezte (1882–86), ott már tanított is. A kv.-i Ref. Gim.-ban tanított (1886–90), Miskolcra helyezték (1890–). Megkapta a MTA Wodianer-díját. Cikkekei a Család és Iskola, Tanító c. lapokban. – <strong>F. m.:</strong> Kolozsvár részletes leírása, Kolozs megye és az erdélyi részek rövid földrajza (Kv., 1889, 1896, 1902, 1905.). <br /><strong>Irod.:</strong> Gulyás; Pálmay; Szinnyei</br></p>

<p>Folyfalva, 1864. nov. 17., † ? : ref. tanító. – A gimn. -ot Mv.-en, a tanítóképzőt Nagyenyeden végezte (1882–86), ott már tanított is. A kv.-i Ref. Gim.-ban tanított (1886–90), Miskolcra helyezték (1890–). Megkapta a MTA Wodianer-díját. Cikkekei a Család és Iskola, Tanító c. lapokban. – F. m.: Kolozsvár részletes leírása, Kolozs megye és az erdélyi részek [&hellip;]</p>
