{"id":6195,"date":"2025-06-28T17:43:50","date_gmt":"2025-06-28T15:43:50","guid":{"rendered":"https:\/\/uj.adatbank.ro\/lexikon\/termek\/csiki-denes\/"},"modified":"2025-06-28T17:43:50","modified_gmt":"2025-06-28T15:43:50","slug":"csiki-denes","status":"publish","type":"product","link":"https:\/\/uj.adatbank.ro\/lexikon\/termek\/csiki-denes\/","title":{"rendered":"CS\u00cdKI D\u00e9nes"},"content":{"rendered":"<p>Cintos, 1903. okt. 26., \u2020\u00a0? : moln\u00e1rmester, malomtulajdonos. \u2013 Iskol\u00e1it Mv.-en v\u00e9gezte, ut\u00e1na a moln\u00e1rmesters\u00e9get saj\u00e1t\u00edtotta el. Malomot l\u00e9tes\u00edtett Marosszentgy\u00f6rgy\u00f6n (1912), kereskedelmi \u00e9s v\u00e1m\u00f6rl\u00e9st v\u00e9gzett. Nyolc alkalmazozzal dolgozott. Az \u00e1llamos\u00edt\u00e1skor F\u00fcl\u00f6p Andr\u00e1s (*1901), f\u00f6ldm\u0171vest, a RKP tagj\u00e1t, nevezt\u00e9k ki \u00fcgyvezet\u0151nek a malom \u00e9l\u00e9re (1948. j\u00fan. 11.). A volt tulajdonost MM-i Ideiglenes Bizotts\u00e1g keret\u00e9ben m\u0171k\u0151d\u0151 Helyi Gazd\u00e1lkod\u00e1si Oszt\u00e1ly referns\u00e9v\u00e9 nevezt\u00e9k ki (1948. dec. 27\u2013), aki a megye egyed\u00fcli malomfel\u00fcgyel\u0151je lett. A Cs\u00edki Malmot is beolvasztott\u00e1k az Internationala V\u00e1llalatba (1950. j\u00fal. 1. \u2013). <br \/><strong>Irod.:<\/strong> Bartos Zolt\u00e1n; Erd\u00e9lyi v\u00e1rmegy\u00e9k; Sz\u00e9kelyf\u00f6ld \u00ed. k<\/br><\/p>\n","protected":false},"excerpt":{"rendered":"<p>Cintos, 1903. okt. 26., \u2020\u00a0? : moln\u00e1rmester, malomtulajdonos. \u2013 Iskol\u00e1it Mv.-en v\u00e9gezte, ut\u00e1na a moln\u00e1rmesters\u00e9get saj\u00e1t\u00edtotta el. Malomot l\u00e9tes\u00edtett Marosszentgy\u00f6rgy\u00f6n (1912), kereskedelmi \u00e9s v\u00e1m\u00f6rl\u00e9st v\u00e9gzett. Nyolc alkalmazozzal dolgozott. Az \u00e1llamos\u00edt\u00e1skor F\u00fcl\u00f6p Andr\u00e1s (*1901), f\u00f6ldm\u0171vest, a RKP tagj\u00e1t, nevezt\u00e9k ki \u00fcgyvezet\u0151nek a malom \u00e9l\u00e9re (1948. j\u00fan. 11.). A volt tulajdonost MM-i Ideiglenes Bizotts\u00e1g keret\u00e9ben m\u0171k\u0151d\u0151 Helyi [&hellip;]<\/p>\n","protected":false},"featured_media":0,"comment_status":"open","ping_status":"closed","template":"","meta":[],"product_brand":[],"product_cat":[137],"product_tag":[],"class_list":{"0":"post-6195","1":"product","2":"type-product","3":"status-publish","5":"product_cat-maros-megyei-eletrajzi-lexikon","7":"first","8":"instock","9":"shipping-taxable","10":"product-type-simple"},"_links":{"self":[{"href":"https:\/\/uj.adatbank.ro\/lexikon\/wp-json\/wp\/v2\/product\/6195","targetHints":{"allow":["GET"]}}],"collection":[{"href":"https:\/\/uj.adatbank.ro\/lexikon\/wp-json\/wp\/v2\/product"}],"about":[{"href":"https:\/\/uj.adatbank.ro\/lexikon\/wp-json\/wp\/v2\/types\/product"}],"replies":[{"embeddable":true,"href":"https:\/\/uj.adatbank.ro\/lexikon\/wp-json\/wp\/v2\/comments?post=6195"}],"wp:attachment":[{"href":"https:\/\/uj.adatbank.ro\/lexikon\/wp-json\/wp\/v2\/media?parent=6195"}],"wp:term":[{"taxonomy":"product_brand","embeddable":true,"href":"https:\/\/uj.adatbank.ro\/lexikon\/wp-json\/wp\/v2\/product_brand?post=6195"},{"taxonomy":"product_cat","embeddable":true,"href":"https:\/\/uj.adatbank.ro\/lexikon\/wp-json\/wp\/v2\/product_cat?post=6195"},{"taxonomy":"product_tag","embeddable":true,"href":"https:\/\/uj.adatbank.ro\/lexikon\/wp-json\/wp\/v2\/product_tag?post=6195"}],"curies":[{"name":"wp","href":"https:\/\/api.w.org\/{rel}","templated":true}]}}

CSÍKI Dénes

<p>Cintos, 1903. okt. 26., † ? : molnármester, malomtulajdonos. – Iskoláit Mv.-en végezte, utána a molnármesterséget sajátította el. Malomot létesített Marosszentgyörgyön (1912), kereskedelmi és vámörlést végzett. Nyolc alkalmazozzal dolgozott. Az államosításkor Fülöp András (*1901), földművest, a RKP tagját, nevezték ki ügyvezetőnek a malom élére (1948. jún. 11.). A volt tulajdonost MM-i Ideiglenes Bizottság keretében műkődő Helyi Gazdálkodási Osztály refernsévé nevezték ki (1948. dec. 27–), aki a megye egyedüli malomfelügyelője lett. A Csíki Malmot is beolvasztották az Internationala Vállalatba (1950. júl. 1. –). <br /><strong>Irod.:</strong> Bartos Zoltán; Erdélyi vármegyék; Székelyföld í. k</br></p>

<p>Cintos, 1903. okt. 26., † ? : molnármester, malomtulajdonos. – Iskoláit Mv.-en végezte, utána a molnármesterséget sajátította el. Malomot létesített Marosszentgyörgyön (1912), kereskedelmi és vámörlést végzett. Nyolc alkalmazozzal dolgozott. Az államosításkor Fülöp András (*1901), földművest, a RKP tagját, nevezték ki ügyvezetőnek a malom élére (1948. jún. 11.). A volt tulajdonost MM-i Ideiglenes Bizottság keretében műkődő Helyi [&hellip;]</p>
