{"id":6200,"date":"2025-06-28T17:43:59","date_gmt":"2025-06-28T15:43:59","guid":{"rendered":"https:\/\/uj.adatbank.ro\/lexikon\/termek\/csiki-gyorgy\/"},"modified":"2025-06-28T17:43:59","modified_gmt":"2025-06-28T15:43:59","slug":"csiki-gyorgy","status":"publish","type":"product","link":"https:\/\/uj.adatbank.ro\/lexikon\/termek\/csiki-gyorgy\/","title":{"rendered":"CS\u00cdKI Gy\u00f6rgy"},"content":{"rendered":"<p>Backamadaras, 1801. okt. 4., \u2020 Disznaj\u00f3, 1870.: ref. lelk\u00e9sz. \u2013 A mv.-i Ref. Koll.-ban tanult. Marosj\u00e1r\u00e1ban lelk\u00e9sz (1829\u201337) \u00e9s folytatta a k\u00fczdelmet a le\u00e9gett templom \u00e9s iskola fel\u00e9p\u00edt\u00e9s\u00e9\u00e9rt. Marosj\u00e1r\u00e1ban, tract. tan\u00e1csb\u00edr\u00f3 (assessor) (1836\u2013), \u00e1tment a n\u00e9pesebb gy\u00fclekezethez Disznaj\u00f3ba nyugd\u00edjaz\u00e1s\u00e1ig (1837\u20131869), ut\u00f3da a fia Cs. K\u00e1roly. Ideiglenes jegyz\u0151k\u00e9nt, Disznaj\u00f3 adataival, r\u00e9szt vett Pesty Frigyes eg\u00e9sz Mo.-ra \u00e9s Erd\u00e9lyre kiterjedt helyn\u00e9vgy\u0171jt\u00e9s\u00e9ben (1864\u201365). <br \/><strong>Irod.:<\/strong> B\u00f6jthe Andor; Pesty 2014<\/br><\/p>\n","protected":false},"excerpt":{"rendered":"<p>Backamadaras, 1801. okt. 4., \u2020 Disznaj\u00f3, 1870.: ref. lelk\u00e9sz. \u2013 A mv.-i Ref. Koll.-ban tanult. Marosj\u00e1r\u00e1ban lelk\u00e9sz (1829\u201337) \u00e9s folytatta a k\u00fczdelmet a le\u00e9gett templom \u00e9s iskola fel\u00e9p\u00edt\u00e9s\u00e9\u00e9rt. Marosj\u00e1r\u00e1ban, tract. tan\u00e1csb\u00edr\u00f3 (assessor) (1836\u2013), \u00e1tment a n\u00e9pesebb gy\u00fclekezethez Disznaj\u00f3ba nyugd\u00edjaz\u00e1s\u00e1ig (1837\u20131869), ut\u00f3da a fia Cs. K\u00e1roly. Ideiglenes jegyz\u0151k\u00e9nt, Disznaj\u00f3 adataival, r\u00e9szt vett Pesty Frigyes eg\u00e9sz Mo.-ra [&hellip;]<\/p>\n","protected":false},"featured_media":0,"comment_status":"open","ping_status":"closed","template":"","meta":[],"product_brand":[],"product_cat":[137],"product_tag":[],"class_list":{"0":"post-6200","1":"product","2":"type-product","3":"status-publish","5":"product_cat-maros-megyei-eletrajzi-lexikon","7":"first","8":"instock","9":"shipping-taxable","10":"product-type-simple"},"_links":{"self":[{"href":"https:\/\/uj.adatbank.ro\/lexikon\/wp-json\/wp\/v2\/product\/6200","targetHints":{"allow":["GET"]}}],"collection":[{"href":"https:\/\/uj.adatbank.ro\/lexikon\/wp-json\/wp\/v2\/product"}],"about":[{"href":"https:\/\/uj.adatbank.ro\/lexikon\/wp-json\/wp\/v2\/types\/product"}],"replies":[{"embeddable":true,"href":"https:\/\/uj.adatbank.ro\/lexikon\/wp-json\/wp\/v2\/comments?post=6200"}],"wp:attachment":[{"href":"https:\/\/uj.adatbank.ro\/lexikon\/wp-json\/wp\/v2\/media?parent=6200"}],"wp:term":[{"taxonomy":"product_brand","embeddable":true,"href":"https:\/\/uj.adatbank.ro\/lexikon\/wp-json\/wp\/v2\/product_brand?post=6200"},{"taxonomy":"product_cat","embeddable":true,"href":"https:\/\/uj.adatbank.ro\/lexikon\/wp-json\/wp\/v2\/product_cat?post=6200"},{"taxonomy":"product_tag","embeddable":true,"href":"https:\/\/uj.adatbank.ro\/lexikon\/wp-json\/wp\/v2\/product_tag?post=6200"}],"curies":[{"name":"wp","href":"https:\/\/api.w.org\/{rel}","templated":true}]}}

CSÍKI György

<p>Backamadaras, 1801. okt. 4., † Disznajó, 1870.: ref. lelkész. – A mv.-i Ref. Koll.-ban tanult. Marosjárában lelkész (1829–37) és folytatta a küzdelmet a leégett templom és iskola felépítéséért. Marosjárában, tract. tanácsbíró (assessor) (1836–), átment a népesebb gyülekezethez Disznajóba nyugdíjazásáig (1837–1869), utóda a fia Cs. Károly. Ideiglenes jegyzőként, Disznajó adataival, részt vett Pesty Frigyes egész Mo.-ra és Erdélyre kiterjedt helynévgyűjtésében (1864–65). <br /><strong>Irod.:</strong> Böjthe Andor; Pesty 2014</br></p>

<p>Backamadaras, 1801. okt. 4., † Disznajó, 1870.: ref. lelkész. – A mv.-i Ref. Koll.-ban tanult. Marosjárában lelkész (1829–37) és folytatta a küzdelmet a leégett templom és iskola felépítéséért. Marosjárában, tract. tanácsbíró (assessor) (1836–), átment a népesebb gyülekezethez Disznajóba nyugdíjazásáig (1837–1869), utóda a fia Cs. Károly. Ideiglenes jegyzőként, Disznajó adataival, részt vett Pesty Frigyes egész Mo.-ra [&hellip;]</p>
