{"id":6203,"date":"2025-06-28T17:44:15","date_gmt":"2025-06-28T15:44:15","guid":{"rendered":"https:\/\/uj.adatbank.ro\/lexikon\/termek\/csiki-gyula-dr\/"},"modified":"2025-06-28T17:44:15","modified_gmt":"2025-06-28T15:44:15","slug":"csiki-gyula-dr","status":"publish","type":"product","link":"https:\/\/uj.adatbank.ro\/lexikon\/termek\/csiki-gyula-dr\/","title":{"rendered":"CS\u00cdKI Gyula, dr."},"content":{"rendered":"<p>Szentgerice, 1921. \u2020\u00a0Mv., 2011.: orvos. \u2013 A kv.-i Unit\u00e1rius Gimn.-ban v\u00e9gzett (1942), majd a MOGYI \u00e1ltal\u00e1nos orvosi kar\u00e1n v\u00e9gzett. K\u00f6rzeti orvos Gyulakut\u00e1n, Szov\u00e1t\u00e1n, fogorvosi \u00e9s f\u0151orvosi szakvizsg\u00e1t tett (1959). A Vas\u00fati Poliklinik\u00e1n szakorvos, majd f\u0151orvos. AzEg\u00e9szs\u00e9g\u00fcgyi L\u00edc. szaktan\u00e1ra (1967\u201374), a Fizet\u00e9ses Poliklinik\u00e1n rendelt (1954\u20131979), kitelepedett N\u00e9meto. -ba (1979). <br \/><strong>Irod.:<\/strong> Kiss Cs. M 4.<\/br><\/p>\n","protected":false},"excerpt":{"rendered":"<p>Szentgerice, 1921. \u2020\u00a0Mv., 2011.: orvos. \u2013 A kv.-i Unit\u00e1rius Gimn.-ban v\u00e9gzett (1942), majd a MOGYI \u00e1ltal\u00e1nos orvosi kar\u00e1n v\u00e9gzett. K\u00f6rzeti orvos Gyulakut\u00e1n, Szov\u00e1t\u00e1n, fogorvosi \u00e9s f\u0151orvosi szakvizsg\u00e1t tett (1959). A Vas\u00fati Poliklinik\u00e1n szakorvos, majd f\u0151orvos. AzEg\u00e9szs\u00e9g\u00fcgyi L\u00edc. szaktan\u00e1ra (1967\u201374), a Fizet\u00e9ses Poliklinik\u00e1n rendelt (1954\u20131979), kitelepedett N\u00e9meto. -ba (1979). Irod.: Kiss Cs. M 4.<\/p>\n","protected":false},"featured_media":0,"comment_status":"open","ping_status":"closed","template":"","meta":[],"product_brand":[],"product_cat":[137],"product_tag":[],"class_list":{"0":"post-6203","1":"product","2":"type-product","3":"status-publish","5":"product_cat-maros-megyei-eletrajzi-lexikon","7":"first","8":"instock","9":"shipping-taxable","10":"product-type-simple"},"_links":{"self":[{"href":"https:\/\/uj.adatbank.ro\/lexikon\/wp-json\/wp\/v2\/product\/6203","targetHints":{"allow":["GET"]}}],"collection":[{"href":"https:\/\/uj.adatbank.ro\/lexikon\/wp-json\/wp\/v2\/product"}],"about":[{"href":"https:\/\/uj.adatbank.ro\/lexikon\/wp-json\/wp\/v2\/types\/product"}],"replies":[{"embeddable":true,"href":"https:\/\/uj.adatbank.ro\/lexikon\/wp-json\/wp\/v2\/comments?post=6203"}],"wp:attachment":[{"href":"https:\/\/uj.adatbank.ro\/lexikon\/wp-json\/wp\/v2\/media?parent=6203"}],"wp:term":[{"taxonomy":"product_brand","embeddable":true,"href":"https:\/\/uj.adatbank.ro\/lexikon\/wp-json\/wp\/v2\/product_brand?post=6203"},{"taxonomy":"product_cat","embeddable":true,"href":"https:\/\/uj.adatbank.ro\/lexikon\/wp-json\/wp\/v2\/product_cat?post=6203"},{"taxonomy":"product_tag","embeddable":true,"href":"https:\/\/uj.adatbank.ro\/lexikon\/wp-json\/wp\/v2\/product_tag?post=6203"}],"curies":[{"name":"wp","href":"https:\/\/api.w.org\/{rel}","templated":true}]}}