{"id":6205,"date":"2025-06-28T17:44:18","date_gmt":"2025-06-28T15:44:18","guid":{"rendered":"https:\/\/uj.adatbank.ro\/lexikon\/termek\/csiki-istvan\/"},"modified":"2025-06-28T17:44:18","modified_gmt":"2025-06-28T15:44:18","slug":"csiki-istvan","status":"publish","type":"product","link":"https:\/\/uj.adatbank.ro\/lexikon\/termek\/csiki-istvan\/","title":{"rendered":"CS\u00cdKI Istv\u00e1n"},"content":{"rendered":"<p>? \u2020\u00a0? : keresked\u0151. \u2013 Erzs\u00e9betv\u00e1rosi \u00f6rm\u00e9ny sz\u00e1rmaz\u00e1s\u00fa keresked\u0151. Mv.-en eml\u00edtve (1755\u2013), bizonyos taksa lefizet\u00e9se mellett a v\u00e1rosban kereskedett, a v\u00e1ros szerz\u0151d\u00e9st k\u00f6t\u00f6tt vele (1760), tev\u00e9kenys\u00e9ge felt\u00e9teleit szab\u00e1lyozta a tan\u00e1cs, helyzet\u00e9t megszil\u00e1rd\u00edtotta. <br \/><strong>Irod.:<\/strong> Mv.-i \u00f6rm\u00e9nyek; P\u00e1l-Antal 2009; P\u00e1l-Antal S\u00e1ndor: \u00d6rm\u00e9nyek Mv.-en 1848 el\u0151tt = Pusk\u00e1s-Sz\u00e1sz \u00c1v\u00e9d<\/br><\/p>\n","protected":false},"excerpt":{"rendered":"<p>? \u2020\u00a0? : keresked\u0151. \u2013 Erzs\u00e9betv\u00e1rosi \u00f6rm\u00e9ny sz\u00e1rmaz\u00e1s\u00fa keresked\u0151. Mv.-en eml\u00edtve (1755\u2013), bizonyos taksa lefizet\u00e9se mellett a v\u00e1rosban kereskedett, a v\u00e1ros szerz\u0151d\u00e9st k\u00f6t\u00f6tt vele (1760), tev\u00e9kenys\u00e9ge felt\u00e9teleit szab\u00e1lyozta a tan\u00e1cs, helyzet\u00e9t megszil\u00e1rd\u00edtotta. Irod.: Mv.-i \u00f6rm\u00e9nyek; P\u00e1l-Antal 2009; P\u00e1l-Antal S\u00e1ndor: \u00d6rm\u00e9nyek Mv.-en 1848 el\u0151tt = Pusk\u00e1s-Sz\u00e1sz \u00c1v\u00e9d<\/p>\n","protected":false},"featured_media":0,"comment_status":"open","ping_status":"closed","template":"","meta":[],"product_brand":[],"product_cat":[137],"product_tag":[],"class_list":{"0":"post-6205","1":"product","2":"type-product","3":"status-publish","5":"product_cat-maros-megyei-eletrajzi-lexikon","7":"first","8":"instock","9":"shipping-taxable","10":"product-type-simple"},"_links":{"self":[{"href":"https:\/\/uj.adatbank.ro\/lexikon\/wp-json\/wp\/v2\/product\/6205","targetHints":{"allow":["GET"]}}],"collection":[{"href":"https:\/\/uj.adatbank.ro\/lexikon\/wp-json\/wp\/v2\/product"}],"about":[{"href":"https:\/\/uj.adatbank.ro\/lexikon\/wp-json\/wp\/v2\/types\/product"}],"replies":[{"embeddable":true,"href":"https:\/\/uj.adatbank.ro\/lexikon\/wp-json\/wp\/v2\/comments?post=6205"}],"wp:attachment":[{"href":"https:\/\/uj.adatbank.ro\/lexikon\/wp-json\/wp\/v2\/media?parent=6205"}],"wp:term":[{"taxonomy":"product_brand","embeddable":true,"href":"https:\/\/uj.adatbank.ro\/lexikon\/wp-json\/wp\/v2\/product_brand?post=6205"},{"taxonomy":"product_cat","embeddable":true,"href":"https:\/\/uj.adatbank.ro\/lexikon\/wp-json\/wp\/v2\/product_cat?post=6205"},{"taxonomy":"product_tag","embeddable":true,"href":"https:\/\/uj.adatbank.ro\/lexikon\/wp-json\/wp\/v2\/product_tag?post=6205"}],"curies":[{"name":"wp","href":"https:\/\/api.w.org\/{rel}","templated":true}]}}