{"id":6208,"date":"2025-06-28T17:44:24","date_gmt":"2025-06-28T15:44:24","guid":{"rendered":"https:\/\/uj.adatbank.ro\/lexikon\/termek\/csiki-janos\/"},"modified":"2025-06-28T17:44:24","modified_gmt":"2025-06-28T15:44:24","slug":"csiki-janos","status":"publish","type":"product","link":"https:\/\/uj.adatbank.ro\/lexikon\/termek\/csiki-janos\/","title":{"rendered":"CS\u00cdKI J\u00e1nos"},"content":{"rendered":"<p>1910., \u2020\u00a0Mv., 1981. febr. 18.: munk\u00e1smozgalmi harcos. \u2013 A RKP tagja (1928). Az illeg\u00e1llit\u00e1s \u00e9veiben Lugoson, Buk.-ben, Temesv\u00e1ron folytatott forradalmi tev\u00e9kenys\u00e9get, mint a KISZ, a B\u0151ripari Munk\u00e1sok Egys\u00e9ges Szakszervezete, valamint a V\u00f6r\u00f6s Seg\u00e9ly vezet\u0151s\u00e9gi tagja. T\u00f6bbsz\u00f6r letart\u00f3ztatt\u00e1k \u00e9s el\u00edt\u00e9lt\u00e9k. A felszabadul\u00e1s ut\u00e1n megyei p\u00e1rttitk\u00e1r, KB.-i \u00e9s megyei p\u00e1rtaltivista, NNGY k\u00e9pvisel\u0151. T\u00f6bb k\u00f6zt\u00e1rsas\u00e1gi kit\u00fcntet\u00e9sben r\u00e9szes\u00fclt. <br \/><strong>Irod.:<\/strong> Cs. J. [Nekrol\u00f3g] (V. Z., 1981. febr. 20.)<\/br><\/p>\n","protected":false},"excerpt":{"rendered":"<p>1910., \u2020\u00a0Mv., 1981. febr. 18.: munk\u00e1smozgalmi harcos. \u2013 A RKP tagja (1928). Az illeg\u00e1llit\u00e1s \u00e9veiben Lugoson, Buk.-ben, Temesv\u00e1ron folytatott forradalmi tev\u00e9kenys\u00e9get, mint a KISZ, a B\u0151ripari Munk\u00e1sok Egys\u00e9ges Szakszervezete, valamint a V\u00f6r\u00f6s Seg\u00e9ly vezet\u0151s\u00e9gi tagja. T\u00f6bbsz\u00f6r letart\u00f3ztatt\u00e1k \u00e9s el\u00edt\u00e9lt\u00e9k. A felszabadul\u00e1s ut\u00e1n megyei p\u00e1rttitk\u00e1r, KB.-i \u00e9s megyei p\u00e1rtaltivista, NNGY k\u00e9pvisel\u0151. T\u00f6bb k\u00f6zt\u00e1rsas\u00e1gi kit\u00fcntet\u00e9sben r\u00e9szes\u00fclt. Irod.: [&hellip;]<\/p>\n","protected":false},"featured_media":0,"comment_status":"open","ping_status":"closed","template":"","meta":[],"product_brand":[],"product_cat":[137],"product_tag":[],"class_list":{"0":"post-6208","1":"product","2":"type-product","3":"status-publish","5":"product_cat-maros-megyei-eletrajzi-lexikon","7":"first","8":"instock","9":"shipping-taxable","10":"product-type-simple"},"_links":{"self":[{"href":"https:\/\/uj.adatbank.ro\/lexikon\/wp-json\/wp\/v2\/product\/6208","targetHints":{"allow":["GET"]}}],"collection":[{"href":"https:\/\/uj.adatbank.ro\/lexikon\/wp-json\/wp\/v2\/product"}],"about":[{"href":"https:\/\/uj.adatbank.ro\/lexikon\/wp-json\/wp\/v2\/types\/product"}],"replies":[{"embeddable":true,"href":"https:\/\/uj.adatbank.ro\/lexikon\/wp-json\/wp\/v2\/comments?post=6208"}],"wp:attachment":[{"href":"https:\/\/uj.adatbank.ro\/lexikon\/wp-json\/wp\/v2\/media?parent=6208"}],"wp:term":[{"taxonomy":"product_brand","embeddable":true,"href":"https:\/\/uj.adatbank.ro\/lexikon\/wp-json\/wp\/v2\/product_brand?post=6208"},{"taxonomy":"product_cat","embeddable":true,"href":"https:\/\/uj.adatbank.ro\/lexikon\/wp-json\/wp\/v2\/product_cat?post=6208"},{"taxonomy":"product_tag","embeddable":true,"href":"https:\/\/uj.adatbank.ro\/lexikon\/wp-json\/wp\/v2\/product_tag?post=6208"}],"curies":[{"name":"wp","href":"https:\/\/api.w.org\/{rel}","templated":true}]}}

CSÍKI János

<p>1910., † Mv., 1981. febr. 18.: munkásmozgalmi harcos. – A RKP tagja (1928). Az illegállitás éveiben Lugoson, Buk.-ben, Temesváron folytatott forradalmi tevékenységet, mint a KISZ, a Bőripari Munkások Egységes Szakszervezete, valamint a Vörös Segély vezetőségi tagja. Többször letartóztatták és elítélték. A felszabadulás után megyei párttitkár, KB.-i és megyei pártaltivista, NNGY képviselő. Több köztársasági kitüntetésben részesült. <br /><strong>Irod.:</strong> Cs. J. [Nekrológ] (V. Z., 1981. febr. 20.)</br></p>

<p>1910., † Mv., 1981. febr. 18.: munkásmozgalmi harcos. – A RKP tagja (1928). Az illegállitás éveiben Lugoson, Buk.-ben, Temesváron folytatott forradalmi tevékenységet, mint a KISZ, a Bőripari Munkások Egységes Szakszervezete, valamint a Vörös Segély vezetőségi tagja. Többször letartóztatták és elítélték. A felszabadulás után megyei párttitkár, KB.-i és megyei pártaltivista, NNGY képviselő. Több köztársasági kitüntetésben részesült. Irod.: [&hellip;]</p>
