{"id":6212,"date":"2025-06-28T17:44:30","date_gmt":"2025-06-28T15:44:30","guid":{"rendered":"https:\/\/uj.adatbank.ro\/lexikon\/termek\/csiki-jozsef-csiky-jozsef\/"},"modified":"2025-06-28T17:44:30","modified_gmt":"2025-06-28T15:44:30","slug":"csiki-jozsef-csiky-jozsef","status":"publish","type":"product","link":"https:\/\/uj.adatbank.ro\/lexikon\/termek\/csiki-jozsef-csiky-jozsef\/","title":{"rendered":"CS\u00cdKI J\u00f3zsef, Cs\u00edky J\u00f3zsef"},"content":{"rendered":"<p>Mv, 1806. m\u00e1rc. 8. \u2020\u00a0Mv., 1878. jan. 28.: hivatalnok, f\u00f6ldbirtokos. \u2013 Id. M\u00e1rton (1750\u20131828) \u00e9s Verz\u00e1r Johanna fia. \u2013 Feles\u00e9ge: Verz\u00e1r M\u00e1ria (1810 \u2013 Mv., 1890. j\u00fan. 14.). Gyermekeik: Anna Csipk\u00e9s K\u00e1rolyn\u00e9; dr. Cs. J\u00f3zsef orvos (1843\u20131884); Albert; Lajos (1847\u20131899) k\u00f6nyvkeresked\u0151 \u00e9s Ferenc. \u2013 Mv.-en m. kir. p\u00e9nz\u00fcgyi hivatalnok, v\u00e1rosi t\u00f6rv\u00e9nyhat\u00f3s\u00e1gi tag. A Mv.-i Dalk\u00f6r els\u0151 eln\u00f6ke (1867), aki nagy buzgalommal dolgozott a k\u00f3rus\u00e9let felvir\u00e1goztat\u00e1sa \u00e9rdek\u00e9ben Mv.-en. <br \/><strong>Irod.:<\/strong> Benk\u0151 K.: Mv.; De\u00e1k Lajos: Visszatekint\u00e9s a dalk\u00f6r m\u00faltj\u00e1ra = Eml\u00e9kk\u00f6nyv (szerk. Farkas D\u00e1niel; Mv., 1883); Gy\u00e1szjelent\u0151; K. Kiss Ferenc: A mv.-i k\u00f3rus\u00e9let m\u00faltj\u00e1r\u00f3l (\u00daj \u00c9let, 22. sz., 1980); Mv.-i \u00f6rm\u00e9nyek; P\u00e1l-Antal S\u00e1ndor: \u00d6rm\u00e9nyek Mv.-en 1848 el\u0151tt = Pusk\u00e1s-Sz\u00e1sz \u00c1v\u00e9d; Pusk\u00e1s -Sz\u00e1sz \u00c1v\u00e9d<\/br><\/p>\n","protected":false},"excerpt":{"rendered":"<p>Mv, 1806. m\u00e1rc. 8. \u2020\u00a0Mv., 1878. jan. 28.: hivatalnok, f\u00f6ldbirtokos. \u2013 Id. M\u00e1rton (1750\u20131828) \u00e9s Verz\u00e1r Johanna fia. \u2013 Feles\u00e9ge: Verz\u00e1r M\u00e1ria (1810 \u2013 Mv., 1890. j\u00fan. 14.). Gyermekeik: Anna Csipk\u00e9s K\u00e1rolyn\u00e9; dr. Cs. J\u00f3zsef orvos (1843\u20131884); Albert; Lajos (1847\u20131899) k\u00f6nyvkeresked\u0151 \u00e9s Ferenc. \u2013 Mv.-en m. kir. p\u00e9nz\u00fcgyi hivatalnok, v\u00e1rosi t\u00f6rv\u00e9nyhat\u00f3s\u00e1gi tag. A Mv.-i Dalk\u00f6r [&hellip;]<\/p>\n","protected":false},"featured_media":0,"comment_status":"open","ping_status":"closed","template":"","meta":[],"product_brand":[],"product_cat":[137],"product_tag":[],"class_list":{"0":"post-6212","1":"product","2":"type-product","3":"status-publish","5":"product_cat-maros-megyei-eletrajzi-lexikon","7":"first","8":"instock","9":"shipping-taxable","10":"product-type-simple"},"_links":{"self":[{"href":"https:\/\/uj.adatbank.ro\/lexikon\/wp-json\/wp\/v2\/product\/6212","targetHints":{"allow":["GET"]}}],"collection":[{"href":"https:\/\/uj.adatbank.ro\/lexikon\/wp-json\/wp\/v2\/product"}],"about":[{"href":"https:\/\/uj.adatbank.ro\/lexikon\/wp-json\/wp\/v2\/types\/product"}],"replies":[{"embeddable":true,"href":"https:\/\/uj.adatbank.ro\/lexikon\/wp-json\/wp\/v2\/comments?post=6212"}],"wp:attachment":[{"href":"https:\/\/uj.adatbank.ro\/lexikon\/wp-json\/wp\/v2\/media?parent=6212"}],"wp:term":[{"taxonomy":"product_brand","embeddable":true,"href":"https:\/\/uj.adatbank.ro\/lexikon\/wp-json\/wp\/v2\/product_brand?post=6212"},{"taxonomy":"product_cat","embeddable":true,"href":"https:\/\/uj.adatbank.ro\/lexikon\/wp-json\/wp\/v2\/product_cat?post=6212"},{"taxonomy":"product_tag","embeddable":true,"href":"https:\/\/uj.adatbank.ro\/lexikon\/wp-json\/wp\/v2\/product_tag?post=6212"}],"curies":[{"name":"wp","href":"https:\/\/api.w.org\/{rel}","templated":true}]}}

CSÍKI József, Csíky József

<p>Mv, 1806. márc. 8. † Mv., 1878. jan. 28.: hivatalnok, földbirtokos. – Id. Márton (1750–1828) és Verzár Johanna fia. – Felesége: Verzár Mária (1810 – Mv., 1890. jún. 14.). Gyermekeik: Anna Csipkés Károlyné; dr. Cs. József orvos (1843–1884); Albert; Lajos (1847–1899) könyvkereskedő és Ferenc. – Mv.-en m. kir. pénzügyi hivatalnok, városi törvényhatósági tag. A Mv.-i Dalkör első elnöke (1867), aki nagy buzgalommal dolgozott a kórusélet felvirágoztatása érdekében Mv.-en. <br /><strong>Irod.:</strong> Benkő K.: Mv.; Deák Lajos: Visszatekintés a dalkör múltjára = Emlékkönyv (szerk. Farkas Dániel; Mv., 1883); Gyászjelentő; K. Kiss Ferenc: A mv.-i kórusélet múltjáról (Új Élet, 22. sz., 1980); Mv.-i örmények; Pál-Antal Sándor: Örmények Mv.-en 1848 előtt = Puskás-Szász Ávéd; Puskás -Szász Ávéd</br></p>

<p>Mv, 1806. márc. 8. † Mv., 1878. jan. 28.: hivatalnok, földbirtokos. – Id. Márton (1750–1828) és Verzár Johanna fia. – Felesége: Verzár Mária (1810 – Mv., 1890. jún. 14.). Gyermekeik: Anna Csipkés Károlyné; dr. Cs. József orvos (1843–1884); Albert; Lajos (1847–1899) könyvkereskedő és Ferenc. – Mv.-en m. kir. pénzügyi hivatalnok, városi törvényhatósági tag. A Mv.-i Dalkör [&hellip;]</p>
