{"id":6215,"date":"2025-06-28T17:44:37","date_gmt":"2025-06-28T15:44:37","guid":{"rendered":"https:\/\/uj.adatbank.ro\/lexikon\/termek\/csiki-karoly\/"},"modified":"2025-06-28T17:44:37","modified_gmt":"2025-06-28T15:44:37","slug":"csiki-karoly","status":"publish","type":"product","link":"https:\/\/uj.adatbank.ro\/lexikon\/termek\/csiki-karoly\/","title":{"rendered":"CS\u00cdKI K\u00e1roly"},"content":{"rendered":"<p>Disznaj\u00f3, 1841. febr. 4., \u2020 Kisf\u00fclp\u00f6s, 1919. okt. 1.: ref. lelk\u00e9sz. \u2013 Cs. Gy\u00f6rgy (1801\u20131870) fia. Gyermekei: Cs. Gy\u00f6rgy lelkip\u00e1sztor Kisf\u00fclp\u00f6s\u00f6n, Anna V\u00e1s\u00e1rhelyi J\u00e1nos p\u00fcsp\u00f6k feles\u00e9ge. \u2013 Tanulm\u00e1nyait sz\u00fcl\u0151fal\u00faj\u00e1ban kezdte, Mv.-en a Ref. Koll.-ban 2. elemi oszt.-ban folytatta (1851\u2013), ahol \u00e9retts\u00e9gizett (1860), majd egy \u00e9vi preparandi\u00e1t \u00e9s k\u00e9t \u00e9vi jogi tanulm\u00e1nyt folytatott u. i. Nagyenyeden v\u00e9gzett teol\u00f3gi\u00e1t (1863\u201365). Megh\u00edvt\u00e1k tan\u00edt\u00f3nak a mv.-i Ref. Koll. -ba (1865\u201367), a marburgi egy. Hittud. Kar\u00e1n tanult (1867\u201368). Megv\u00e1lasztott\u00e1k seg\u00e9dlelk\u00e9sznek apja mell\u00e9, akinek a hal\u00e1la ut\u00e1n elfoglalta hely\u00e9t (1869. jan. 24. \u2013 1919), 50 \u00e9vig volt Disznaj\u00f3n lelk\u00e9sz. \u00daj papi lakot (1888), a templomot is kib\u0151v\u00edtett\u00e9k, \u00faj tornyot, \u00faj iskol\u00e1t is \u00e9p\u00edtettek (1895), \u00e9s k\u00e9s\u0151bb tan\u00edt\u00f3i lak\u00e1s is. R\u00e9szt vett az Erd\u00e9lyi Ref. Egyh\u00e1zker\u00fclet k\u00f6zgy\u0171l\u00e9s\u00e9n mint a g\u00f6rg\u00e9nyi egyh\u00e1zmegye k\u00fcld\u00f6tte (Kv., 1888). <br \/><strong>Irod.:<\/strong> B\u00f6jthe Andor; Az Erd\u00e9lyi Ref. Egyh\u00e1zker\u00fclet k\u00f6zgy\u0171l\u00e9s\u00e9nek jegyz\u0151k\u00f6nyve (Kv, 1888); Szab\u00f3-Simon-Sz\u0151gi<\/br><\/p>\n","protected":false},"excerpt":{"rendered":"<p>Disznaj\u00f3, 1841. febr. 4., \u2020 Kisf\u00fclp\u00f6s, 1919. okt. 1.: ref. lelk\u00e9sz. \u2013 Cs. Gy\u00f6rgy (1801\u20131870) fia. Gyermekei: Cs. Gy\u00f6rgy lelkip\u00e1sztor Kisf\u00fclp\u00f6s\u00f6n, Anna V\u00e1s\u00e1rhelyi J\u00e1nos p\u00fcsp\u00f6k feles\u00e9ge. \u2013 Tanulm\u00e1nyait sz\u00fcl\u0151fal\u00faj\u00e1ban kezdte, Mv.-en a Ref. Koll.-ban 2. elemi oszt.-ban folytatta (1851\u2013), ahol \u00e9retts\u00e9gizett (1860), majd egy \u00e9vi preparandi\u00e1t \u00e9s k\u00e9t \u00e9vi jogi tanulm\u00e1nyt folytatott u. i. Nagyenyeden [&hellip;]<\/p>\n","protected":false},"featured_media":0,"comment_status":"open","ping_status":"closed","template":"","meta":[],"product_brand":[],"product_cat":[137],"product_tag":[],"class_list":{"0":"post-6215","1":"product","2":"type-product","3":"status-publish","5":"product_cat-maros-megyei-eletrajzi-lexikon","7":"first","8":"instock","9":"shipping-taxable","10":"product-type-simple"},"_links":{"self":[{"href":"https:\/\/uj.adatbank.ro\/lexikon\/wp-json\/wp\/v2\/product\/6215","targetHints":{"allow":["GET"]}}],"collection":[{"href":"https:\/\/uj.adatbank.ro\/lexikon\/wp-json\/wp\/v2\/product"}],"about":[{"href":"https:\/\/uj.adatbank.ro\/lexikon\/wp-json\/wp\/v2\/types\/product"}],"replies":[{"embeddable":true,"href":"https:\/\/uj.adatbank.ro\/lexikon\/wp-json\/wp\/v2\/comments?post=6215"}],"wp:attachment":[{"href":"https:\/\/uj.adatbank.ro\/lexikon\/wp-json\/wp\/v2\/media?parent=6215"}],"wp:term":[{"taxonomy":"product_brand","embeddable":true,"href":"https:\/\/uj.adatbank.ro\/lexikon\/wp-json\/wp\/v2\/product_brand?post=6215"},{"taxonomy":"product_cat","embeddable":true,"href":"https:\/\/uj.adatbank.ro\/lexikon\/wp-json\/wp\/v2\/product_cat?post=6215"},{"taxonomy":"product_tag","embeddable":true,"href":"https:\/\/uj.adatbank.ro\/lexikon\/wp-json\/wp\/v2\/product_tag?post=6215"}],"curies":[{"name":"wp","href":"https:\/\/api.w.org\/{rel}","templated":true}]}}

CSÍKI Károly

<p>Disznajó, 1841. febr. 4., † Kisfülpös, 1919. okt. 1.: ref. lelkész. – Cs. György (1801–1870) fia. Gyermekei: Cs. György lelkipásztor Kisfülpösön, Anna Vásárhelyi János püspök felesége. – Tanulmányait szülőfalújában kezdte, Mv.-en a Ref. Koll.-ban 2. elemi oszt.-ban folytatta (1851–), ahol érettségizett (1860), majd egy évi preparandiát és két évi jogi tanulmányt folytatott u. i. Nagyenyeden végzett teológiát (1863–65). Meghívták tanítónak a mv.-i Ref. Koll. -ba (1865–67), a marburgi egy. Hittud. Karán tanult (1867–68). Megválasztották segédlelkésznek apja mellé, akinek a halála után elfoglalta helyét (1869. jan. 24. – 1919), 50 évig volt Disznajón lelkész. Új papi lakot (1888), a templomot is kibővítették, új tornyot, új iskolát is építettek (1895), és később tanítói lakás is. Részt vett az Erdélyi Ref. Egyházkerület közgyűlésén mint a görgényi egyházmegye küldötte (Kv., 1888). <br /><strong>Irod.:</strong> Böjthe Andor; Az Erdélyi Ref. Egyházkerület közgyűlésének jegyzőkönyve (Kv, 1888); Szabó-Simon-Szőgi</br></p>

<p>Disznajó, 1841. febr. 4., † Kisfülpös, 1919. okt. 1.: ref. lelkész. – Cs. György (1801–1870) fia. Gyermekei: Cs. György lelkipásztor Kisfülpösön, Anna Vásárhelyi János püspök felesége. – Tanulmányait szülőfalújában kezdte, Mv.-en a Ref. Koll.-ban 2. elemi oszt.-ban folytatta (1851–), ahol érettségizett (1860), majd egy évi preparandiát és két évi jogi tanulmányt folytatott u. i. Nagyenyeden [&hellip;]</p>
