{"id":6221,"date":"2025-06-28T17:44:47","date_gmt":"2025-06-28T15:44:47","guid":{"rendered":"https:\/\/uj.adatbank.ro\/lexikon\/termek\/csiki-marton-2\/"},"modified":"2025-06-28T17:44:47","modified_gmt":"2025-06-28T15:44:47","slug":"csiki-marton-2","status":"publish","type":"product","link":"https:\/\/uj.adatbank.ro\/lexikon\/termek\/csiki-marton-2\/","title":{"rendered":"CS\u00cdKI M\u00e1rton"},"content":{"rendered":"<p>Erzs\u00e9betv\u00e1ros, 1725., \u2020\u00a0Mv., 1783. j\u00fan. 14.: keresked\u0151. \u2013 Feles\u00e9ge: Eranosz M\u00e1ria v. Roz\u00e1lia (1731\u20131818. \u00e1pr. 21, temetve a pl\u00e9b\u00e1nia templom kript\u00e1j\u00e1ba). Az els\u0151 \u00f6rm\u00e9ny keresked\u0151, aki Mv.-en megtelepedett. Az erzs\u00e9betv\u00e1rosi \u00f6rm\u00e9ny sz\u00e1rmaz\u00e1s\u00fa keresked\u0151vel szerz\u0151d\u00e9st k\u00f6t\u00f6tt a v\u00e1ros (1760), ez\u00e1ltal helyzet\u00e9t megszil\u00e1rd\u00edtotta. M\u00e1r 5\u20136 \u00e9ve bizonyos taksa lefizet\u00e9se mellett a v\u00e1rosban kereskedett, tev\u00e9kenys\u00e9ge felt\u00e9teleit szab\u00e1lyozta a tan\u00e1cs. A szamos\u00fajv\u00e1ri komp\u00e1nia panaszolta, hogy Mv. piac\u00e1n hely\u00fcket elfoglalta (1763), amelyet majd \u00f6tven esztendeje b\u00edrtak. Kis\u00e9rletet tett az udvarn\u00e1l a polg\u00e1rjog megszerz\u00e9s\u00e9re (1767), ami lehet\u0151s\u00e9get adott volna v\u00e1rosi ingatlan v\u00e1s\u00e1rl\u00e1sra. A k\u00e9r\u00e9se nagy ellen\u00e1ll\u00e1sra tal\u00e1lt a v\u00e1rosi tan\u00e1csn\u00e1l, amely f\u00e9ltette a v\u00e1rost az \u00f6rm\u00e9nyek t\u00f6meges betelep\u00fcl\u00e9s\u00e9t\u0151l \u00e9s meggazdagod\u00e1s\u00e1t\u00f3l, valamint a taksa elest\u00e9t\u0151l, amit beszedett t\u0151l\u00fck. Pr\u00f3b\u00e1lkoz\u00e1sa nem j\u00e1rt sikerrel de \u00fajb\u00f3l k\u00e9rv\u00e9nyezte a polg\u00e1rjogot (1778), a magisztr\u00e1tus \u00fajboli tiltakoz\u00e1sa mellett. A polg\u00e1rjogot v\u00e9g\u00fcl is a II. J\u00f3zsef \u00e1ltal kibocs\u00e1tott civilitatis rendelet hozta el sz\u00e1m\u00e1ra (1783). <br \/><strong>Irod.:<\/strong> Fogarasi; M\u00e1th\u00e9 \u00c9va: Besz\u00e9des s\u00edrfel\u00edratok (Kr\u00f3nika, 2010. nov. 5\u20137.); Mezey Sarolta. Ars Sacra fesztiv\u00e1l \u2013Csiky csal\u00e1dra eml\u00e9keztek (N\u00fa., 2022. szept. 28.); Mv.-i \u00f6rm\u00e9nyek; Mv.-i Pl\u00e9b\u00e1niatemplom kript\u00e1ja; Orb\u00e1n J\u00e1nos: Cs. M. \u0151kegyelme \u00faj h\u00e1zot \u00e9p\u00edttetett = Pusk\u00e1s -Sz\u00e1sz \u00c1v\u00e9d; P\u00e1l-Antal S\u00e1ndor: \u00d6rm\u00e9nyek Mv.-en 1848 el\u0151tt = Pusk\u00e1s-Sz\u00e1sz \u00c1v\u00e9d; Sz\u00e1sz- Barab\u00e1s-Pusk\u00e1s<\/br><\/p>\n","protected":false},"excerpt":{"rendered":"<p>Erzs\u00e9betv\u00e1ros, 1725., \u2020\u00a0Mv., 1783. j\u00fan. 14.: keresked\u0151. \u2013 Feles\u00e9ge: Eranosz M\u00e1ria v. Roz\u00e1lia (1731\u20131818. \u00e1pr. 21, temetve a pl\u00e9b\u00e1nia templom kript\u00e1j\u00e1ba). Az els\u0151 \u00f6rm\u00e9ny keresked\u0151, aki Mv.-en megtelepedett. Az erzs\u00e9betv\u00e1rosi \u00f6rm\u00e9ny sz\u00e1rmaz\u00e1s\u00fa keresked\u0151vel szerz\u0151d\u00e9st k\u00f6t\u00f6tt a v\u00e1ros (1760), ez\u00e1ltal helyzet\u00e9t megszil\u00e1rd\u00edtotta. M\u00e1r 5\u20136 \u00e9ve bizonyos taksa lefizet\u00e9se mellett a v\u00e1rosban kereskedett, tev\u00e9kenys\u00e9ge felt\u00e9teleit szab\u00e1lyozta a [&hellip;]<\/p>\n","protected":false},"featured_media":0,"comment_status":"open","ping_status":"closed","template":"","meta":[],"product_brand":[],"product_cat":[137],"product_tag":[],"class_list":{"0":"post-6221","1":"product","2":"type-product","3":"status-publish","5":"product_cat-maros-megyei-eletrajzi-lexikon","7":"first","8":"instock","9":"shipping-taxable","10":"product-type-simple"},"_links":{"self":[{"href":"https:\/\/uj.adatbank.ro\/lexikon\/wp-json\/wp\/v2\/product\/6221","targetHints":{"allow":["GET"]}}],"collection":[{"href":"https:\/\/uj.adatbank.ro\/lexikon\/wp-json\/wp\/v2\/product"}],"about":[{"href":"https:\/\/uj.adatbank.ro\/lexikon\/wp-json\/wp\/v2\/types\/product"}],"replies":[{"embeddable":true,"href":"https:\/\/uj.adatbank.ro\/lexikon\/wp-json\/wp\/v2\/comments?post=6221"}],"wp:attachment":[{"href":"https:\/\/uj.adatbank.ro\/lexikon\/wp-json\/wp\/v2\/media?parent=6221"}],"wp:term":[{"taxonomy":"product_brand","embeddable":true,"href":"https:\/\/uj.adatbank.ro\/lexikon\/wp-json\/wp\/v2\/product_brand?post=6221"},{"taxonomy":"product_cat","embeddable":true,"href":"https:\/\/uj.adatbank.ro\/lexikon\/wp-json\/wp\/v2\/product_cat?post=6221"},{"taxonomy":"product_tag","embeddable":true,"href":"https:\/\/uj.adatbank.ro\/lexikon\/wp-json\/wp\/v2\/product_tag?post=6221"}],"curies":[{"name":"wp","href":"https:\/\/api.w.org\/{rel}","templated":true}]}}

CSÍKI Márton

<p>Erzsébetváros, 1725., † Mv., 1783. jún. 14.: kereskedő. – Felesége: Eranosz Mária v. Rozália (1731–1818. ápr. 21, temetve a plébánia templom kriptájába). Az első örmény kereskedő, aki Mv.-en megtelepedett. Az erzsébetvárosi örmény származású kereskedővel szerződést kötött a város (1760), ezáltal helyzetét megszilárdította. Már 5–6 éve bizonyos taksa lefizetése mellett a városban kereskedett, tevékenysége feltételeit szabályozta a tanács. A szamosújvári kompánia panaszolta, hogy Mv. piacán helyüket elfoglalta (1763), amelyet majd ötven esztendeje bírtak. Kisérletet tett az udvarnál a polgárjog megszerzésére (1767), ami lehetőséget adott volna városi ingatlan vásárlásra. A kérése nagy ellenállásra talált a városi tanácsnál, amely féltette a várost az örmények tömeges betelepülésétől és meggazdagodásától, valamint a taksa elestétől, amit beszedett tőlük. Próbálkozása nem járt sikerrel de újból kérvényezte a polgárjogot (1778), a magisztrátus újboli tiltakozása mellett. A polgárjogot végül is a II. József által kibocsátott civilitatis rendelet hozta el számára (1783). <br /><strong>Irod.:</strong> Fogarasi; Máthé Éva: Beszédes sírfelíratok (Krónika, 2010. nov. 5–7.); Mezey Sarolta. Ars Sacra fesztivál –Csiky családra emlékeztek (Nú., 2022. szept. 28.); Mv.-i örmények; Mv.-i Plébániatemplom kriptája; Orbán János: Cs. M. őkegyelme új házot építtetett = Puskás -Szász Ávéd; Pál-Antal Sándor: Örmények Mv.-en 1848 előtt = Puskás-Szász Ávéd; Szász- Barabás-Puskás</br></p>

<p>Erzsébetváros, 1725., † Mv., 1783. jún. 14.: kereskedő. – Felesége: Eranosz Mária v. Rozália (1731–1818. ápr. 21, temetve a plébánia templom kriptájába). Az első örmény kereskedő, aki Mv.-en megtelepedett. Az erzsébetvárosi örmény származású kereskedővel szerződést kötött a város (1760), ezáltal helyzetét megszilárdította. Már 5–6 éve bizonyos taksa lefizetése mellett a városban kereskedett, tevékenysége feltételeit szabályozta a [&hellip;]</p>
