{"id":6222,"date":"2025-06-28T17:44:48","date_gmt":"2025-06-28T15:44:48","guid":{"rendered":"https:\/\/uj.adatbank.ro\/lexikon\/termek\/csiki-marton-3\/"},"modified":"2025-06-28T17:44:48","modified_gmt":"2025-06-28T15:44:48","slug":"csiki-marton-3","status":"publish","type":"product","link":"https:\/\/uj.adatbank.ro\/lexikon\/termek\/csiki-marton-3\/","title":{"rendered":"CS\u00cdKI M\u00e1rton"},"content":{"rendered":"<p>1787. j\u00fal. 9., \u2020 Mv., 1868. \u00e1pr. 5. A minorita-templom alatti kript\u00e1ba temett\u00e9k, a szt. Ferenc aty\u00e1k s\u00edrboltj\u00e1ba.: keresked\u0151. \u2013 Cs. M\u00e1rton \u00e9s K\u00f6v\u00e9r Veronika fia. Feles\u00e9ge: Verz\u00e1r Rebeka (1792. jan. 8\u20131868. \u00e1pr. 5). Fi\u00fak: M\u00e1rton (1812. szept. 1. \u2013 1886. m\u00e1rc. 12), \u00fcgyv\u00e9d, feles\u00e9ge Kov\u00e1cs Fr\u00e1nciska (1820-.?). Esk\u00fcv\u0151 Mv.-en (1838. nov. 5.). Gyermekeik: (M\u00e1rton. 1846. m\u00e1j. 14. \u2013 1846. m\u00e1j. 15.), Antal M\u00e1rton (1848. j\u00fan. 22. &#8211; ?) \u2013 Jog\u00e1sz, hab\u00e1r a Kir. T\u00e1bla kancellist\u00e1ja (1811), folytatta a csal\u00e1di hagyom\u00e1nyt, a keresked\u0151i tev\u00e9kenys\u00e9get. Apj\u00e1val egy\u00fctt \u00e9vekig bonyol\u00edtotta a hagyom\u00e1nyos b\u00e9csi keresked\u0151 utakat. Apjuk mesters\u00e9g\u00e9t folytatta testv\u00e9re Gergely \u00e9s f\u00e9ltestv\u00e9re Istv\u00e1n is. J\u00e1nos orvos lett, Ferenc pedig Pesten gy\u00f3gyszer\u00e9sz. A v\u00e1ros legnagyobb mag\u00e1nf\u00f6ldbirtokosa (1862). <br \/><strong>Irod.:<\/strong> Gy\u00e1szjelent\u0151; Mezey Sarolta. Ars Sacra fesztiv\u00e1l \u2013Csiky csal\u00e1dra eml\u00e9keztek (N\u00fa., 2022. szept. 28.); Minorit\u00e1k, P\u00e1l-Antal 2009; P\u00e1l-Antal S\u00e1ndor: \u00d6rm\u00e9nyek Mv.-en 1848 el\u0151tt = Pusk\u00e1s-Sz\u00e1sz \u00c1v\u00e9d<\/br><\/p>\n","protected":false},"excerpt":{"rendered":"<p>1787. j\u00fal. 9., \u2020 Mv., 1868. \u00e1pr. 5. A minorita-templom alatti kript\u00e1ba temett\u00e9k, a szt. Ferenc aty\u00e1k s\u00edrboltj\u00e1ba.: keresked\u0151. \u2013 Cs. M\u00e1rton \u00e9s K\u00f6v\u00e9r Veronika fia. Feles\u00e9ge: Verz\u00e1r Rebeka (1792. jan. 8\u20131868. \u00e1pr. 5). Fi\u00fak: M\u00e1rton (1812. szept. 1. \u2013 1886. m\u00e1rc. 12), \u00fcgyv\u00e9d, feles\u00e9ge Kov\u00e1cs Fr\u00e1nciska (1820-.?). Esk\u00fcv\u0151 Mv.-en (1838. nov. 5.). Gyermekeik: (M\u00e1rton. [&hellip;]<\/p>\n","protected":false},"featured_media":0,"comment_status":"open","ping_status":"closed","template":"","meta":[],"product_brand":[],"product_cat":[137],"product_tag":[],"class_list":{"0":"post-6222","1":"product","2":"type-product","3":"status-publish","5":"product_cat-maros-megyei-eletrajzi-lexikon","7":"first","8":"instock","9":"shipping-taxable","10":"product-type-simple"},"_links":{"self":[{"href":"https:\/\/uj.adatbank.ro\/lexikon\/wp-json\/wp\/v2\/product\/6222","targetHints":{"allow":["GET"]}}],"collection":[{"href":"https:\/\/uj.adatbank.ro\/lexikon\/wp-json\/wp\/v2\/product"}],"about":[{"href":"https:\/\/uj.adatbank.ro\/lexikon\/wp-json\/wp\/v2\/types\/product"}],"replies":[{"embeddable":true,"href":"https:\/\/uj.adatbank.ro\/lexikon\/wp-json\/wp\/v2\/comments?post=6222"}],"wp:attachment":[{"href":"https:\/\/uj.adatbank.ro\/lexikon\/wp-json\/wp\/v2\/media?parent=6222"}],"wp:term":[{"taxonomy":"product_brand","embeddable":true,"href":"https:\/\/uj.adatbank.ro\/lexikon\/wp-json\/wp\/v2\/product_brand?post=6222"},{"taxonomy":"product_cat","embeddable":true,"href":"https:\/\/uj.adatbank.ro\/lexikon\/wp-json\/wp\/v2\/product_cat?post=6222"},{"taxonomy":"product_tag","embeddable":true,"href":"https:\/\/uj.adatbank.ro\/lexikon\/wp-json\/wp\/v2\/product_tag?post=6222"}],"curies":[{"name":"wp","href":"https:\/\/api.w.org\/{rel}","templated":true}]}}

CSÍKI Márton

<p>1787. júl. 9., † Mv., 1868. ápr. 5. A minorita-templom alatti kriptába temették, a szt. Ferenc atyák sírboltjába.: kereskedő. – Cs. Márton és Kövér Veronika fia. Felesége: Verzár Rebeka (1792. jan. 8–1868. ápr. 5). Fiúk: Márton (1812. szept. 1. – 1886. márc. 12), ügyvéd, felesége Kovács Fránciska (1820-.?). Esküvő Mv.-en (1838. nov. 5.). Gyermekeik: (Márton. 1846. máj. 14. – 1846. máj. 15.), Antal Márton (1848. jún. 22. &#8211; ?) – Jogász, habár a Kir. Tábla kancellistája (1811), folytatta a családi hagyományt, a kereskedői tevékenységet. Apjával együtt évekig bonyolította a hagyományos bécsi kereskedő utakat. Apjuk mesterségét folytatta testvére Gergely és féltestvére István is. János orvos lett, Ferenc pedig Pesten gyógyszerész. A város legnagyobb magánföldbirtokosa (1862). <br /><strong>Irod.:</strong> Gyászjelentő; Mezey Sarolta. Ars Sacra fesztivál –Csiky családra emlékeztek (Nú., 2022. szept. 28.); Minoriták, Pál-Antal 2009; Pál-Antal Sándor: Örmények Mv.-en 1848 előtt = Puskás-Szász Ávéd</br></p>

<p>1787. júl. 9., † Mv., 1868. ápr. 5. A minorita-templom alatti kriptába temették, a szt. Ferenc atyák sírboltjába.: kereskedő. – Cs. Márton és Kövér Veronika fia. Felesége: Verzár Rebeka (1792. jan. 8–1868. ápr. 5). Fiúk: Márton (1812. szept. 1. – 1886. márc. 12), ügyvéd, felesége Kovács Fránciska (1820-.?). Esküvő Mv.-en (1838. nov. 5.). Gyermekeik: (Márton. [&hellip;]</p>
