{"id":6224,"date":"2025-06-28T17:44:51","date_gmt":"2025-06-28T15:44:51","guid":{"rendered":"https:\/\/uj.adatbank.ro\/lexikon\/termek\/csiki-marton-csiky-marton\/"},"modified":"2025-06-28T17:44:51","modified_gmt":"2025-06-28T15:44:51","slug":"csiki-marton-csiky-marton","status":"publish","type":"product","link":"https:\/\/uj.adatbank.ro\/lexikon\/termek\/csiki-marton-csiky-marton\/","title":{"rendered":"CS\u00cdKI M\u00e1rton, Cs\u00edky M\u00e1rton"},"content":{"rendered":"<p>1812. szept. 1., \u2020 Mv, 1886. m\u00e1rc. 12, a mv.-i kisebb rend\u0171 Szent-Ferenc-rendiek s\u00edrboltj\u00e1ban nyugszik: : \u00fcgyv\u00e9d. Mv.-en \u2013 M\u00e1rton \u00e9s Verz\u00e1r Rebeka fia. Feles\u00e9ge Kov\u00e1ts Franciska (1820\u20141872. febr. 11) (esk. Mv. 1838. nov. 5.) Gyermekei: M\u00e1rton (1846. m\u00e1j. 14\u2014m\u00e1j. 15), Antal M\u00e1rton (1849. j\u00fan 22). \u2013 <strong>F. m.:<\/strong> R\u00edmek keresztj\u00e9n: Versek (Mv., 1927). <br \/><strong>Irod.:<\/strong> F\u00fcl\u00f6p Ferenc; Gy\u00e1szjelent; Mezey Sarolta. Ars Sacra fesztiv\u00e1l \u2013Csiky csal\u00e1dra eml\u00e9keztek (N\u00fa., 2022. szept. 28.); Minorit\u00e1k; Orb\u00e1n J\u00e1nos: Cs. M. \u0151kegyelme \u00faj h\u00e1zot \u00e9p\u00edttetett = P\u00e1l-Antal 2009; P\u00e1l-Antal S\u00e1ndor: \u00d6rm\u00e9nyek Mv.-en 1848 el\u0151tt = Pusk\u00e1s-Sz\u00e1sz \u00c1v\u00e9d; Pusk\u00e1s Attila<\/br><\/p>\n","protected":false},"excerpt":{"rendered":"<p>1812. szept. 1., \u2020 Mv, 1886. m\u00e1rc. 12, a mv.-i kisebb rend\u0171 Szent-Ferenc-rendiek s\u00edrboltj\u00e1ban nyugszik: : \u00fcgyv\u00e9d. Mv.-en \u2013 M\u00e1rton \u00e9s Verz\u00e1r Rebeka fia. Feles\u00e9ge Kov\u00e1ts Franciska (1820\u20141872. febr. 11) (esk. Mv. 1838. nov. 5.) Gyermekei: M\u00e1rton (1846. m\u00e1j. 14\u2014m\u00e1j. 15), Antal M\u00e1rton (1849. j\u00fan 22). \u2013 F. m.: R\u00edmek keresztj\u00e9n: Versek (Mv., 1927). Irod.: [&hellip;]<\/p>\n","protected":false},"featured_media":0,"comment_status":"open","ping_status":"closed","template":"","meta":[],"product_brand":[],"product_cat":[137],"product_tag":[],"class_list":{"0":"post-6224","1":"product","2":"type-product","3":"status-publish","5":"product_cat-maros-megyei-eletrajzi-lexikon","7":"first","8":"instock","9":"shipping-taxable","10":"product-type-simple"},"_links":{"self":[{"href":"https:\/\/uj.adatbank.ro\/lexikon\/wp-json\/wp\/v2\/product\/6224","targetHints":{"allow":["GET"]}}],"collection":[{"href":"https:\/\/uj.adatbank.ro\/lexikon\/wp-json\/wp\/v2\/product"}],"about":[{"href":"https:\/\/uj.adatbank.ro\/lexikon\/wp-json\/wp\/v2\/types\/product"}],"replies":[{"embeddable":true,"href":"https:\/\/uj.adatbank.ro\/lexikon\/wp-json\/wp\/v2\/comments?post=6224"}],"wp:attachment":[{"href":"https:\/\/uj.adatbank.ro\/lexikon\/wp-json\/wp\/v2\/media?parent=6224"}],"wp:term":[{"taxonomy":"product_brand","embeddable":true,"href":"https:\/\/uj.adatbank.ro\/lexikon\/wp-json\/wp\/v2\/product_brand?post=6224"},{"taxonomy":"product_cat","embeddable":true,"href":"https:\/\/uj.adatbank.ro\/lexikon\/wp-json\/wp\/v2\/product_cat?post=6224"},{"taxonomy":"product_tag","embeddable":true,"href":"https:\/\/uj.adatbank.ro\/lexikon\/wp-json\/wp\/v2\/product_tag?post=6224"}],"curies":[{"name":"wp","href":"https:\/\/api.w.org\/{rel}","templated":true}]}}

CSÍKI Márton, Csíky Márton

<p>1812. szept. 1., † Mv, 1886. márc. 12, a mv.-i kisebb rendű Szent-Ferenc-rendiek sírboltjában nyugszik: : ügyvéd. Mv.-en – Márton és Verzár Rebeka fia. Felesége Kováts Franciska (1820—1872. febr. 11) (esk. Mv. 1838. nov. 5.) Gyermekei: Márton (1846. máj. 14—máj. 15), Antal Márton (1849. jún 22). – <strong>F. m.:</strong> Rímek keresztjén: Versek (Mv., 1927). <br /><strong>Irod.:</strong> Fülöp Ferenc; Gyászjelent; Mezey Sarolta. Ars Sacra fesztivál –Csiky családra emlékeztek (Nú., 2022. szept. 28.); Minoriták; Orbán János: Cs. M. őkegyelme új házot építtetett = Pál-Antal 2009; Pál-Antal Sándor: Örmények Mv.-en 1848 előtt = Puskás-Szász Ávéd; Puskás Attila</br></p>

<p>1812. szept. 1., † Mv, 1886. márc. 12, a mv.-i kisebb rendű Szent-Ferenc-rendiek sírboltjában nyugszik: : ügyvéd. Mv.-en – Márton és Verzár Rebeka fia. Felesége Kováts Franciska (1820—1872. febr. 11) (esk. Mv. 1838. nov. 5.) Gyermekei: Márton (1846. máj. 14—máj. 15), Antal Márton (1849. jún 22). – F. m.: Rímek keresztjén: Versek (Mv., 1927). Irod.: [&hellip;]</p>
