{"id":6225,"date":"2025-06-28T17:44:55","date_gmt":"2025-06-28T15:44:55","guid":{"rendered":"https:\/\/uj.adatbank.ro\/lexikon\/termek\/csiki-marton-csiky-marton-csyki-marton\/"},"modified":"2025-06-28T17:44:55","modified_gmt":"2025-06-28T15:44:55","slug":"csiki-marton-csiky-marton-csyki-marton","status":"publish","type":"product","link":"https:\/\/uj.adatbank.ro\/lexikon\/termek\/csiki-marton-csiky-marton-csyki-marton\/","title":{"rendered":"CS\u00cdKI M\u00e1rton, Cs\u00edky M\u00e1rton, Csyki M\u00e1rton"},"content":{"rendered":"<p>1750., \u2020\u00a0Mv., 1828. nov. 14. A mv.-i Keresztel\u0151 Szent J\u00e1nos-pl\u00e9b\u00e1nia kript\u00e1j\u00e1ba temett\u00e9k, a feles\u00e9g\u00e9t is.: keresked\u0151. \u2013 Todor \u00e9s Samoj M\u00e1ria fia. Feles\u00e9ge: 1. K\u00f6v\u00e9r Veronika (1758., \u2020\u00a01797. j\u00fal. 18., az anyak\u00f6nyvben 13.). Gyermekei: M\u00e1ria, Krisztina Roz\u00e1lia (1780\u2013), \u00c1gnes (1783), Ter\u00e9zia (1785), M\u00e1rton Emanuel Antal (1787. j\u00fal. 9\u20131868. \u00e1pr. 5.), J\u00e1nos Gergely (1790. okt. 18\u20131860. m\u00e1rc. 15.), Veronika -Cecilia ikrek (1794. szept. 9\u20131884. m\u00e1rc. 17.); 2. feles\u00e9ge: Verz\u00e1r Johanna (1778. \u00e1pr. 20. \u2013 1831. j\u00fan 14., mv.-i Keresztel\u0151 Szent J\u00e1nos pl\u00e9bi\u00e1nia kript\u00e1j\u00e1ban nyugszik). Gyermekei sz\u00e1ma 19.: Istv\u00e1n (1799. febr. 22\u2013), J\u00e1nos (1801- 1867. m\u00e1j. 12 ), Ter\u00e9zia (1803\u20131815. jan. 15.), Anna M\u00e1ria (1805. aug. 7\u20131866. nov. 13), J\u00f3zsef (1806. m\u00e1rc. 8. \u2013 1878. jan. 28); Kl\u00e1ra (1808. jan. 29. &#8211; 1809. m\u00e1rc. 3.); T\u00f3dor (1810. febr. 21. \u2013 1810. m\u00e1rc. 24.), M\u00e1ria Johanna (1815. m\u00e1j. 29. \u2013 1816. jan. 14.), Erzs\u00e9bet M\u00e1ria (1816. nov. 19. \u2013), Ferenc (1819. m\u00e1j. 22- 1849. j\u00fal. 27). \u2013 N\u00e9h\u00e1ny \u00e9vesen ker\u00fclt Mv.-re, itt n\u0151tt fel. M\u00e1r vezette a csal\u00e1d B\u00e9csbe tart\u00f3 keresked\u0151karav\u00e1nj\u00e1t (1770-es -ben). Olyan term\u00e9keket hozott, amelyek itt nem voltak: b\u00f6rt, selymet \u00e9s poszt\u00f3t. J\u00f3 viszonyt \u00e1polt a B\u00e9csben \u00e9l\u0151 udvari kancell\u00e1r Teleki S\u00e1muellel, \u0151 \u00e9s majd fia, gyakran fuvaroztak Teleki sz\u00e1m\u00e1ra k\u00fcldem\u00e9nyeket (k\u00f6nyvsz\u00e1ll\u00edtm\u00e1nyt, 1797). V\u00e1rosi polg\u00e1rjogot kapott \u00edgy lehet\u0151s\u00e9ge nyilt ingatlanok \u00e9s f\u00f6ldter\u00fcletek v\u00e1s\u00e1rl\u00e1s\u00e1ra. Z\u00e1logjogon megszerezte a L\u00e1z\u00e1r gr\u00f3fokt\u00f3l a Maroson t\u00fal fekv\u0151 Remeteszeg falut \u00e9s a k\u00f6rny\u00e9ken t\u00f6bb f\u00f6ldet v\u00e1s\u00e1rolt (1810). Az \u00f6rm\u00e9ny keresked\u0151k befoly\u00e1s\u00e1nak n\u00f6veked\u00e9s\u00e9t a v\u00e1ros el\u0151lj\u00e1r\u00f3s\u00e1ga agg\u00f3dva figyelte (19. sz. els\u0151 fel\u00e9ben). Mv. esk\u00fcdt k\u00f6z\u00f6ns\u00e9ge tiltakozott, mert a Maros t\u00fals\u00f3 partj\u00e1n v\u00e1s\u00e1rokat kezdett tartani (1817); a sz\u0171cs c\u00e9h panaszt tett ellene mert boltj\u00e1ban b\u0151rnem\u0171t \u00e1rult a c\u00e9h privil\u00e9giuma ellen\u00e9re. A v\u00e1ros egyik legm\u00f3dosabb polg\u00e1ra volt. A S\u00e1ros u. 1. sz. alatti Bornemisza h\u00e1z n\u00e9ven ismert barokk palota megrendel\u0151je \u00e9s \u00e9p\u00edtet\u0151je volt a lev\u00e9lt\u00e1ri adatok szerint (1803), amire m\u00e9g egy emeletet \u00e9p\u00edtettek (1811), 27 szob\u00e1s lett az \u00e9p\u00fclet. Az emeletesh\u00e1z hasonl\u00f3 a Teleki T\u00e9ka, vagy a r\u00e9gi vm. -h\u00e1za \u00e9p\u00fclet\u00e9hez. A Keresztel\u0151 Szent J\u00e1nos r\u00f3mai katolikus pl\u00e9b\u00e1nia templom gondnoka, a gondnoks\u00e1ga idej\u00e9n, a v\u00e1ros \u00f6rm\u00e9ny lak\u00f3inak adom\u00e1ny\u00e1b\u00f3l, 9k\u00e9sz\u00fclt \u00e9s tett\u00e9k a sz\u00ednes \u00fcvegablakokat. <br \/><strong>Irod.:<\/strong> Bodolai Gy\u00f6ngyi: Mv.-i \u201ddetekt\u00edvt\u00f6rt\u00e9net\u201d (N\u00fa., 2015. m\u00e1rc. 19.); Gy\u00e1szjelent\u0151; M\u00e1th\u00e9 \u00c9va: Besz\u00e9des s\u00edrfel\u00edratok (Kr\u00f3nika, 2010. nov. 5\u20137.); Mezei Sarolta: Ars Sacra fesztiv\u00e1l \u2013 A Csiky csal\u00e1dra eml\u00e9keztek (N\u00fa., 2022. szept. 28.); Mv.-i \u00f6rm\u00e9nyek; Mv.-i Pl\u00e9b\u00e1niatemplom kript\u00e1ja; Nagy Bod\u00f3 Tibor: Az \u00d6rm\u00e9nyek H\u00e1za (K\u00f6zpont, 2013. dec. 26\u20132014. jan. 1.); Orb\u00e1n J\u00e1nos: Mv.-i \u201edetekt\u00edvt\u00f6rt\u00e9net\u201d Szem\u00e9tben rejl\u0151 bizony\u00edt\u00e9kok (Erd\u00e9lyi \u00d6rm\u00e9ny Gy\u00f6kerek, 217. sz., 2015. m\u00e1j. -j\u00fan.); P\u00e1l-Antal 2009; P\u00e1l-Antal S\u00e1ndor: \u00d6rm\u00e9nyek Mv.-en 1848 el\u0151tt = Pusk\u00e1s-Sz\u00e1sz \u00c1v\u00e9d; Pusk\u00e1s Attila \u2013 s\u00edrfeliratok; Pusk\u00e1s -Sz\u00e1sz \u00c1v\u00e9d; Remeteszeg<\/br><\/p>\n","protected":false},"excerpt":{"rendered":"<p>1750., \u2020\u00a0Mv., 1828. nov. 14. A mv.-i Keresztel\u0151 Szent J\u00e1nos-pl\u00e9b\u00e1nia kript\u00e1j\u00e1ba temett\u00e9k, a feles\u00e9g\u00e9t is.: keresked\u0151. \u2013 Todor \u00e9s Samoj M\u00e1ria fia. Feles\u00e9ge: 1. K\u00f6v\u00e9r Veronika (1758., \u2020\u00a01797. j\u00fal. 18., az anyak\u00f6nyvben 13.). Gyermekei: M\u00e1ria, Krisztina Roz\u00e1lia (1780\u2013), \u00c1gnes (1783), Ter\u00e9zia (1785), M\u00e1rton Emanuel Antal (1787. j\u00fal. 9\u20131868. \u00e1pr. 5.), J\u00e1nos Gergely (1790. okt. 18\u20131860. [&hellip;]<\/p>\n","protected":false},"featured_media":0,"comment_status":"open","ping_status":"closed","template":"","meta":[],"product_brand":[],"product_cat":[137],"product_tag":[],"class_list":{"0":"post-6225","1":"product","2":"type-product","3":"status-publish","5":"product_cat-maros-megyei-eletrajzi-lexikon","7":"first","8":"instock","9":"shipping-taxable","10":"product-type-simple"},"_links":{"self":[{"href":"https:\/\/uj.adatbank.ro\/lexikon\/wp-json\/wp\/v2\/product\/6225","targetHints":{"allow":["GET"]}}],"collection":[{"href":"https:\/\/uj.adatbank.ro\/lexikon\/wp-json\/wp\/v2\/product"}],"about":[{"href":"https:\/\/uj.adatbank.ro\/lexikon\/wp-json\/wp\/v2\/types\/product"}],"replies":[{"embeddable":true,"href":"https:\/\/uj.adatbank.ro\/lexikon\/wp-json\/wp\/v2\/comments?post=6225"}],"wp:attachment":[{"href":"https:\/\/uj.adatbank.ro\/lexikon\/wp-json\/wp\/v2\/media?parent=6225"}],"wp:term":[{"taxonomy":"product_brand","embeddable":true,"href":"https:\/\/uj.adatbank.ro\/lexikon\/wp-json\/wp\/v2\/product_brand?post=6225"},{"taxonomy":"product_cat","embeddable":true,"href":"https:\/\/uj.adatbank.ro\/lexikon\/wp-json\/wp\/v2\/product_cat?post=6225"},{"taxonomy":"product_tag","embeddable":true,"href":"https:\/\/uj.adatbank.ro\/lexikon\/wp-json\/wp\/v2\/product_tag?post=6225"}],"curies":[{"name":"wp","href":"https:\/\/api.w.org\/{rel}","templated":true}]}}

CSÍKI Márton, Csíky Márton, Csyki Márton

<p>1750., † Mv., 1828. nov. 14. A mv.-i Keresztelő Szent János-plébánia kriptájába temették, a feleségét is.: kereskedő. – Todor és Samoj Mária fia. Felesége: 1. Kövér Veronika (1758., † 1797. júl. 18., az anyakönyvben 13.). Gyermekei: Mária, Krisztina Rozália (1780–), Ágnes (1783), Terézia (1785), Márton Emanuel Antal (1787. júl. 9–1868. ápr. 5.), János Gergely (1790. okt. 18–1860. márc. 15.), Veronika -Cecilia ikrek (1794. szept. 9–1884. márc. 17.); 2. felesége: Verzár Johanna (1778. ápr. 20. – 1831. jún 14., mv.-i Keresztelő Szent János plébiánia kriptájában nyugszik). Gyermekei száma 19.: István (1799. febr. 22–), János (1801- 1867. máj. 12 ), Terézia (1803–1815. jan. 15.), Anna Mária (1805. aug. 7–1866. nov. 13), József (1806. márc. 8. – 1878. jan. 28); Klára (1808. jan. 29. &#8211; 1809. márc. 3.); Tódor (1810. febr. 21. – 1810. márc. 24.), Mária Johanna (1815. máj. 29. – 1816. jan. 14.), Erzsébet Mária (1816. nov. 19. –), Ferenc (1819. máj. 22- 1849. júl. 27). – Néhány évesen került Mv.-re, itt nőtt fel. Már vezette a család Bécsbe tartó kereskedőkaravánját (1770-es -ben). Olyan termékeket hozott, amelyek itt nem voltak: bört, selymet és posztót. Jó viszonyt ápolt a Bécsben élő udvari kancellár Teleki Sámuellel, ő és majd fia, gyakran fuvaroztak Teleki számára küldeményeket (könyvszállítmányt, 1797). Városi polgárjogot kapott így lehetősége nyilt ingatlanok és földterületek vásárlására. Zálogjogon megszerezte a Lázár grófoktól a Maroson túl fekvő Remeteszeg falut és a környéken több földet vásárolt (1810). Az örmény kereskedők befolyásának növekedését a város előljárósága aggódva figyelte (19. sz. első felében). Mv. esküdt közönsége tiltakozott, mert a Maros túlsó partján vásárokat kezdett tartani (1817); a szűcs céh panaszt tett ellene mert boltjában bőrneműt árult a céh privilégiuma ellenére. A város egyik legmódosabb polgára volt. A Sáros u. 1. sz. alatti Bornemisza ház néven ismert barokk palota megrendelője és építetője volt a levéltári adatok szerint (1803), amire még egy emeletet építettek (1811), 27 szobás lett az épület. Az emeletesház hasonló a Teleki Téka, vagy a régi vm. -háza épületéhez. A Keresztelő Szent János római katolikus plébánia templom gondnoka, a gondnoksága idején, a város örmény lakóinak adományából, 9készült és tették a színes üvegablakokat. <br /><strong>Irod.:</strong> Bodolai Gyöngyi: Mv.-i ”detektívtörténet” (Nú., 2015. márc. 19.); Gyászjelentő; Máthé Éva: Beszédes sírfelíratok (Krónika, 2010. nov. 5–7.); Mezei Sarolta: Ars Sacra fesztivál – A Csiky családra emlékeztek (Nú., 2022. szept. 28.); Mv.-i örmények; Mv.-i Plébániatemplom kriptája; Nagy Bodó Tibor: Az Örmények Háza (Központ, 2013. dec. 26–2014. jan. 1.); Orbán János: Mv.-i „detektívtörténet” Szemétben rejlő bizonyítékok (Erdélyi Örmény Gyökerek, 217. sz., 2015. máj. -jún.); Pál-Antal 2009; Pál-Antal Sándor: Örmények Mv.-en 1848 előtt = Puskás-Szász Ávéd; Puskás Attila – sírfeliratok; Puskás -Szász Ávéd; Remeteszeg</br></p>

<p>1750., † Mv., 1828. nov. 14. A mv.-i Keresztelő Szent János-plébánia kriptájába temették, a feleségét is.: kereskedő. – Todor és Samoj Mária fia. Felesége: 1. Kövér Veronika (1758., † 1797. júl. 18., az anyakönyvben 13.). Gyermekei: Mária, Krisztina Rozália (1780–), Ágnes (1783), Terézia (1785), Márton Emanuel Antal (1787. júl. 9–1868. ápr. 5.), János Gergely (1790. okt. 18–1860. [&hellip;]</p>
