{"id":6226,"date":"2025-06-28T17:44:56","date_gmt":"2025-06-28T15:44:56","guid":{"rendered":"https:\/\/uj.adatbank.ro\/lexikon\/termek\/csiki-peter\/"},"modified":"2025-06-28T17:44:56","modified_gmt":"2025-06-28T15:44:56","slug":"csiki-peter","status":"publish","type":"product","link":"https:\/\/uj.adatbank.ro\/lexikon\/termek\/csiki-peter\/","title":{"rendered":"CS\u00cdKI P\u00e9ter"},"content":{"rendered":"<p>Gyergy\u00f3szentmikl\u00f3s, 1822. j\u00fan. 29., \u2020\u00a01894. okt. 16.: r. k. pap. \u2013 Tanult Cs\u00edksomly\u00f3n, Kv.-on, Gyulafeh\u00e9rv\u00e1ron. Papp\u00e1 szentelt\u00e9k (1851. aug. 3.). K\u00e1pl\u00e1n \u00e9s gimn. tan\u00e1r Cs\u00edkr\u00e1koson, Sz\u00e9kelyudvarhelyen (1853), L\u00f6v\u00e9t\u00e9n (1860) \u00e9s pl\u00e9b\u00e1nos (1865), helyettes f\u0151esperes (1874). Pl\u00e9b\u00e1nos Ny\u00e1r\u00e1dk\u00f6szv\u00e9nyes- Ny\u00e1r\u00e1dremet\u00e9n (1876\u201394), tb. kanonok (1891). Testv\u00e9r\u00e9nek a gyermekeit mag\u00e1hoz vette, felnevelte \u0151ket \u00e9s j\u00f6v\u0151j\u00fckr\u0151l is gondooskodott. <br \/><strong>Irod.:<\/strong> Eremitu\u2013Ny\u00e1r\u00e1dremete; Ferenczi S\u00e1ndor 2009<\/br><\/p>\n","protected":false},"excerpt":{"rendered":"<p>Gyergy\u00f3szentmikl\u00f3s, 1822. j\u00fan. 29., \u2020\u00a01894. okt. 16.: r. k. pap. \u2013 Tanult Cs\u00edksomly\u00f3n, Kv.-on, Gyulafeh\u00e9rv\u00e1ron. Papp\u00e1 szentelt\u00e9k (1851. aug. 3.). K\u00e1pl\u00e1n \u00e9s gimn. tan\u00e1r Cs\u00edkr\u00e1koson, Sz\u00e9kelyudvarhelyen (1853), L\u00f6v\u00e9t\u00e9n (1860) \u00e9s pl\u00e9b\u00e1nos (1865), helyettes f\u0151esperes (1874). Pl\u00e9b\u00e1nos Ny\u00e1r\u00e1dk\u00f6szv\u00e9nyes- Ny\u00e1r\u00e1dremet\u00e9n (1876\u201394), tb. kanonok (1891). Testv\u00e9r\u00e9nek a gyermekeit mag\u00e1hoz vette, felnevelte \u0151ket \u00e9s j\u00f6v\u0151j\u00fckr\u0151l is gondooskodott. Irod.: Eremitu\u2013Ny\u00e1r\u00e1dremete; [&hellip;]<\/p>\n","protected":false},"featured_media":0,"comment_status":"open","ping_status":"closed","template":"","meta":[],"product_brand":[],"product_cat":[137],"product_tag":[],"class_list":{"0":"post-6226","1":"product","2":"type-product","3":"status-publish","5":"product_cat-maros-megyei-eletrajzi-lexikon","7":"first","8":"instock","9":"shipping-taxable","10":"product-type-simple"},"_links":{"self":[{"href":"https:\/\/uj.adatbank.ro\/lexikon\/wp-json\/wp\/v2\/product\/6226","targetHints":{"allow":["GET"]}}],"collection":[{"href":"https:\/\/uj.adatbank.ro\/lexikon\/wp-json\/wp\/v2\/product"}],"about":[{"href":"https:\/\/uj.adatbank.ro\/lexikon\/wp-json\/wp\/v2\/types\/product"}],"replies":[{"embeddable":true,"href":"https:\/\/uj.adatbank.ro\/lexikon\/wp-json\/wp\/v2\/comments?post=6226"}],"wp:attachment":[{"href":"https:\/\/uj.adatbank.ro\/lexikon\/wp-json\/wp\/v2\/media?parent=6226"}],"wp:term":[{"taxonomy":"product_brand","embeddable":true,"href":"https:\/\/uj.adatbank.ro\/lexikon\/wp-json\/wp\/v2\/product_brand?post=6226"},{"taxonomy":"product_cat","embeddable":true,"href":"https:\/\/uj.adatbank.ro\/lexikon\/wp-json\/wp\/v2\/product_cat?post=6226"},{"taxonomy":"product_tag","embeddable":true,"href":"https:\/\/uj.adatbank.ro\/lexikon\/wp-json\/wp\/v2\/product_tag?post=6226"}],"curies":[{"name":"wp","href":"https:\/\/api.w.org\/{rel}","templated":true}]}}

CSÍKI Péter

<p>Gyergyószentmiklós, 1822. jún. 29., † 1894. okt. 16.: r. k. pap. – Tanult Csíksomlyón, Kv.-on, Gyulafehérváron. Pappá szentelték (1851. aug. 3.). Káplán és gimn. tanár Csíkrákoson, Székelyudvarhelyen (1853), Lövétén (1860) és plébános (1865), helyettes főesperes (1874). Plébános Nyárádköszvényes- Nyárádremetén (1876–94), tb. kanonok (1891). Testvérének a gyermekeit magához vette, felnevelte őket és jövőjükről is gondooskodott. <br /><strong>Irod.:</strong> Eremitu–Nyárádremete; Ferenczi Sándor 2009</br></p>

<p>Gyergyószentmiklós, 1822. jún. 29., † 1894. okt. 16.: r. k. pap. – Tanult Csíksomlyón, Kv.-on, Gyulafehérváron. Pappá szentelték (1851. aug. 3.). Káplán és gimn. tanár Csíkrákoson, Székelyudvarhelyen (1853), Lövétén (1860) és plébános (1865), helyettes főesperes (1874). Plébános Nyárádköszvényes- Nyárádremetén (1876–94), tb. kanonok (1891). Testvérének a gyermekeit magához vette, felnevelte őket és jövőjükről is gondooskodott. Irod.: Eremitu–Nyárádremete; [&hellip;]</p>
