{"id":6229,"date":"2025-06-28T17:45:00","date_gmt":"2025-06-28T15:45:00","guid":{"rendered":"https:\/\/uj.adatbank.ro\/lexikon\/termek\/csiki-zoltan\/"},"modified":"2025-06-28T17:45:00","modified_gmt":"2025-06-28T15:45:00","slug":"csiki-zoltan","status":"publish","type":"product","link":"https:\/\/uj.adatbank.ro\/lexikon\/termek\/csiki-zoltan\/","title":{"rendered":"CS\u00cdKI Zolt\u00e1n"},"content":{"rendered":"<p>1933., \u2020 Tatab\u00e1nya, 2017. m\u00e1rc.?.: asszisztens. \u2013 Mv.-en a fert\u0151z\u0151 klinika nyugalmazott eg\u00e9szs\u00e9g\u00fcgyi f\u0151asszisztense. Szerepet v\u00e1llalt a mv.-i Ref. Asszisztensk\u00e9pz\u0151 Iskola alap\u00edt\u00e1sakor (1992) az \u00e1pol\u00e1s elm\u00e9leti \u00e9s gyakorlati oktat\u00e1s\u00e1nak magyar nyelv\u0171 megszervez\u00e9s\u00e9ben. A Bod P\u00e9ter Diak\u00f3nia Kereszty\u00e9n Alap\u00edtv\u00e1ny mv.-i fi\u00f3kszervezete hozz\u00e1j\u00e1rul az otthoni beteggondoz\u00e1s di\u00e1kok \u00e1ltali kiteljes\u00edt\u00e9s\u00e9hez. <br \/><strong>Irod.:<\/strong> Nekrol\u00f3g (N\u00fa., 2017. m\u00e1rc. 18 ? )<\/br><\/p>\n","protected":false},"excerpt":{"rendered":"<p>1933., \u2020 Tatab\u00e1nya, 2017. m\u00e1rc.?.: asszisztens. \u2013 Mv.-en a fert\u0151z\u0151 klinika nyugalmazott eg\u00e9szs\u00e9g\u00fcgyi f\u0151asszisztense. Szerepet v\u00e1llalt a mv.-i Ref. Asszisztensk\u00e9pz\u0151 Iskola alap\u00edt\u00e1sakor (1992) az \u00e1pol\u00e1s elm\u00e9leti \u00e9s gyakorlati oktat\u00e1s\u00e1nak magyar nyelv\u0171 megszervez\u00e9s\u00e9ben. A Bod P\u00e9ter Diak\u00f3nia Kereszty\u00e9n Alap\u00edtv\u00e1ny mv.-i fi\u00f3kszervezete hozz\u00e1j\u00e1rul az otthoni beteggondoz\u00e1s di\u00e1kok \u00e1ltali kiteljes\u00edt\u00e9s\u00e9hez. Irod.: Nekrol\u00f3g (N\u00fa., 2017. m\u00e1rc. 18 ? )<\/p>\n","protected":false},"featured_media":0,"comment_status":"open","ping_status":"closed","template":"","meta":[],"product_brand":[],"product_cat":[137],"product_tag":[],"class_list":{"0":"post-6229","1":"product","2":"type-product","3":"status-publish","5":"product_cat-maros-megyei-eletrajzi-lexikon","7":"first","8":"instock","9":"shipping-taxable","10":"product-type-simple"},"_links":{"self":[{"href":"https:\/\/uj.adatbank.ro\/lexikon\/wp-json\/wp\/v2\/product\/6229","targetHints":{"allow":["GET"]}}],"collection":[{"href":"https:\/\/uj.adatbank.ro\/lexikon\/wp-json\/wp\/v2\/product"}],"about":[{"href":"https:\/\/uj.adatbank.ro\/lexikon\/wp-json\/wp\/v2\/types\/product"}],"replies":[{"embeddable":true,"href":"https:\/\/uj.adatbank.ro\/lexikon\/wp-json\/wp\/v2\/comments?post=6229"}],"wp:attachment":[{"href":"https:\/\/uj.adatbank.ro\/lexikon\/wp-json\/wp\/v2\/media?parent=6229"}],"wp:term":[{"taxonomy":"product_brand","embeddable":true,"href":"https:\/\/uj.adatbank.ro\/lexikon\/wp-json\/wp\/v2\/product_brand?post=6229"},{"taxonomy":"product_cat","embeddable":true,"href":"https:\/\/uj.adatbank.ro\/lexikon\/wp-json\/wp\/v2\/product_cat?post=6229"},{"taxonomy":"product_tag","embeddable":true,"href":"https:\/\/uj.adatbank.ro\/lexikon\/wp-json\/wp\/v2\/product_tag?post=6229"}],"curies":[{"name":"wp","href":"https:\/\/api.w.org\/{rel}","templated":true}]}}

CSÍKI Zoltán

<p>1933., † Tatabánya, 2017. márc.?.: asszisztens. – Mv.-en a fertőző klinika nyugalmazott egészségügyi főasszisztense. Szerepet vállalt a mv.-i Ref. Asszisztensképző Iskola alapításakor (1992) az ápolás elméleti és gyakorlati oktatásának magyar nyelvű megszervezésében. A Bod Péter Diakónia Keresztyén Alapítvány mv.-i fiókszervezete hozzájárul az otthoni beteggondozás diákok általi kiteljesítéséhez. <br /><strong>Irod.:</strong> Nekrológ (Nú., 2017. márc. 18 ? )</br></p>

<p>1933., † Tatabánya, 2017. márc.?.: asszisztens. – Mv.-en a fertőző klinika nyugalmazott egészségügyi főasszisztense. Szerepet vállalt a mv.-i Ref. Asszisztensképző Iskola alapításakor (1992) az ápolás elméleti és gyakorlati oktatásának magyar nyelvű megszervezésében. A Bod Péter Diakónia Keresztyén Alapítvány mv.-i fiókszervezete hozzájárul az otthoni beteggondozás diákok általi kiteljesítéséhez. Irod.: Nekrológ (Nú., 2017. márc. 18 ? )</p>
