{"id":6230,"date":"2025-06-28T17:45:03","date_gmt":"2025-06-28T15:45:03","guid":{"rendered":"https:\/\/uj.adatbank.ro\/lexikon\/termek\/csiki-zoltan-dr\/"},"modified":"2025-06-28T17:45:03","modified_gmt":"2025-06-28T15:45:03","slug":"csiki-zoltan-dr","status":"publish","type":"product","link":"https:\/\/uj.adatbank.ro\/lexikon\/termek\/csiki-zoltan-dr\/","title":{"rendered":"CS\u00cdKI Zolt\u00e1n, dr."},"content":{"rendered":"<p>1931., \u2020 2011.: orvos, oktat\u00f3, iskolaigazgat\u00f3. \u2013 Feles\u00e9ge: Gombos Gabriella (1937\u2013). \u2013 A rom\u00e1n nyelv\u0171 Eg\u00e9szs\u00e9g\u00fcgyi F\u0151iskol\u00e1ban tan\u00edtott (nyolc \u00e9vig), Dr. Csiha K\u00e1lm\u00e1n ref. p\u00fcsp\u00f6k megb\u00edz\u00e1s\u00e1b\u00f3l a Mv.-i Ref. Eg\u00e9szs\u00e9g\u00fcgyi Diakonisszai F\u0151iskola f\u0151asszisztense \u00e9s a k\u00e9t\u00e9ves N\u0151v\u00e9rk\u00e9pz\u0151 Iskola igazgat\u00f3ja. Diakonisszak\u00e9pz\u00e9s is folyt. F\u0151asszisztensi joggal m\u0171k\u00f6d\u0151 tagja af\u0151iskol\u00e1nak, 16 \u00e9vig \u00f6nfel\u00e1ldoz\u00f3 munk\u00e1ss\u00e9ga jog\u00e1n nyert orvosi st\u00e1tuszt. <br \/><strong>Irod.:<\/strong> Vincze J\u00e1nos. Az erd\u00e9lyi magyar szellemis\u00e9g \u2013messze f\u00e9nylik: Di\u00e9nes S\u00e1ndor. A k\u00f6tetet nem l\u00e1ttam<\/br><\/p>\n","protected":false},"excerpt":{"rendered":"<p>1931., \u2020 2011.: orvos, oktat\u00f3, iskolaigazgat\u00f3. \u2013 Feles\u00e9ge: Gombos Gabriella (1937\u2013). \u2013 A rom\u00e1n nyelv\u0171 Eg\u00e9szs\u00e9g\u00fcgyi F\u0151iskol\u00e1ban tan\u00edtott (nyolc \u00e9vig), Dr. Csiha K\u00e1lm\u00e1n ref. p\u00fcsp\u00f6k megb\u00edz\u00e1s\u00e1b\u00f3l a Mv.-i Ref. Eg\u00e9szs\u00e9g\u00fcgyi Diakonisszai F\u0151iskola f\u0151asszisztense \u00e9s a k\u00e9t\u00e9ves N\u0151v\u00e9rk\u00e9pz\u0151 Iskola igazgat\u00f3ja. Diakonisszak\u00e9pz\u00e9s is folyt. F\u0151asszisztensi joggal m\u0171k\u00f6d\u0151 tagja af\u0151iskol\u00e1nak, 16 \u00e9vig \u00f6nfel\u00e1ldoz\u00f3 munk\u00e1ss\u00e9ga jog\u00e1n nyert orvosi st\u00e1tuszt. [&hellip;]<\/p>\n","protected":false},"featured_media":0,"comment_status":"open","ping_status":"closed","template":"","meta":[],"product_brand":[],"product_cat":[137],"product_tag":[],"class_list":{"0":"post-6230","1":"product","2":"type-product","3":"status-publish","5":"product_cat-maros-megyei-eletrajzi-lexikon","7":"first","8":"instock","9":"shipping-taxable","10":"product-type-simple"},"_links":{"self":[{"href":"https:\/\/uj.adatbank.ro\/lexikon\/wp-json\/wp\/v2\/product\/6230","targetHints":{"allow":["GET"]}}],"collection":[{"href":"https:\/\/uj.adatbank.ro\/lexikon\/wp-json\/wp\/v2\/product"}],"about":[{"href":"https:\/\/uj.adatbank.ro\/lexikon\/wp-json\/wp\/v2\/types\/product"}],"replies":[{"embeddable":true,"href":"https:\/\/uj.adatbank.ro\/lexikon\/wp-json\/wp\/v2\/comments?post=6230"}],"wp:attachment":[{"href":"https:\/\/uj.adatbank.ro\/lexikon\/wp-json\/wp\/v2\/media?parent=6230"}],"wp:term":[{"taxonomy":"product_brand","embeddable":true,"href":"https:\/\/uj.adatbank.ro\/lexikon\/wp-json\/wp\/v2\/product_brand?post=6230"},{"taxonomy":"product_cat","embeddable":true,"href":"https:\/\/uj.adatbank.ro\/lexikon\/wp-json\/wp\/v2\/product_cat?post=6230"},{"taxonomy":"product_tag","embeddable":true,"href":"https:\/\/uj.adatbank.ro\/lexikon\/wp-json\/wp\/v2\/product_tag?post=6230"}],"curies":[{"name":"wp","href":"https:\/\/api.w.org\/{rel}","templated":true}]}}