{"id":6231,"date":"2025-06-28T17:45:05","date_gmt":"2025-06-28T15:45:05","guid":{"rendered":"https:\/\/uj.adatbank.ro\/lexikon\/termek\/csiky-agnes-%c2%a7-csiki-agnes\/"},"modified":"2025-06-28T17:45:05","modified_gmt":"2025-06-28T15:45:05","slug":"csiky-agnes-%c2%a7-csiki-agnes","status":"publish","type":"product","link":"https:\/\/uj.adatbank.ro\/lexikon\/termek\/csiky-agnes-%c2%a7-csiki-agnes\/","title":{"rendered":"CS\u00cdKY \u00c1gnes, \u00a7 Cs\u00edki \u00c1gnes"},"content":{"rendered":"<p>? \u2020 Mv., 2007. jan. 5.: zenetan\u00e1r, karnagy. \u2013 Mv.-en tanult a 4. sz. elemi iskol\u00e1ban, k\u00f6zben mag\u00e1nuton Brock Editt\u0151l tanult heged\u00fclni. A volt R. k. F\u0151gimn. \u00e9p\u00fclet\u00e9ben m\u0171k\u00f6d\u0151 Le\u00e1nygimn.-ban \u00e9retts\u00e9gizett. A kv.-i zenekonzervat\u00f3rium pedag\u00f3gia-karvezet\u00e9s szak\u00e1n folytatta tanulm\u00e1nyait, Nagy Istv\u00e1n tan\u00edtv\u00e1nya. Tan\u00e1r volt Korondon, majd Kar\u00e1csonfalv\u00e1n, Ny\u00e1r\u00e1dt\u0151n, Gernyeszegen. Zenei p\u00e1ly\u00e1j\u00e1t az \u00c1llami Sz\u00e9kely N\u00e9piegy\u0171ttesn\u00e9l kezdte, Filharm\u00f3nia \u00e9nekesek\u00e9nt folytatta, \u00edgy megismerhette a zeneirodalom jelent\u0151s vok\u00e1lsz\u00edmfonikus m\u0171veit. Fontos szerepe volt a mv.-i k\u00f3rusmozgalom fellend\u00edt\u00e9s\u00e9ben. Csiha K\u00e1lm\u00e1n aj\u00e1nlat\u00e1ra elfogadta a Gecse utcai ref. egyh\u00e1zk\u00f6zs\u00e9g Evang\u00e9liumi Vegyes Kar\u00e1nak vezet\u00e9s\u00e9t (31 \u00e9ven \u00e1t v\u00e9gezte \u00f6nzetlen munk\u00e1j\u00e1t). A Bern\u00e1dy Gy\u00f6rgy Kamarak\u00f3rus karvezet\u0151je (1994\u2013). \u00c9nek-zenetan\u00e1r a mv.-i Bolyai Farkas Elm\u00e9leti L\u00edc.-ban \u00e9s a Ref. Koll.-ban, a K\u00e1ntortan\u00edt\u00f3 f\u0151iskol\u00e1ban. Vezette a Ref. Koll. \u00e9nekkar\u00e1t, iskolai-, v\u00e1rosi \u00fcnneps\u00e9geken, P\u00e1p\u00e1n, Miskolcon, Debrecenben is fell\u00e9ptek a testv\u00e9riskol\u00e1k rendezv\u00e9nyein. Sok elismer\u0151 oklev\u00e9l birtokosa volt. K\u00f3rusainak reperto\u00e1rj\u00e1b\u00f3l k\u00e9sz\u00fclt hanglemezfelv\u00e9tel is. A Ref. Koll. -Bolyai Farkas L\u00edc. fenn\u00e1ll\u00e1s\u00e1nak 450. \u00e9vfordul\u00f3j\u00e1n post mortem gy\u00e9m\u00e1ntdiplom\u00e1val t\u00fcntett\u00e9k ki. Mv-en a Kistemplomban hangversenyen eml\u00e9keztek meg r\u00f3la (2010. m\u00e1rc.; 2011. m\u00e1rc.). <br \/><strong>Irod.:<\/strong> Mezey Sarolta: K\u00f3rushangverseny Cs. \u00c1. karnagy eml\u00e9k\u00e9re (N\u00fa., 2011. m\u00e1rc. 14.); Mezey Sarolta: Cs. \u00c1. -eml\u00e9khangverseny (N\u00fa., 2013. m\u00e1rc. 5.)<\/br><\/p>\n","protected":false},"excerpt":{"rendered":"<p>? \u2020 Mv., 2007. jan. 5.: zenetan\u00e1r, karnagy. \u2013 Mv.-en tanult a 4. sz. elemi iskol\u00e1ban, k\u00f6zben mag\u00e1nuton Brock Editt\u0151l tanult heged\u00fclni. A volt R. k. F\u0151gimn. \u00e9p\u00fclet\u00e9ben m\u0171k\u00f6d\u0151 Le\u00e1nygimn.-ban \u00e9retts\u00e9gizett. A kv.-i zenekonzervat\u00f3rium pedag\u00f3gia-karvezet\u00e9s szak\u00e1n folytatta tanulm\u00e1nyait, Nagy Istv\u00e1n tan\u00edtv\u00e1nya. Tan\u00e1r volt Korondon, majd Kar\u00e1csonfalv\u00e1n, Ny\u00e1r\u00e1dt\u0151n, Gernyeszegen. Zenei p\u00e1ly\u00e1j\u00e1t az \u00c1llami Sz\u00e9kely N\u00e9piegy\u0171ttesn\u00e9l kezdte, [&hellip;]<\/p>\n","protected":false},"featured_media":0,"comment_status":"open","ping_status":"closed","template":"","meta":[],"product_brand":[],"product_cat":[137],"product_tag":[],"class_list":{"0":"post-6231","1":"product","2":"type-product","3":"status-publish","5":"product_cat-maros-megyei-eletrajzi-lexikon","7":"first","8":"instock","9":"shipping-taxable","10":"product-type-simple"},"_links":{"self":[{"href":"https:\/\/uj.adatbank.ro\/lexikon\/wp-json\/wp\/v2\/product\/6231","targetHints":{"allow":["GET"]}}],"collection":[{"href":"https:\/\/uj.adatbank.ro\/lexikon\/wp-json\/wp\/v2\/product"}],"about":[{"href":"https:\/\/uj.adatbank.ro\/lexikon\/wp-json\/wp\/v2\/types\/product"}],"replies":[{"embeddable":true,"href":"https:\/\/uj.adatbank.ro\/lexikon\/wp-json\/wp\/v2\/comments?post=6231"}],"wp:attachment":[{"href":"https:\/\/uj.adatbank.ro\/lexikon\/wp-json\/wp\/v2\/media?parent=6231"}],"wp:term":[{"taxonomy":"product_brand","embeddable":true,"href":"https:\/\/uj.adatbank.ro\/lexikon\/wp-json\/wp\/v2\/product_brand?post=6231"},{"taxonomy":"product_cat","embeddable":true,"href":"https:\/\/uj.adatbank.ro\/lexikon\/wp-json\/wp\/v2\/product_cat?post=6231"},{"taxonomy":"product_tag","embeddable":true,"href":"https:\/\/uj.adatbank.ro\/lexikon\/wp-json\/wp\/v2\/product_tag?post=6231"}],"curies":[{"name":"wp","href":"https:\/\/api.w.org\/{rel}","templated":true}]}}

CSÍKY Ágnes, § Csíki Ágnes

<p>? † Mv., 2007. jan. 5.: zenetanár, karnagy. – Mv.-en tanult a 4. sz. elemi iskolában, közben magánuton Brock Edittől tanult hegedülni. A volt R. k. Főgimn. épületében működő Leánygimn.-ban érettségizett. A kv.-i zenekonzervatórium pedagógia-karvezetés szakán folytatta tanulmányait, Nagy István tanítványa. Tanár volt Korondon, majd Karácsonfalván, Nyárádtőn, Gernyeszegen. Zenei pályáját az Állami Székely Népiegyűttesnél kezdte, Filharmónia énekeseként folytatta, így megismerhette a zeneirodalom jelentős vokálszímfonikus műveit. Fontos szerepe volt a mv.-i kórusmozgalom fellendítésében. Csiha Kálmán ajánlatára elfogadta a Gecse utcai ref. egyházközség Evangéliumi Vegyes Karának vezetését (31 éven át végezte önzetlen munkáját). A Bernády György Kamarakórus karvezetője (1994–). Ének-zenetanár a mv.-i Bolyai Farkas Elméleti Líc.-ban és a Ref. Koll.-ban, a Kántortanító főiskolában. Vezette a Ref. Koll. énekkarát, iskolai-, városi ünnepségeken, Pápán, Miskolcon, Debrecenben is felléptek a testvériskolák rendezvényein. Sok elismerő oklevél birtokosa volt. Kórusainak repertoárjából készült hanglemezfelvétel is. A Ref. Koll. -Bolyai Farkas Líc. fennállásának 450. évfordulóján post mortem gyémántdiplomával tüntették ki. Mv-en a Kistemplomban hangversenyen emlékeztek meg róla (2010. márc.; 2011. márc.). <br /><strong>Irod.:</strong> Mezey Sarolta: Kórushangverseny Cs. Á. karnagy emlékére (Nú., 2011. márc. 14.); Mezey Sarolta: Cs. Á. -emlékhangverseny (Nú., 2013. márc. 5.)</br></p>

<p>? † Mv., 2007. jan. 5.: zenetanár, karnagy. – Mv.-en tanult a 4. sz. elemi iskolában, közben magánuton Brock Edittől tanult hegedülni. A volt R. k. Főgimn. épületében működő Leánygimn.-ban érettségizett. A kv.-i zenekonzervatórium pedagógia-karvezetés szakán folytatta tanulmányait, Nagy István tanítványa. Tanár volt Korondon, majd Karácsonfalván, Nyárádtőn, Gernyeszegen. Zenei pályáját az Állami Székely Népiegyűttesnél kezdte, [&hellip;]</p>
