{"id":6234,"date":"2025-06-28T17:45:11","date_gmt":"2025-06-28T15:45:11","guid":{"rendered":"https:\/\/uj.adatbank.ro\/lexikon\/termek\/csiky-bela-csiki-bela\/"},"modified":"2025-06-28T17:45:11","modified_gmt":"2025-06-28T15:45:11","slug":"csiky-bela-csiki-bela","status":"publish","type":"product","link":"https:\/\/uj.adatbank.ro\/lexikon\/termek\/csiky-bela-csiki-bela\/","title":{"rendered":"CS\u00cdKY B\u00e9la, Cs\u00edki B\u00e9la"},"content":{"rendered":"<p>Ditr\u00f3, 1879., \u2020\u00a0? : nyomd\u00e1sz. \u2013 Apja f\u00f6ldbirtokos volt. \u2013 \u00c9retts\u00e9gizett (1896), majd Brass\u00f3ban k\u00f6nyvkeresked\u00e9se \u00e9s nyomd\u00e1ja volt. A h\u00e1bor\u00fa ut\u00e1n Mv.-en v\u00e1rosi tisztvisel\u0151, majd a v\u00e1rosi nyomda igazgat\u00f3ja lett. Sokoldal\u00fa t\u00e1rsadalmi tev\u00e9kenys\u00e9get fejtett ki, k\u00fcl\u00f6n\u00f6sen a m. dal fejleszt\u00e9se k\u00f6r\u00fcl szerzett \u00e9rdemeket: az Orsz. M. Dalossz\u00f6vets\u00e9g igazgat\u00f3s\u00e1gi tagja, a Rom\u00e1niai Orsz. Dalsz\u00f6vets\u00e9g hivatalos lapj\u00e1nak a M. Dal-nak munkat\u00e1rsa, a r. k. egyh\u00e1zk\u00f6zs\u00e9g tan\u00e1csosa, tov\u00e1bb\u00e1 sz\u00e1mos t\u00e1rsadalmi kultur\u00e1lis egyes\u00fclet vezet\u0151s\u00e9gi \u00e9s p\u00e1rtol\u00f3 tagja. A v\u00e1rosh\u00e1z\u00e1n mint \u00fcgyoszt\u00e1lyi referens tev\u00e9kenykedett. T\u00e1rc\u00e1kat \u00e9s elbesz\u00e9l\u00e9seket \u00edrt. <br \/><strong>Irod.:<\/strong> Ki kicsoda\u00a0?<\/br><\/p>\n","protected":false},"excerpt":{"rendered":"<p>Ditr\u00f3, 1879., \u2020\u00a0? : nyomd\u00e1sz. \u2013 Apja f\u00f6ldbirtokos volt. \u2013 \u00c9retts\u00e9gizett (1896), majd Brass\u00f3ban k\u00f6nyvkeresked\u00e9se \u00e9s nyomd\u00e1ja volt. A h\u00e1bor\u00fa ut\u00e1n Mv.-en v\u00e1rosi tisztvisel\u0151, majd a v\u00e1rosi nyomda igazgat\u00f3ja lett. Sokoldal\u00fa t\u00e1rsadalmi tev\u00e9kenys\u00e9get fejtett ki, k\u00fcl\u00f6n\u00f6sen a m. dal fejleszt\u00e9se k\u00f6r\u00fcl szerzett \u00e9rdemeket: az Orsz. M. Dalossz\u00f6vets\u00e9g igazgat\u00f3s\u00e1gi tagja, a Rom\u00e1niai Orsz. Dalsz\u00f6vets\u00e9g hivatalos lapj\u00e1nak [&hellip;]<\/p>\n","protected":false},"featured_media":0,"comment_status":"open","ping_status":"closed","template":"","meta":[],"product_brand":[],"product_cat":[137],"product_tag":[],"class_list":{"0":"post-6234","1":"product","2":"type-product","3":"status-publish","5":"product_cat-maros-megyei-eletrajzi-lexikon","7":"first","8":"instock","9":"shipping-taxable","10":"product-type-simple"},"_links":{"self":[{"href":"https:\/\/uj.adatbank.ro\/lexikon\/wp-json\/wp\/v2\/product\/6234","targetHints":{"allow":["GET"]}}],"collection":[{"href":"https:\/\/uj.adatbank.ro\/lexikon\/wp-json\/wp\/v2\/product"}],"about":[{"href":"https:\/\/uj.adatbank.ro\/lexikon\/wp-json\/wp\/v2\/types\/product"}],"replies":[{"embeddable":true,"href":"https:\/\/uj.adatbank.ro\/lexikon\/wp-json\/wp\/v2\/comments?post=6234"}],"wp:attachment":[{"href":"https:\/\/uj.adatbank.ro\/lexikon\/wp-json\/wp\/v2\/media?parent=6234"}],"wp:term":[{"taxonomy":"product_brand","embeddable":true,"href":"https:\/\/uj.adatbank.ro\/lexikon\/wp-json\/wp\/v2\/product_brand?post=6234"},{"taxonomy":"product_cat","embeddable":true,"href":"https:\/\/uj.adatbank.ro\/lexikon\/wp-json\/wp\/v2\/product_cat?post=6234"},{"taxonomy":"product_tag","embeddable":true,"href":"https:\/\/uj.adatbank.ro\/lexikon\/wp-json\/wp\/v2\/product_tag?post=6234"}],"curies":[{"name":"wp","href":"https:\/\/api.w.org\/{rel}","templated":true}]}}

CSÍKY Béla, Csíki Béla

<p>Ditró, 1879., † ? : nyomdász. – Apja földbirtokos volt. – Érettségizett (1896), majd Brassóban könyvkereskedése és nyomdája volt. A háború után Mv.-en városi tisztviselő, majd a városi nyomda igazgatója lett. Sokoldalú társadalmi tevékenységet fejtett ki, különösen a m. dal fejlesztése körül szerzett érdemeket: az Orsz. M. Dalosszövetség igazgatósági tagja, a Romániai Orsz. Dalszövetség hivatalos lapjának a M. Dal-nak munkatársa, a r. k. egyházközség tanácsosa, továbbá számos társadalmi kulturális egyesület vezetőségi és pártoló tagja. A városházán mint ügyosztályi referens tevékenykedett. Tárcákat és elbeszéléseket írt. <br /><strong>Irod.:</strong> Ki kicsoda ?</br></p>

<p>Ditró, 1879., † ? : nyomdász. – Apja földbirtokos volt. – Érettségizett (1896), majd Brassóban könyvkereskedése és nyomdája volt. A háború után Mv.-en városi tisztviselő, majd a városi nyomda igazgatója lett. Sokoldalú társadalmi tevékenységet fejtett ki, különösen a m. dal fejlesztése körül szerzett érdemeket: az Orsz. M. Dalosszövetség igazgatósági tagja, a Romániai Orsz. Dalszövetség hivatalos lapjának [&hellip;]</p>
