{"id":6235,"date":"2025-06-28T17:45:12","date_gmt":"2025-06-28T15:45:12","guid":{"rendered":"https:\/\/uj.adatbank.ro\/lexikon\/termek\/csiky-csaba-jeno\/"},"modified":"2025-06-28T17:45:12","modified_gmt":"2025-06-28T15:45:12","slug":"csiky-csaba-jeno","status":"publish","type":"product","link":"https:\/\/uj.adatbank.ro\/lexikon\/termek\/csiky-csaba-jeno\/","title":{"rendered":"CS\u00cdKY Csaba Jen\u0151"},"content":{"rendered":"<p>Kv., 1942. febr. 16., \u2020\u00a0Nagykanizsa, 1988. \u00e1pr. 25.?: orvos, pszichi\u00e1ter. \u2013 K\u00e1lm\u00e1n fia. \u2013 Mv.-en a Bolyai Farkas L\u00edc.-ban \u00e9retts\u00e9gizett (1959), az egyetemet a MOGYI-n v\u00e9gezte (1965); doktor\u00e1lt (1977). Az egyetem Pszichi\u00e1triai Klinik\u00e1j\u00e1n tan\u00e1rseg\u00e9d (1967\u2013), majd el\u0151ad\u00f3tan\u00e1r (1969\u2013). Nagykanizs\u00e1n (Mo.) elmegy\u00f3gy\u00e1sz f\u0151orvos (\u20131988). Kutat\u00e1si ter\u00fclete: elmebetegs\u00e9gek kezel\u00e9si m\u00f3dszerei \u00e9s korai diagnosztiz\u00e1l\u00e1s\u00e1nak lehet\u0151s\u00e9gei. K\u00f6z\u00f6lt szak- \u00e9s n\u00e9pszer\u0171s\u00edt\u0151 cikkeket a Neurologie-Psihiatrie, Revista de Medicin\u0103, Ideggy\u00f3gy\u00e1szati Szemele, A H\u00e9t, Tett \u2013ben. \u2013 <strong>F. m.:<\/strong> <strong>t\u00e1rssz.:<\/strong> Pszihi\u00e1tria Egyetemi hallgat\u00f3k sz\u00e1m\u00e1ra (Mv., 1981); A lelki jelens\u00e9gek k\u00f3rfolyamatai (Csiky K\u00e1lm\u00e1nnal; Kv., 1982); A nagykanizsai V\u00e1rosi Tan\u00e1cs K\u00f3rh\u00e1z-Rendel\u0151int\u00e9zet\u00e9nek jubileumi \u00e9vk\u00f6nyve (Nagykanizsa, 1985). <br \/><strong>Irod.:<\/strong> Ardelean, Mihai: Portret de psihiatru cu retu\u015furi obligatorii \u2013 pentru uzul intern al M. I. \/ = Ardelean, Mihai \u2013 Suciu, Dorin-Adrian: Istoria altuia \u00een ap\u0103rarea eului (Tg. M., 2009); Genersich; KKACS; MNBK; Barab\u00e1s-P\u00e9ter M.\u2013P\u00e9ter H. M.; P\u00e9terffy \u00c1. &#8211; P. P.; [R\u00e9szv\u00e9tnyilv\u00e1n\u00edt\u00e1s] (V. Z., 1988. \u00e1pr. 28.; 1988. m\u00e1j. 7.); RMIL; Tett (1. sz., 1978.; 3. sz., 1982; 4. sz., 1983.); Todea\u2013F\u00fcl\u00f6p\u2013Avram<\/br><\/p>\n","protected":false},"excerpt":{"rendered":"<p>Kv., 1942. febr. 16., \u2020\u00a0Nagykanizsa, 1988. \u00e1pr. 25.?: orvos, pszichi\u00e1ter. \u2013 K\u00e1lm\u00e1n fia. \u2013 Mv.-en a Bolyai Farkas L\u00edc.-ban \u00e9retts\u00e9gizett (1959), az egyetemet a MOGYI-n v\u00e9gezte (1965); doktor\u00e1lt (1977). Az egyetem Pszichi\u00e1triai Klinik\u00e1j\u00e1n tan\u00e1rseg\u00e9d (1967\u2013), majd el\u0151ad\u00f3tan\u00e1r (1969\u2013). Nagykanizs\u00e1n (Mo.) elmegy\u00f3gy\u00e1sz f\u0151orvos (\u20131988). Kutat\u00e1si ter\u00fclete: elmebetegs\u00e9gek kezel\u00e9si m\u00f3dszerei \u00e9s korai diagnosztiz\u00e1l\u00e1s\u00e1nak lehet\u0151s\u00e9gei. K\u00f6z\u00f6lt szak- \u00e9s [&hellip;]<\/p>\n","protected":false},"featured_media":0,"comment_status":"open","ping_status":"closed","template":"","meta":[],"product_brand":[],"product_cat":[137],"product_tag":[],"class_list":{"0":"post-6235","1":"product","2":"type-product","3":"status-publish","5":"product_cat-maros-megyei-eletrajzi-lexikon","7":"first","8":"instock","9":"shipping-taxable","10":"product-type-simple"},"_links":{"self":[{"href":"https:\/\/uj.adatbank.ro\/lexikon\/wp-json\/wp\/v2\/product\/6235","targetHints":{"allow":["GET"]}}],"collection":[{"href":"https:\/\/uj.adatbank.ro\/lexikon\/wp-json\/wp\/v2\/product"}],"about":[{"href":"https:\/\/uj.adatbank.ro\/lexikon\/wp-json\/wp\/v2\/types\/product"}],"replies":[{"embeddable":true,"href":"https:\/\/uj.adatbank.ro\/lexikon\/wp-json\/wp\/v2\/comments?post=6235"}],"wp:attachment":[{"href":"https:\/\/uj.adatbank.ro\/lexikon\/wp-json\/wp\/v2\/media?parent=6235"}],"wp:term":[{"taxonomy":"product_brand","embeddable":true,"href":"https:\/\/uj.adatbank.ro\/lexikon\/wp-json\/wp\/v2\/product_brand?post=6235"},{"taxonomy":"product_cat","embeddable":true,"href":"https:\/\/uj.adatbank.ro\/lexikon\/wp-json\/wp\/v2\/product_cat?post=6235"},{"taxonomy":"product_tag","embeddable":true,"href":"https:\/\/uj.adatbank.ro\/lexikon\/wp-json\/wp\/v2\/product_tag?post=6235"}],"curies":[{"name":"wp","href":"https:\/\/api.w.org\/{rel}","templated":true}]}}

CSÍKY Csaba Jenő

<p>Kv., 1942. febr. 16., † Nagykanizsa, 1988. ápr. 25.?: orvos, pszichiáter. – Kálmán fia. – Mv.-en a Bolyai Farkas Líc.-ban érettségizett (1959), az egyetemet a MOGYI-n végezte (1965); doktorált (1977). Az egyetem Pszichiátriai Klinikáján tanársegéd (1967–), majd előadótanár (1969–). Nagykanizsán (Mo.) elmegyógyász főorvos (–1988). Kutatási területe: elmebetegségek kezelési módszerei és korai diagnosztizálásának lehetőségei. Közölt szak- és népszerűsítő cikkeket a Neurologie-Psihiatrie, Revista de Medicină, Ideggyógyászati Szemele, A Hét, Tett –ben. – <strong>F. m.:</strong> <strong>társsz.:</strong> Pszihiátria Egyetemi hallgatók számára (Mv., 1981); A lelki jelenségek kórfolyamatai (Csiky Kálmánnal; Kv., 1982); A nagykanizsai Városi Tanács Kórház-Rendelőintézetének jubileumi évkönyve (Nagykanizsa, 1985). <br /><strong>Irod.:</strong> Ardelean, Mihai: Portret de psihiatru cu retuşuri obligatorii – pentru uzul intern al M. I. / = Ardelean, Mihai – Suciu, Dorin-Adrian: Istoria altuia în apărarea eului (Tg. M., 2009); Genersich; KKACS; MNBK; Barabás-Péter M.–Péter H. M.; Péterffy Á. &#8211; P. P.; [Részvétnyilvánítás] (V. Z., 1988. ápr. 28.; 1988. máj. 7.); RMIL; Tett (1. sz., 1978.; 3. sz., 1982; 4. sz., 1983.); Todea–Fülöp–Avram</br></p>

<p>Kv., 1942. febr. 16., † Nagykanizsa, 1988. ápr. 25.?: orvos, pszichiáter. – Kálmán fia. – Mv.-en a Bolyai Farkas Líc.-ban érettségizett (1959), az egyetemet a MOGYI-n végezte (1965); doktorált (1977). Az egyetem Pszichiátriai Klinikáján tanársegéd (1967–), majd előadótanár (1969–). Nagykanizsán (Mo.) elmegyógyász főorvos (–1988). Kutatási területe: elmebetegségek kezelési módszerei és korai diagnosztizálásának lehetőségei. Közölt szak- és [&hellip;]</p>
