{"id":6236,"date":"2025-06-28T17:45:14","date_gmt":"2025-06-28T15:45:14","guid":{"rendered":"https:\/\/uj.adatbank.ro\/lexikon\/termek\/csiky-emil-jozsef-%c2%a7-csiki-emil\/"},"modified":"2025-06-28T17:45:14","modified_gmt":"2025-06-28T15:45:14","slug":"csiky-emil-jozsef-%c2%a7-csiki-emil","status":"publish","type":"product","link":"https:\/\/uj.adatbank.ro\/lexikon\/termek\/csiky-emil-jozsef-%c2%a7-csiki-emil\/","title":{"rendered":"CS\u00cdKY Emil J\u00f3zsef, \u00a7 Csiki Emil"},"content":{"rendered":"<p>Mv., 1873., \u2020 Mv., 1949.: keresked\u0151. \u2013 \u00d6rm\u00e9ny keresked\u0151 csal\u00e1d sarja, akik 1666-t\u00f3l \u00e9ltek Erd\u00e9lyben. Feles\u00e9ge: Sal\u00e1nsky Sztako Julianna. Gyermekei: Ferenc, Emil, Emma, J\u00falia, Magda. \u2013 El\u0151bb sz\u00fcl\u0151v\u00e1ros\u00e1ban tanulta a keresked\u00e9st, majd Bp.-en k\u00e9pezte tov\u00e1bb mag\u00e1t. Mv.-en a V\u00e1rosi Keresked\u0151 T\u00e1rsulat tagja lett (1899) \u00e9s f\u0171szer- \u00e9s csemegekeresked\u00e9st nyitott. Rabl\u00f3k fosztott\u00e1k ki \u00fczlet\u00e9t (1916), lemondott a f\u0171szer szakm\u00e1r\u00f3l \u00e9s t\u00e1rsulva egy szak\u00e9rt\u0151vel vaskeresked\u00e9st nyitott. Megszervezte a v\u00e1ros borv\u00edz ell\u00e1t\u00e1s\u00e1t. Vall\u00e1sos ember volt, seg\u00edtette a r. k. egyh\u00e1zat. R\u00e9szt vett a gyulafeh\u00e9rv\u00e1ri r. k. st\u00e1tusgy\u0171l\u00e9sen, ahol gy\u0171jt\u00e9st kezdem\u00e9nyezett a teol\u00f3gia \u00e9p\u00fclet\u00e9nek fel\u00faj\u00edt\u00e1s\u00e1ra, ez\u00e9rt Majl\u00e1th p\u00fcsp\u00f6k el\u0151terjeszt\u00e9s\u00e9re XI Pius p\u00e1pa k\u00f6sz\u00f6n\u0151 levelet \u00e9s kit\u00fcntet\u00e9st k\u00fcld\u00f6tt neki a Pro Eclcesia et Pontifice eml\u00e9k\u00e9rmet (1923. dec. 24). V\u00e1lasztott k\u00e9pvisel\u0151je az Erd\u00e9lyi Egyh\u00e1zmegyei Tan\u00e1cs gy\u0171l\u00e9s\u00e9nek Ugron Andr\u00e1ssal (1924\u20131930) \u00e9s dr. Kov\u00e1csy Alberttel (1930\u20131939). A v\u00e1rosi k\u00f6zigazgat\u00e1si bizotts\u00e1g tagja (1925). A r. k. egyh\u00e1z \u00f6r\u00f6k\u00f6s tiszteletbeli egyh\u00e1ztan\u00e1csos\u00e1v\u00e1 nevezt\u00e9k ki (1939). N\u00e1la sz\u00e1llt meg J\u00f3zsef f\u0151herceg, honv\u00e9d t\u00e1bornagy, fels\u0151h\u00e1\u00e1zi tag, az MTA eln\u00f6ke (1940 \u0151sz\u00e9n). A mv.-i pl\u00e9b\u00e1ni\u00e1nak egy harangot vett. A k\u00f6z\u00e9letben \u00e9s a kat. egyh\u00e1zi \u00e9letben vezet\u0151 szerepet j\u00e1tszott. A z OMP megyei bizotts\u00e1g\u00e1nak tagja. A mv.-i MSE alap\u00edt\u00f3 tagja (1898), a Ker\u00e9kp\u00e1regylet egyik megalap\u00edt\u00f3ja, alkapit\u00e1nya. Rad\u00f3 S\u00e1ndor \u00e9p\u00edt\u00e9szm\u00e9rn\u00f6k \u00e1ltal tervezett, U alak\u00fa, k\u00e9temeletes szecszzi\u00f3s st\u00edlusban \u00e9p\u00edtetett h\u00e1zat (1911), a m\u00e1sodik emeletet Bern\u00e1dy Gy\u00f6rgy polg\u00e1rmeser k\u00e9r\u00e9s\u00e9re h\u00fazt\u00e1k fel. H\u00e1za Mv.-en \u201eB\u201d kateg\u00f3ri\u00e1s m\u0171eml\u00e9k (P\u0163a. Victoriei \/ Gy\u0151zelem t\u00e9r 32. sz.). Amikor h\u00e1z\u00e1t elvett\u00e9k (1947), 4 nap m\u00falva meghalt. <br \/><strong>Irod.:<\/strong> Id\u0151t\u00e1r 3; Illy\u00e9s; Kl\u00f3sz-Tolok\u00e1n; Man: Tg. M. 2.; Maros-k\u00fck\u00fcll\u0151i f\u0151esp; Mezei Sarolta: Ars Sacra fesztiv\u00e1l Csiky csal\u00e1dra eml\u00e9keztek (N\u00fa., 2022. szept. 28.); Mv.-i \u00f6rm\u00e9nyek; Nurids\u00e1ny Tibor: 100 \u00e9ve alakult meg a Mv.-i Sport Egylet \u2013 MSE (N\u00fa., 1998. jan. 16); \u00d6kr\u00f6s; Sipos; Szentgy\u00f6rgyi; Valori mure\u015fene de patrimoniu<\/br><\/p>\n","protected":false},"excerpt":{"rendered":"<p>Mv., 1873., \u2020 Mv., 1949.: keresked\u0151. \u2013 \u00d6rm\u00e9ny keresked\u0151 csal\u00e1d sarja, akik 1666-t\u00f3l \u00e9ltek Erd\u00e9lyben. Feles\u00e9ge: Sal\u00e1nsky Sztako Julianna. Gyermekei: Ferenc, Emil, Emma, J\u00falia, Magda. \u2013 El\u0151bb sz\u00fcl\u0151v\u00e1ros\u00e1ban tanulta a keresked\u00e9st, majd Bp.-en k\u00e9pezte tov\u00e1bb mag\u00e1t. Mv.-en a V\u00e1rosi Keresked\u0151 T\u00e1rsulat tagja lett (1899) \u00e9s f\u0171szer- \u00e9s csemegekeresked\u00e9st nyitott. Rabl\u00f3k fosztott\u00e1k ki \u00fczlet\u00e9t (1916), lemondott [&hellip;]<\/p>\n","protected":false},"featured_media":0,"comment_status":"open","ping_status":"closed","template":"","meta":[],"product_brand":[],"product_cat":[137],"product_tag":[],"class_list":{"0":"post-6236","1":"product","2":"type-product","3":"status-publish","5":"product_cat-maros-megyei-eletrajzi-lexikon","7":"first","8":"instock","9":"shipping-taxable","10":"product-type-simple"},"_links":{"self":[{"href":"https:\/\/uj.adatbank.ro\/lexikon\/wp-json\/wp\/v2\/product\/6236","targetHints":{"allow":["GET"]}}],"collection":[{"href":"https:\/\/uj.adatbank.ro\/lexikon\/wp-json\/wp\/v2\/product"}],"about":[{"href":"https:\/\/uj.adatbank.ro\/lexikon\/wp-json\/wp\/v2\/types\/product"}],"replies":[{"embeddable":true,"href":"https:\/\/uj.adatbank.ro\/lexikon\/wp-json\/wp\/v2\/comments?post=6236"}],"wp:attachment":[{"href":"https:\/\/uj.adatbank.ro\/lexikon\/wp-json\/wp\/v2\/media?parent=6236"}],"wp:term":[{"taxonomy":"product_brand","embeddable":true,"href":"https:\/\/uj.adatbank.ro\/lexikon\/wp-json\/wp\/v2\/product_brand?post=6236"},{"taxonomy":"product_cat","embeddable":true,"href":"https:\/\/uj.adatbank.ro\/lexikon\/wp-json\/wp\/v2\/product_cat?post=6236"},{"taxonomy":"product_tag","embeddable":true,"href":"https:\/\/uj.adatbank.ro\/lexikon\/wp-json\/wp\/v2\/product_tag?post=6236"}],"curies":[{"name":"wp","href":"https:\/\/api.w.org\/{rel}","templated":true}]}}

CSÍKY Emil József, § Csiki Emil

<p>Mv., 1873., † Mv., 1949.: kereskedő. – Örmény kereskedő család sarja, akik 1666-tól éltek Erdélyben. Felesége: Salánsky Sztako Julianna. Gyermekei: Ferenc, Emil, Emma, Júlia, Magda. – Előbb szülővárosában tanulta a kereskedést, majd Bp.-en képezte tovább magát. Mv.-en a Városi Kereskedő Társulat tagja lett (1899) és fűszer- és csemegekereskedést nyitott. Rablók fosztották ki üzletét (1916), lemondott a fűszer szakmáról és társulva egy szakértővel vaskereskedést nyitott. Megszervezte a város borvíz ellátását. Vallásos ember volt, segítette a r. k. egyházat. Részt vett a gyulafehérvári r. k. státusgyűlésen, ahol gyűjtést kezdeményezett a teológia épületének felújítására, ezért Majláth püspök előterjesztésére XI Pius pápa köszönő levelet és kitüntetést küldött neki a Pro Eclcesia et Pontifice emlékérmet (1923. dec. 24). Választott képviselője az Erdélyi Egyházmegyei Tanács gyűlésének Ugron Andrással (1924–1930) és dr. Kovácsy Alberttel (1930–1939). A városi közigazgatási bizottság tagja (1925). A r. k. egyház örökös tiszteletbeli egyháztanácsosává nevezték ki (1939). Nála szállt meg József főherceg, honvéd tábornagy, felsőháázi tag, az MTA elnöke (1940 őszén). A mv.-i plébániának egy harangot vett. A közéletben és a kat. egyházi életben vezető szerepet játszott. A z OMP megyei bizottságának tagja. A mv.-i MSE alapító tagja (1898), a Kerékpáregylet egyik megalapítója, alkapitánya. Radó Sándor építészmérnök által tervezett, U alakú, kétemeletes szecszziós stílusban építetett házat (1911), a második emeletet Bernády György polgármeser kérésére húzták fel. Háza Mv.-en „B” kategóriás műemlék (Pţa. Victoriei / Győzelem tér 32. sz.). Amikor házát elvették (1947), 4 nap múlva meghalt. <br /><strong>Irod.:</strong> Időtár 3; Illyés; Klósz-Tolokán; Man: Tg. M. 2.; Maros-küküllői főesp; Mezei Sarolta: Ars Sacra fesztivál Csiky családra emlékeztek (Nú., 2022. szept. 28.); Mv.-i örmények; Nuridsány Tibor: 100 éve alakult meg a Mv.-i Sport Egylet – MSE (Nú., 1998. jan. 16); Ökrös; Sipos; Szentgyörgyi; Valori mureşene de patrimoniu</br></p>

<p>Mv., 1873., † Mv., 1949.: kereskedő. – Örmény kereskedő család sarja, akik 1666-tól éltek Erdélyben. Felesége: Salánsky Sztako Julianna. Gyermekei: Ferenc, Emil, Emma, Júlia, Magda. – Előbb szülővárosában tanulta a kereskedést, majd Bp.-en képezte tovább magát. Mv.-en a Városi Kereskedő Társulat tagja lett (1899) és fűszer- és csemegekereskedést nyitott. Rablók fosztották ki üzletét (1916), lemondott [&hellip;]</p>
