{"id":6237,"date":"2025-06-28T17:45:18","date_gmt":"2025-06-28T15:45:18","guid":{"rendered":"https:\/\/uj.adatbank.ro\/lexikon\/termek\/csiky-emil-karoly-%c2%a7\/"},"modified":"2025-06-28T17:45:18","modified_gmt":"2025-06-28T15:45:18","slug":"csiky-emil-karoly-%c2%a7","status":"publish","type":"product","link":"https:\/\/uj.adatbank.ro\/lexikon\/termek\/csiky-emil-karoly-%c2%a7\/","title":{"rendered":"CS\u00cdKY Emil\u00a0K\u00e1roly, \u00a7"},"content":{"rendered":"<p>Mv., 1914. okt. 30., \u2020 Mv., 1988. jan. 12.: vas- \u00e9s f\u00e9mkeresked\u0151, rakt\u00e1rnok, numizmata. \u2013 Cs. Emil, vaskeresked\u0151 \u00e9s Sal\u00e1nsky Sztako Julianna fia. Feles\u00e9ge: S\u00e1rossy Erzs\u00e9bet. \u2013 A mv.-i r. k. fi\u00fagimn. tanul\u00f3ja volt (1920\u201328), majd a vasiparban szerzett szaktud\u00e1st \u00e9s mint keresked\u0151 \u00f6n\u00e1ll\u00f3 lett (1939\u201349. okt. 1.-ig), az \u00e1llamos\u00edt\u00e1s ut\u00e1n rakt\u00e1rnok nyugd\u00edjaz\u00e1s\u00e1ig (1949\u201372). A Kolping R. k. leg\u00e9nyegylet tagja volt (1930\u201344). A m. p\u00e9nzt\u00f6rt\u00e9net kutat\u00f3ja, tagja a m. (1941\u201388) \u00e9s a rom\u00e1n (1963\u201388) Numizmatikai T\u00e1rsas\u00e1gnak, szakmai levelez\u00e9st folytatott k\u00fcl\u00f6nb\u00f6z\u0151 numizmatikai t\u00e1rsas\u00e1gokkal \u00e9s szakemberekkel. \u2013 F. ki\u00e1ll\u00edt.: Mv. (1970), Segesv\u00e1r, Erzs\u00e9betv\u00e1ros (1971). \u2013 <strong>F. m.:<\/strong> A magyar p\u00e9nzek verdehelyei t\u00f6rt\u00e9nelm\u00fcnkben (Szeged, 1987); \u00c9remgy\u0171jt\u0151k k\u00f6nyve (Buk., 1988). <br \/><strong>Irod.:<\/strong> Bern\u00e1dy; Kusz\u00e1lik; Sz\u00e9kelyf\u00f6ld \u00ed. k.; Tolok\u00e1n M\u00e1rton: \u00c9remgy\u0171jt\u0151k k\u00f6nyve (V. Z., 1989. febr. 26.)<\/br><\/p>\n","protected":false},"excerpt":{"rendered":"<p>Mv., 1914. okt. 30., \u2020 Mv., 1988. jan. 12.: vas- \u00e9s f\u00e9mkeresked\u0151, rakt\u00e1rnok, numizmata. \u2013 Cs. Emil, vaskeresked\u0151 \u00e9s Sal\u00e1nsky Sztako Julianna fia. Feles\u00e9ge: S\u00e1rossy Erzs\u00e9bet. \u2013 A mv.-i r. k. fi\u00fagimn. tanul\u00f3ja volt (1920\u201328), majd a vasiparban szerzett szaktud\u00e1st \u00e9s mint keresked\u0151 \u00f6n\u00e1ll\u00f3 lett (1939\u201349. okt. 1.-ig), az \u00e1llamos\u00edt\u00e1s ut\u00e1n rakt\u00e1rnok nyugd\u00edjaz\u00e1s\u00e1ig (1949\u201372). A [&hellip;]<\/p>\n","protected":false},"featured_media":0,"comment_status":"open","ping_status":"closed","template":"","meta":[],"product_brand":[],"product_cat":[137],"product_tag":[],"class_list":{"0":"post-6237","1":"product","2":"type-product","3":"status-publish","5":"product_cat-maros-megyei-eletrajzi-lexikon","7":"first","8":"instock","9":"shipping-taxable","10":"product-type-simple"},"_links":{"self":[{"href":"https:\/\/uj.adatbank.ro\/lexikon\/wp-json\/wp\/v2\/product\/6237","targetHints":{"allow":["GET"]}}],"collection":[{"href":"https:\/\/uj.adatbank.ro\/lexikon\/wp-json\/wp\/v2\/product"}],"about":[{"href":"https:\/\/uj.adatbank.ro\/lexikon\/wp-json\/wp\/v2\/types\/product"}],"replies":[{"embeddable":true,"href":"https:\/\/uj.adatbank.ro\/lexikon\/wp-json\/wp\/v2\/comments?post=6237"}],"wp:attachment":[{"href":"https:\/\/uj.adatbank.ro\/lexikon\/wp-json\/wp\/v2\/media?parent=6237"}],"wp:term":[{"taxonomy":"product_brand","embeddable":true,"href":"https:\/\/uj.adatbank.ro\/lexikon\/wp-json\/wp\/v2\/product_brand?post=6237"},{"taxonomy":"product_cat","embeddable":true,"href":"https:\/\/uj.adatbank.ro\/lexikon\/wp-json\/wp\/v2\/product_cat?post=6237"},{"taxonomy":"product_tag","embeddable":true,"href":"https:\/\/uj.adatbank.ro\/lexikon\/wp-json\/wp\/v2\/product_tag?post=6237"}],"curies":[{"name":"wp","href":"https:\/\/api.w.org\/{rel}","templated":true}]}}

CSÍKY Emil Károly, §

<p>Mv., 1914. okt. 30., † Mv., 1988. jan. 12.: vas- és fémkereskedő, raktárnok, numizmata. – Cs. Emil, vaskereskedő és Salánsky Sztako Julianna fia. Felesége: Sárossy Erzsébet. – A mv.-i r. k. fiúgimn. tanulója volt (1920–28), majd a vasiparban szerzett szaktudást és mint kereskedő önálló lett (1939–49. okt. 1.-ig), az államosítás után raktárnok nyugdíjazásáig (1949–72). A Kolping R. k. legényegylet tagja volt (1930–44). A m. pénztörténet kutatója, tagja a m. (1941–88) és a román (1963–88) Numizmatikai Társaságnak, szakmai levelezést folytatott különböző numizmatikai társaságokkal és szakemberekkel. – F. kiállít.: Mv. (1970), Segesvár, Erzsébetváros (1971). – <strong>F. m.:</strong> A magyar pénzek verdehelyei történelmünkben (Szeged, 1987); Éremgyűjtők könyve (Buk., 1988). <br /><strong>Irod.:</strong> Bernády; Kuszálik; Székelyföld í. k.; Tolokán Márton: Éremgyűjtők könyve (V. Z., 1989. febr. 26.)</br></p>

<p>Mv., 1914. okt. 30., † Mv., 1988. jan. 12.: vas- és fémkereskedő, raktárnok, numizmata. – Cs. Emil, vaskereskedő és Salánsky Sztako Julianna fia. Felesége: Sárossy Erzsébet. – A mv.-i r. k. fiúgimn. tanulója volt (1920–28), majd a vasiparban szerzett szaktudást és mint kereskedő önálló lett (1939–49. okt. 1.-ig), az államosítás után raktárnok nyugdíjazásáig (1949–72). A [&hellip;]</p>
