{"id":6242,"date":"2025-06-28T17:45:26","date_gmt":"2025-06-28T15:45:26","guid":{"rendered":"https:\/\/uj.adatbank.ro\/lexikon\/termek\/csiky-istvan-2\/"},"modified":"2025-06-28T17:45:26","modified_gmt":"2025-06-28T15:45:26","slug":"csiky-istvan-2","status":"publish","type":"product","link":"https:\/\/uj.adatbank.ro\/lexikon\/termek\/csiky-istvan-2\/","title":{"rendered":"CS\u00cdKY Istv\u00e1n"},"content":{"rendered":"<p>K\u00fck\u00fcll\u0151domb\u00f3, 1871., \u2020\u00a0? : tan\u00e1r. \u2013 A k\u00f6z\u00e9piskol\u00e1t Kv.-on, a rajztan\u00e1rk\u00e9pz\u0151t Bp.-en v\u00e9gezte (1896). Tan\u00e1r a sz\u00e9kelykereszt\u00fari Unit. Gim.-ban (1896\u20131902), a modori tan\u00edt\u00f3k\u00e9pz\u0151-ben (1905\u2013), M\u00e1ramarosszigeten (1918), Nyiregyh\u00e1z\u00e1n (1919), P\u00e1p\u00e1n (1927\u201336). Tanulm\u00e1ny\u00e1val p\u00e1lyad\u00edjat nyert. \u2013 <strong>F. m.:<\/strong> A modern rajztan\u00edt\u00e1s illusztr\u00e1lt tanmenete osztott r\u00e9szben osztott \u00e9s osztatlan elemi iskol\u00e1k sz\u00e1m\u00e1ra. <br \/><strong>Irod.:<\/strong> Guly\u00e1s<\/br><\/p>\n","protected":false},"excerpt":{"rendered":"<p>K\u00fck\u00fcll\u0151domb\u00f3, 1871., \u2020\u00a0? : tan\u00e1r. \u2013 A k\u00f6z\u00e9piskol\u00e1t Kv.-on, a rajztan\u00e1rk\u00e9pz\u0151t Bp.-en v\u00e9gezte (1896). Tan\u00e1r a sz\u00e9kelykereszt\u00fari Unit. Gim.-ban (1896\u20131902), a modori tan\u00edt\u00f3k\u00e9pz\u0151-ben (1905\u2013), M\u00e1ramarosszigeten (1918), Nyiregyh\u00e1z\u00e1n (1919), P\u00e1p\u00e1n (1927\u201336). Tanulm\u00e1ny\u00e1val p\u00e1lyad\u00edjat nyert. \u2013 F. m.: A modern rajztan\u00edt\u00e1s illusztr\u00e1lt tanmenete osztott r\u00e9szben osztott \u00e9s osztatlan elemi iskol\u00e1k sz\u00e1m\u00e1ra. Irod.: Guly\u00e1s<\/p>\n","protected":false},"featured_media":0,"comment_status":"open","ping_status":"closed","template":"","meta":[],"product_brand":[],"product_cat":[137],"product_tag":[],"class_list":{"0":"post-6242","1":"product","2":"type-product","3":"status-publish","5":"product_cat-maros-megyei-eletrajzi-lexikon","7":"first","8":"instock","9":"shipping-taxable","10":"product-type-simple"},"_links":{"self":[{"href":"https:\/\/uj.adatbank.ro\/lexikon\/wp-json\/wp\/v2\/product\/6242","targetHints":{"allow":["GET"]}}],"collection":[{"href":"https:\/\/uj.adatbank.ro\/lexikon\/wp-json\/wp\/v2\/product"}],"about":[{"href":"https:\/\/uj.adatbank.ro\/lexikon\/wp-json\/wp\/v2\/types\/product"}],"replies":[{"embeddable":true,"href":"https:\/\/uj.adatbank.ro\/lexikon\/wp-json\/wp\/v2\/comments?post=6242"}],"wp:attachment":[{"href":"https:\/\/uj.adatbank.ro\/lexikon\/wp-json\/wp\/v2\/media?parent=6242"}],"wp:term":[{"taxonomy":"product_brand","embeddable":true,"href":"https:\/\/uj.adatbank.ro\/lexikon\/wp-json\/wp\/v2\/product_brand?post=6242"},{"taxonomy":"product_cat","embeddable":true,"href":"https:\/\/uj.adatbank.ro\/lexikon\/wp-json\/wp\/v2\/product_cat?post=6242"},{"taxonomy":"product_tag","embeddable":true,"href":"https:\/\/uj.adatbank.ro\/lexikon\/wp-json\/wp\/v2\/product_tag?post=6242"}],"curies":[{"name":"wp","href":"https:\/\/api.w.org\/{rel}","templated":true}]}}

CSÍKY István

<p>Küküllődombó, 1871., † ? : tanár. – A középiskolát Kv.-on, a rajztanárképzőt Bp.-en végezte (1896). Tanár a székelykeresztúri Unit. Gim.-ban (1896–1902), a modori tanítóképző-ben (1905–), Máramarosszigeten (1918), Nyiregyházán (1919), Pápán (1927–36). Tanulmányával pályadíjat nyert. – <strong>F. m.:</strong> A modern rajztanítás illusztrált tanmenete osztott részben osztott és osztatlan elemi iskolák számára. <br /><strong>Irod.:</strong> Gulyás</br></p>

<p>Küküllődombó, 1871., † ? : tanár. – A középiskolát Kv.-on, a rajztanárképzőt Bp.-en végezte (1896). Tanár a székelykeresztúri Unit. Gim.-ban (1896–1902), a modori tanítóképző-ben (1905–), Máramarosszigeten (1918), Nyiregyházán (1919), Pápán (1927–36). Tanulmányával pályadíjat nyert. – F. m.: A modern rajztanítás illusztrált tanmenete osztott részben osztott és osztatlan elemi iskolák számára. Irod.: Gulyás</p>
