{"id":6247,"date":"2025-06-28T17:45:34","date_gmt":"2025-06-28T15:45:34","guid":{"rendered":"https:\/\/uj.adatbank.ro\/lexikon\/termek\/csiky-janos-2\/"},"modified":"2025-06-28T17:45:34","modified_gmt":"2025-06-28T15:45:34","slug":"csiky-janos-2","status":"publish","type":"product","link":"https:\/\/uj.adatbank.ro\/lexikon\/termek\/csiky-janos-2\/","title":{"rendered":"CS\u00cdKY J\u00e1nos"},"content":{"rendered":"<p>Disznaj\u00f3, 1888. m\u00e1rc. 28., \u2020 1950 k\u00f6r\u00fcl.: sz\u00e1zados. \u2013 Cs\u00edky K\u00e1roly disznaj\u00f3i ref. pap fia. \u2013 Sopronban \u00e9retts\u00e9gizett, majd Ludovik\u00e1t v\u00e9gzett. R\u00e9szt vett az els\u0151 vh.-ban (1914. aug. \u2013 1918. okt. 31.), sz\u00e1zadosk\u00e9nt szerelt le. Majd sz\u00e1zados a Sz\u00e9kely Hadoszt\u00e1lyn\u00e1l, fogolyk\u00e9nt intern\u00e1lt\u00e1k Brass\u00f3ban ill. Disznaj\u00f3n (1919\u201320). Magyaro.-ra t\u00e1vozott, Zalaegerszegen \u00e9lt, mint testnevel\u0151. \u2013 <strong>F. m.:<\/strong> A falu eg\u00e9szs\u00e9gv\u00e9delme (Mv., 1936); Az anya eg\u00e9szs\u00e9ge \u00e9s a gyermek\u00e1ld\u00e1s (Mv., 1939); Adatok a gyergy\u00f3i n\u00e9p t\u00e1pl\u00e1lkoz\u00e1s\u00e1hoz (Cluj-Kv., 1939). <br \/><strong>Irod.:<\/strong> Genersich; <\/br><\/p>\n","protected":false},"excerpt":{"rendered":"<p>Disznaj\u00f3, 1888. m\u00e1rc. 28., \u2020 1950 k\u00f6r\u00fcl.: sz\u00e1zados. \u2013 Cs\u00edky K\u00e1roly disznaj\u00f3i ref. pap fia. \u2013 Sopronban \u00e9retts\u00e9gizett, majd Ludovik\u00e1t v\u00e9gzett. R\u00e9szt vett az els\u0151 vh.-ban (1914. aug. \u2013 1918. okt. 31.), sz\u00e1zadosk\u00e9nt szerelt le. Majd sz\u00e1zados a Sz\u00e9kely Hadoszt\u00e1lyn\u00e1l, fogolyk\u00e9nt intern\u00e1lt\u00e1k Brass\u00f3ban ill. Disznaj\u00f3n (1919\u201320). Magyaro.-ra t\u00e1vozott, Zalaegerszegen \u00e9lt, mint testnevel\u0151. \u2013 F. m.: [&hellip;]<\/p>\n","protected":false},"featured_media":0,"comment_status":"open","ping_status":"closed","template":"","meta":[],"product_brand":[],"product_cat":[137],"product_tag":[],"class_list":{"0":"post-6247","1":"product","2":"type-product","3":"status-publish","5":"product_cat-maros-megyei-eletrajzi-lexikon","7":"first","8":"instock","9":"shipping-taxable","10":"product-type-simple"},"_links":{"self":[{"href":"https:\/\/uj.adatbank.ro\/lexikon\/wp-json\/wp\/v2\/product\/6247","targetHints":{"allow":["GET"]}}],"collection":[{"href":"https:\/\/uj.adatbank.ro\/lexikon\/wp-json\/wp\/v2\/product"}],"about":[{"href":"https:\/\/uj.adatbank.ro\/lexikon\/wp-json\/wp\/v2\/types\/product"}],"replies":[{"embeddable":true,"href":"https:\/\/uj.adatbank.ro\/lexikon\/wp-json\/wp\/v2\/comments?post=6247"}],"wp:attachment":[{"href":"https:\/\/uj.adatbank.ro\/lexikon\/wp-json\/wp\/v2\/media?parent=6247"}],"wp:term":[{"taxonomy":"product_brand","embeddable":true,"href":"https:\/\/uj.adatbank.ro\/lexikon\/wp-json\/wp\/v2\/product_brand?post=6247"},{"taxonomy":"product_cat","embeddable":true,"href":"https:\/\/uj.adatbank.ro\/lexikon\/wp-json\/wp\/v2\/product_cat?post=6247"},{"taxonomy":"product_tag","embeddable":true,"href":"https:\/\/uj.adatbank.ro\/lexikon\/wp-json\/wp\/v2\/product_tag?post=6247"}],"curies":[{"name":"wp","href":"https:\/\/api.w.org\/{rel}","templated":true}]}}

CSÍKY János

<p>Disznajó, 1888. márc. 28., † 1950 körül.: százados. – Csíky Károly disznajói ref. pap fia. – Sopronban érettségizett, majd Ludovikát végzett. Részt vett az első vh.-ban (1914. aug. – 1918. okt. 31.), századosként szerelt le. Majd százados a Székely Hadosztálynál, fogolyként internálták Brassóban ill. Disznajón (1919–20). Magyaro.-ra távozott, Zalaegerszegen élt, mint testnevelő. – <strong>F. m.:</strong> A falu egészségvédelme (Mv., 1936); Az anya egészsége és a gyermekáldás (Mv., 1939); Adatok a gyergyói nép táplálkozásához (Cluj-Kv., 1939). <br /><strong>Irod.:</strong> Genersich; </br></p>

<p>Disznajó, 1888. márc. 28., † 1950 körül.: százados. – Csíky Károly disznajói ref. pap fia. – Sopronban érettségizett, majd Ludovikát végzett. Részt vett az első vh.-ban (1914. aug. – 1918. okt. 31.), századosként szerelt le. Majd százados a Székely Hadosztálynál, fogolyként internálták Brassóban ill. Disznajón (1919–20). Magyaro.-ra távozott, Zalaegerszegen élt, mint testnevelő. – F. m.: [&hellip;]</p>
