{"id":6248,"date":"2025-06-28T17:45:35","date_gmt":"2025-06-28T15:45:35","guid":{"rendered":"https:\/\/uj.adatbank.ro\/lexikon\/termek\/csiky-jozsef-%c2%a7\/"},"modified":"2025-06-28T17:45:35","modified_gmt":"2025-06-28T15:45:35","slug":"csiky-jozsef-%c2%a7","status":"publish","type":"product","link":"https:\/\/uj.adatbank.ro\/lexikon\/termek\/csiky-jozsef-%c2%a7\/","title":{"rendered":"CS\u00cdKY J\u00f3zsef, \u00a7"},"content":{"rendered":"<p>Kv., 1907.?, \u2020 Mv., 1953. \u00e1pr. 15.: ref. lelk\u00e9sz. \u2013 Cs. L\u00e1szl\u00f3, k\u00f6zjegyz\u0151 \u00e9s Ferencz Anna fia. Feles\u00e9ge: Ka\u00e1li Nagy Gizella (1913. jan.?- Mv., 2006. nov. 8.). Gyermekeik: Cs. Boldizs\u00e1r, zeneszerz\u0151 (1937\u2013); Borb\u00e1la Szalman L\u00f3r\u00e1ndn\u00e9 (1942\u2013). \u2013 Kv.-on v\u00e9gezte a ref. teol\u00f3gi\u00e1t, felszentelt\u00e9k (1933) majd P\u00e1rizsban tanult (1930\u201331). Vizakn\u00e1ra ker\u00fcltlelk\u00e9sznek, majd Mv.-en vall\u00e1stan\u00e1r (1936. szept. \u2013 1939). T\u00f3tfalussy J\u00f3zsef hal\u00e1la ut\u00e1n a V\u00e1rtemplom lelk\u00e9sze lett (1939 h\u00fasv\u00e9t ut\u00e1ni vas\u00e1rnap \u2013 1953), egyh\u00e1zmegyei eln\u00f6k Mv.-en. Legf\u0151bb tev\u00e9kenys\u00e9ge h\u00edvei \u00f6sszefog\u00e1sa, a csal\u00e1dl\u00e1togat\u00e1s volt. Sokat foglalkozott a fiatalokkal, az Ifj\u00fas\u00e1gi Kereszt\u00e9ny Egyes\u00fclet IKE megalap\u00edt\u00f3ja, vezet\u0151je, a Dalk\u00f6r karnagya (1938- ? ). Szolg\u00e1lat\u00e1nak 23. \u00e9v\u00e9ben hunyt el. <br \/><strong>Irod.:<\/strong> Cs\u00e1ky; Id\u0151t\u00e1r 3; Ny\u00e1r\u00e1dszentbenedek; Sipos; V\u00e1rtemplomi lelk\u00e9szek n\u00e9vsora, 1571\u20132000 (\u00daj Kezdet, 2. sz., 2000)<\/br><\/p>\n","protected":false},"excerpt":{"rendered":"<p>Kv., 1907.?, \u2020 Mv., 1953. \u00e1pr. 15.: ref. lelk\u00e9sz. \u2013 Cs. L\u00e1szl\u00f3, k\u00f6zjegyz\u0151 \u00e9s Ferencz Anna fia. Feles\u00e9ge: Ka\u00e1li Nagy Gizella (1913. jan.?- Mv., 2006. nov. 8.). Gyermekeik: Cs. Boldizs\u00e1r, zeneszerz\u0151 (1937\u2013); Borb\u00e1la Szalman L\u00f3r\u00e1ndn\u00e9 (1942\u2013). \u2013 Kv.-on v\u00e9gezte a ref. teol\u00f3gi\u00e1t, felszentelt\u00e9k (1933) majd P\u00e1rizsban tanult (1930\u201331). Vizakn\u00e1ra ker\u00fcltlelk\u00e9sznek, majd Mv.-en vall\u00e1stan\u00e1r (1936. szept. [&hellip;]<\/p>\n","protected":false},"featured_media":0,"comment_status":"open","ping_status":"closed","template":"","meta":[],"product_brand":[],"product_cat":[137],"product_tag":[],"class_list":{"0":"post-6248","1":"product","2":"type-product","3":"status-publish","5":"product_cat-maros-megyei-eletrajzi-lexikon","7":"first","8":"instock","9":"shipping-taxable","10":"product-type-simple"},"_links":{"self":[{"href":"https:\/\/uj.adatbank.ro\/lexikon\/wp-json\/wp\/v2\/product\/6248","targetHints":{"allow":["GET"]}}],"collection":[{"href":"https:\/\/uj.adatbank.ro\/lexikon\/wp-json\/wp\/v2\/product"}],"about":[{"href":"https:\/\/uj.adatbank.ro\/lexikon\/wp-json\/wp\/v2\/types\/product"}],"replies":[{"embeddable":true,"href":"https:\/\/uj.adatbank.ro\/lexikon\/wp-json\/wp\/v2\/comments?post=6248"}],"wp:attachment":[{"href":"https:\/\/uj.adatbank.ro\/lexikon\/wp-json\/wp\/v2\/media?parent=6248"}],"wp:term":[{"taxonomy":"product_brand","embeddable":true,"href":"https:\/\/uj.adatbank.ro\/lexikon\/wp-json\/wp\/v2\/product_brand?post=6248"},{"taxonomy":"product_cat","embeddable":true,"href":"https:\/\/uj.adatbank.ro\/lexikon\/wp-json\/wp\/v2\/product_cat?post=6248"},{"taxonomy":"product_tag","embeddable":true,"href":"https:\/\/uj.adatbank.ro\/lexikon\/wp-json\/wp\/v2\/product_tag?post=6248"}],"curies":[{"name":"wp","href":"https:\/\/api.w.org\/{rel}","templated":true}]}}

CSÍKY József, §

<p>Kv., 1907.?, † Mv., 1953. ápr. 15.: ref. lelkész. – Cs. László, közjegyző és Ferencz Anna fia. Felesége: Kaáli Nagy Gizella (1913. jan.?- Mv., 2006. nov. 8.). Gyermekeik: Cs. Boldizsár, zeneszerző (1937–); Borbála Szalman Lórándné (1942–). – Kv.-on végezte a ref. teológiát, felszentelték (1933) majd Párizsban tanult (1930–31). Vizaknára kerültlelkésznek, majd Mv.-en vallástanár (1936. szept. – 1939). Tótfalussy József halála után a Vártemplom lelkésze lett (1939 húsvét utáni vasárnap – 1953), egyházmegyei elnök Mv.-en. Legfőbb tevékenysége hívei összefogása, a családlátogatás volt. Sokat foglalkozott a fiatalokkal, az Ifjúsági Keresztény Egyesület IKE megalapítója, vezetője, a Dalkör karnagya (1938- ? ). Szolgálatának 23. évében hunyt el. <br /><strong>Irod.:</strong> Csáky; Időtár 3; Nyárádszentbenedek; Sipos; Vártemplomi lelkészek névsora, 1571–2000 (Új Kezdet, 2. sz., 2000)</br></p>

<p>Kv., 1907.?, † Mv., 1953. ápr. 15.: ref. lelkész. – Cs. László, közjegyző és Ferencz Anna fia. Felesége: Kaáli Nagy Gizella (1913. jan.?- Mv., 2006. nov. 8.). Gyermekeik: Cs. Boldizsár, zeneszerző (1937–); Borbála Szalman Lórándné (1942–). – Kv.-on végezte a ref. teológiát, felszentelték (1933) majd Párizsban tanult (1930–31). Vizaknára kerültlelkésznek, majd Mv.-en vallástanár (1936. szept. [&hellip;]</p>
