{"id":6249,"date":"2025-06-28T17:45:37","date_gmt":"2025-06-28T15:45:37","guid":{"rendered":"https:\/\/uj.adatbank.ro\/lexikon\/termek\/csiky-jozsef-csiki-jozsef\/"},"modified":"2025-06-28T17:45:37","modified_gmt":"2025-06-28T15:45:37","slug":"csiky-jozsef-csiki-jozsef","status":"publish","type":"product","link":"https:\/\/uj.adatbank.ro\/lexikon\/termek\/csiky-jozsef-csiki-jozsef\/","title":{"rendered":"CS\u00cdKY J\u00f3zsef, Cs\u00edki J\u00f3zsef"},"content":{"rendered":"<p>Mv., 1881. nov. 13., \u2020\u00a0Debrecen, 1929. jan. 26.: orvos, belgy\u00f3gy\u00e1sz, egyetemi tan\u00e1r. \u2013 Apja orvosdoktor. \u2013 El\u0151tanulm\u00e1nyait Ny\u00edregyh\u00e1z\u00e1n v\u00e9gezte Az egyetemet: B\u00e9csben (1899), Berlinben (1903) \u00e9s Bp.-en orvo\u00adsi oklevelet szerzett (1904). A bp.-i egyetem 2. sz. belklinik\u00e1j\u00e1n (1904\u201306 \u00e9s 1908\u201312) gyakornok, tan\u00e1rseg\u00e9d, k\u00f6zben haj\u00f3orvos volt az USA-ban (1906\u201308), Schordann-\u00f6szt\u00f6nd\u00edjjal a breslaui \u00e9s a p\u00e1rizsi egy.-en tanult (1908\u201309). Az I. vh. idej\u00e9n a gal\u00edciai fronton t\u00e1bori orvos (1914), majd a bp.-i hely\u0151rs\u00e9gi k\u00f3rh\u00e1zban honv\u00e9d f\u0151orvos. A bp.-i egy.-en az isi\u00e1sz, ideg-, k\u00f3r- \u00e9s gy\u00f3gytan c. t\u00e1rgyk\u00f6r mag\u00e1ntan\u00e1ra (1916\u201321). Hal\u00e1l\u00e1ig a debreceni Tisza Istv\u00e1n Egy.-en a Belgy\u00f3gy\u00e1szati Klinika ny. r., igazgat\u00f3ja (1921\u201329). Az idegbetegs\u00e9gek k\u00f3rtan\u00e1val, az isi\u00e1sz, az asztma gy\u00f3gy\u00edt\u00e1s\u00e1val, az agy daganataival foglalkozott. Nev\u00e9t \u0151rzi a tabes-megbeteged\u00e9s \u201eCsiky-t\u00fcnete\u201d. A Rockefeller-alap t\u00e1mogat\u00e1s\u00e1val v\u00e9d\u0151n\u0151\u00adk\u00e9pz\u0151 int\u00e9zetet hozott l\u00e9tre. Cikkeit k\u00f6z\u00f6lte a Bp.-i Orvosi \u00dajs\u00e1g, Orvosi Hetilap, M. Orvosi Arch\u00edvum. \u2013 <strong>F. m.:<\/strong> <strong>t\u00e1rssz.:<\/strong> A belorvostan tank\u00f6nyve, I\u2014II. T\u00f6bbekkel (Bp., 1914; 2. jav. kiad. 1923\u20131924); Belorvosi diagnosztika. T\u00f6bbekkel (Bp., 1921; 2. jav., b\u0151v. kiad. 1926). <br \/><strong>Irod.:<\/strong> Guly\u00e1s; R\u00daL; Szab\u00f3\u2013Simon\u2013Sz\u00f6gi; Todea\u2013F\u00fcl\u00f6p\u2013Avram; \u00daIL; \u00daM\u00c9L<\/br><\/p>\n","protected":false},"excerpt":{"rendered":"<p>Mv., 1881. nov. 13., \u2020\u00a0Debrecen, 1929. jan. 26.: orvos, belgy\u00f3gy\u00e1sz, egyetemi tan\u00e1r. \u2013 Apja orvosdoktor. \u2013 El\u0151tanulm\u00e1nyait Ny\u00edregyh\u00e1z\u00e1n v\u00e9gezte Az egyetemet: B\u00e9csben (1899), Berlinben (1903) \u00e9s Bp.-en orvo\u00adsi oklevelet szerzett (1904). A bp.-i egyetem 2. sz. belklinik\u00e1j\u00e1n (1904\u201306 \u00e9s 1908\u201312) gyakornok, tan\u00e1rseg\u00e9d, k\u00f6zben haj\u00f3orvos volt az USA-ban (1906\u201308), Schordann-\u00f6szt\u00f6nd\u00edjjal a breslaui \u00e9s a p\u00e1rizsi egy.-en [&hellip;]<\/p>\n","protected":false},"featured_media":0,"comment_status":"open","ping_status":"closed","template":"","meta":[],"product_brand":[],"product_cat":[137],"product_tag":[],"class_list":{"0":"post-6249","1":"product","2":"type-product","3":"status-publish","5":"product_cat-maros-megyei-eletrajzi-lexikon","7":"first","8":"instock","9":"shipping-taxable","10":"product-type-simple"},"_links":{"self":[{"href":"https:\/\/uj.adatbank.ro\/lexikon\/wp-json\/wp\/v2\/product\/6249","targetHints":{"allow":["GET"]}}],"collection":[{"href":"https:\/\/uj.adatbank.ro\/lexikon\/wp-json\/wp\/v2\/product"}],"about":[{"href":"https:\/\/uj.adatbank.ro\/lexikon\/wp-json\/wp\/v2\/types\/product"}],"replies":[{"embeddable":true,"href":"https:\/\/uj.adatbank.ro\/lexikon\/wp-json\/wp\/v2\/comments?post=6249"}],"wp:attachment":[{"href":"https:\/\/uj.adatbank.ro\/lexikon\/wp-json\/wp\/v2\/media?parent=6249"}],"wp:term":[{"taxonomy":"product_brand","embeddable":true,"href":"https:\/\/uj.adatbank.ro\/lexikon\/wp-json\/wp\/v2\/product_brand?post=6249"},{"taxonomy":"product_cat","embeddable":true,"href":"https:\/\/uj.adatbank.ro\/lexikon\/wp-json\/wp\/v2\/product_cat?post=6249"},{"taxonomy":"product_tag","embeddable":true,"href":"https:\/\/uj.adatbank.ro\/lexikon\/wp-json\/wp\/v2\/product_tag?post=6249"}],"curies":[{"name":"wp","href":"https:\/\/api.w.org\/{rel}","templated":true}]}}

CSÍKY József, Csíki József

<p>Mv., 1881. nov. 13., † Debrecen, 1929. jan. 26.: orvos, belgyógyász, egyetemi tanár. – Apja orvosdoktor. – Előtanulmányait Nyíregyházán végezte Az egyetemet: Bécsben (1899), Berlinben (1903) és Bp.-en orvo­si oklevelet szerzett (1904). A bp.-i egyetem 2. sz. belklinikáján (1904–06 és 1908–12) gyakornok, tanársegéd, közben hajóorvos volt az USA-ban (1906–08), Schordann-ösztöndíjjal a breslaui és a párizsi egy.-en tanult (1908–09). Az I. vh. idején a galíciai fronton tábori orvos (1914), majd a bp.-i helyőrségi kórházban honvéd főorvos. A bp.-i egy.-en az isiász, ideg-, kór- és gyógytan c. tárgykör magántanára (1916–21). Haláláig a debreceni Tisza István Egy.-en a Belgyógyászati Klinika ny. r., igazgatója (1921–29). Az idegbetegségek kórtanával, az isiász, az asztma gyógyításával, az agy daganataival foglalkozott. Nevét őrzi a tabes-megbetegedés „Csiky-tünete”. A Rockefeller-alap támogatásával védőnő­képző intézetet hozott létre. Cikkeit közölte a Bp.-i Orvosi Újság, Orvosi Hetilap, M. Orvosi Archívum. – <strong>F. m.:</strong> <strong>társsz.:</strong> A belorvostan tankönyve, I—II. Többekkel (Bp., 1914; 2. jav. kiad. 1923–1924); Belorvosi diagnosztika. Többekkel (Bp., 1921; 2. jav., bőv. kiad. 1926). <br /><strong>Irod.:</strong> Gulyás; RÚL; Szabó–Simon–Szögi; Todea–Fülöp–Avram; ÚIL; ÚMÉL</br></p>

<p>Mv., 1881. nov. 13., † Debrecen, 1929. jan. 26.: orvos, belgyógyász, egyetemi tanár. – Apja orvosdoktor. – Előtanulmányait Nyíregyházán végezte Az egyetemet: Bécsben (1899), Berlinben (1903) és Bp.-en orvo­si oklevelet szerzett (1904). A bp.-i egyetem 2. sz. belklinikáján (1904–06 és 1908–12) gyakornok, tanársegéd, közben hajóorvos volt az USA-ban (1906–08), Schordann-ösztöndíjjal a breslaui és a párizsi egy.-en [&hellip;]</p>
