{"id":6251,"date":"2025-06-28T17:45:43","date_gmt":"2025-06-28T15:45:43","guid":{"rendered":"https:\/\/uj.adatbank.ro\/lexikon\/termek\/csiky-kalman-%c2%a7\/"},"modified":"2025-06-28T17:45:43","modified_gmt":"2025-06-28T15:45:43","slug":"csiky-kalman-%c2%a7","status":"publish","type":"product","link":"https:\/\/uj.adatbank.ro\/lexikon\/termek\/csiky-kalman-%c2%a7\/","title":{"rendered":"CS\u00cdKY K\u00e1lm\u00e1n, \u00a7"},"content":{"rendered":"<p>K\u00e9zdialbis, 1914. nov. 9., \u2020 Mv., 1990. m\u00e1rc. 23.: orvos, elmegy\u00f3gy\u00e1sz, egyetemi el\u0151ad\u00f3tan\u00e1r. \u2013 Feles\u00e9ge: P\u00e1ll Judit (1935\u2013), f\u0151gy\u00f3gyszer\u00e9sz. \u2013 A k\u00f6z\u00e9piskol\u00e1t K\u00e9zdiv\u00e1s\u00e1rhelyen \u00e9s Brass\u00f3ba, az egyetemet Kv.-on v\u00e9gezte. Az orvostudom\u00e1nyok doktora (1966). A Miskolczy Dezs\u0151 vezette neurol\u00f3gia \u00e9s pszichi\u00e1tria katedr\u00e1n dolgozott el\u0151bb Kv.-on majd Mv.-en\u00a0(1940\u201348). A mv.-i Neurol\u00f3giai \u00e9s Pszihi\u00e1triai Klinika vezet\u0151je (1948\u201381), egyetemi el\u0151ad\u00f3tan\u00e1r majd prof. (1966). Kutat\u00e1si ter\u00fclete: epizodikus tempor\u00e1lis pszichozisok k\u00f3rcsoportjai, kiskor\u00fa schizofr\u00e9nia. Els\u0151k\u00e9nt \u00edrta le Eur\u00f3p\u00e1ban a sz\u00fanyogcs\u00edp\u00e9s \u00e1ltal terjed\u0151 v\u00edrusos agyh\u00e1rtyagyullad\u00e1sos j\u00e1rv\u00e1nyt. Bevezette az elmegy\u00f3gy\u00e1szatban az enkephalogrammos vizsg\u00e1lati m\u00f3dszert. Tudom\u00e1nyos munk\u00e1ss\u00e1g\u00e1r\u00f3l hazai \u00e9s k\u00fclf\u00f6ldi foly\u00f3iratokban sz\u00e1molt be. <strong>Cikkei:<\/strong> Horus, Neurologia, psihiatria, neurochirurgia, De psychiatria progrediene, Revista medicala \u2013 Orvosi Szemle, A H\u00e9t, Korunk, Dolgoz\u00f3 N\u0151-ben. \u2013 <strong>F. m.:<\/strong> <strong>t\u00e1rssz.:<\/strong> Ideg- \u00e9s elmek\u00f3rtani el\u0151ad\u00e1sok (1\u20132 r\u00e9sz; Mv., 1953, 1958); Idegk\u00f3rtan (Mv., 1956); Probleme de psihiatrie (Buc., 1957); Idegk\u00f3rtan (szerk. Miskolczy Dezs\u0151vel; Buk, 1958); Pszihi\u00e1tria: (egyetemi jegyzet; Mv., 1981); A lelki jelens\u00e9gek k\u00f3rfolyamatai (Csiky Csab\u00e1val; Kv., 1982); <strong>szerk.:<\/strong> Morfologia sistemului nervos (Buc., 1957); Pszihi\u00e1tria: (egyetemi jegyzet; Mv., 1981). <br \/><strong>Irod.:<\/strong> Csekme; Dezs\u0151 Istv\u00e1n; Genersich; Id\u0151t\u00e1r 4.; Katona Szab\u00f3; KKACs; [Nekrol\u00f3g] (N\u00fa., 1990. m\u00e1rc. 27.); Nagy Lajos: \u00c9let\u00fcnk k\u00f3rt\u00f6rt\u00e9nete (Cs\u00edkszereda, 2008); Barab\u00e1s-P\u00e9ter M.\u2013P\u00e9ter H. M.; Kiss\u2013P\u00e9terffy\u2013P\u00e9terffy; RMIL; Tett (1978. 1. sz.); Todea\u2013F\u00fcl\u00f6p\u2013Avram; Viharban<\/br><\/p>\n","protected":false},"excerpt":{"rendered":"<p>K\u00e9zdialbis, 1914. nov. 9., \u2020 Mv., 1990. m\u00e1rc. 23.: orvos, elmegy\u00f3gy\u00e1sz, egyetemi el\u0151ad\u00f3tan\u00e1r. \u2013 Feles\u00e9ge: P\u00e1ll Judit (1935\u2013), f\u0151gy\u00f3gyszer\u00e9sz. \u2013 A k\u00f6z\u00e9piskol\u00e1t K\u00e9zdiv\u00e1s\u00e1rhelyen \u00e9s Brass\u00f3ba, az egyetemet Kv.-on v\u00e9gezte. Az orvostudom\u00e1nyok doktora (1966). A Miskolczy Dezs\u0151 vezette neurol\u00f3gia \u00e9s pszichi\u00e1tria katedr\u00e1n dolgozott el\u0151bb Kv.-on majd Mv.-en\u00a0(1940\u201348). A mv.-i Neurol\u00f3giai \u00e9s Pszihi\u00e1triai Klinika vezet\u0151je (1948\u201381), egyetemi [&hellip;]<\/p>\n","protected":false},"featured_media":0,"comment_status":"open","ping_status":"closed","template":"","meta":[],"product_brand":[],"product_cat":[137],"product_tag":[],"class_list":{"0":"post-6251","1":"product","2":"type-product","3":"status-publish","5":"product_cat-maros-megyei-eletrajzi-lexikon","7":"first","8":"instock","9":"shipping-taxable","10":"product-type-simple"},"_links":{"self":[{"href":"https:\/\/uj.adatbank.ro\/lexikon\/wp-json\/wp\/v2\/product\/6251","targetHints":{"allow":["GET"]}}],"collection":[{"href":"https:\/\/uj.adatbank.ro\/lexikon\/wp-json\/wp\/v2\/product"}],"about":[{"href":"https:\/\/uj.adatbank.ro\/lexikon\/wp-json\/wp\/v2\/types\/product"}],"replies":[{"embeddable":true,"href":"https:\/\/uj.adatbank.ro\/lexikon\/wp-json\/wp\/v2\/comments?post=6251"}],"wp:attachment":[{"href":"https:\/\/uj.adatbank.ro\/lexikon\/wp-json\/wp\/v2\/media?parent=6251"}],"wp:term":[{"taxonomy":"product_brand","embeddable":true,"href":"https:\/\/uj.adatbank.ro\/lexikon\/wp-json\/wp\/v2\/product_brand?post=6251"},{"taxonomy":"product_cat","embeddable":true,"href":"https:\/\/uj.adatbank.ro\/lexikon\/wp-json\/wp\/v2\/product_cat?post=6251"},{"taxonomy":"product_tag","embeddable":true,"href":"https:\/\/uj.adatbank.ro\/lexikon\/wp-json\/wp\/v2\/product_tag?post=6251"}],"curies":[{"name":"wp","href":"https:\/\/api.w.org\/{rel}","templated":true}]}}

CSÍKY Kálmán, §

<p>Kézdialbis, 1914. nov. 9., † Mv., 1990. márc. 23.: orvos, elmegyógyász, egyetemi előadótanár. – Felesége: Páll Judit (1935–), főgyógyszerész. – A középiskolát Kézdivásárhelyen és Brassóba, az egyetemet Kv.-on végezte. Az orvostudományok doktora (1966). A Miskolczy Dezső vezette neurológia és pszichiátria katedrán dolgozott előbb Kv.-on majd Mv.-en (1940–48). A mv.-i Neurológiai és Pszihiátriai Klinika vezetője (1948–81), egyetemi előadótanár majd prof. (1966). Kutatási területe: epizodikus temporális pszichozisok kórcsoportjai, kiskorú schizofrénia. Elsőként írta le Európában a szúnyogcsípés által terjedő vírusos agyhártyagyulladásos járványt. Bevezette az elmegyógyászatban az enkephalogrammos vizsgálati módszert. Tudományos munkásságáról hazai és külföldi folyóiratokban számolt be. <strong>Cikkei:</strong> Horus, Neurologia, psihiatria, neurochirurgia, De psychiatria progrediene, Revista medicala – Orvosi Szemle, A Hét, Korunk, Dolgozó Nő-ben. – <strong>F. m.:</strong> <strong>társsz.:</strong> Ideg- és elmekórtani előadások (1–2 rész; Mv., 1953, 1958); Idegkórtan (Mv., 1956); Probleme de psihiatrie (Buc., 1957); Idegkórtan (szerk. Miskolczy Dezsővel; Buk, 1958); Pszihiátria: (egyetemi jegyzet; Mv., 1981); A lelki jelenségek kórfolyamatai (Csiky Csabával; Kv., 1982); <strong>szerk.:</strong> Morfologia sistemului nervos (Buc., 1957); Pszihiátria: (egyetemi jegyzet; Mv., 1981). <br /><strong>Irod.:</strong> Csekme; Dezső István; Genersich; Időtár 4.; Katona Szabó; KKACs; [Nekrológ] (Nú., 1990. márc. 27.); Nagy Lajos: Életünk kórtörténete (Csíkszereda, 2008); Barabás-Péter M.–Péter H. M.; Kiss–Péterffy–Péterffy; RMIL; Tett (1978. 1. sz.); Todea–Fülöp–Avram; Viharban</br></p>

<p>Kézdialbis, 1914. nov. 9., † Mv., 1990. márc. 23.: orvos, elmegyógyász, egyetemi előadótanár. – Felesége: Páll Judit (1935–), főgyógyszerész. – A középiskolát Kézdivásárhelyen és Brassóba, az egyetemet Kv.-on végezte. Az orvostudományok doktora (1966). A Miskolczy Dezső vezette neurológia és pszichiátria katedrán dolgozott előbb Kv.-on majd Mv.-en (1940–48). A mv.-i Neurológiai és Pszihiátriai Klinika vezetője (1948–81), egyetemi [&hellip;]</p>
